{"id":991,"date":"2017-05-11T19:51:07","date_gmt":"2017-05-11T17:51:07","guid":{"rendered":"http:\/\/leconservatoiredujeu.fr\/?page_id=991"},"modified":"2020-06-15T13:59:17","modified_gmt":"2020-06-15T11:59:17","slug":"super-nintendo-accessoires","status":"publish","type":"page","link":"https:\/\/leconservatoiredujeu.fr\/index.php\/super-nintendo-accessoires\/","title":{"rendered":"Super nintendo &#8211; Accessoires"},"content":{"rendered":"\n<figure class=\"wp-block-image size-large\"><img decoding=\"async\" src=\"https:\/\/retrododo.com\/wp-content\/uploads\/2020\/05\/best-snes-accessories.jpg\" alt=\"\"\/><\/figure>\n\n\n\n<p><strong><u>Accessoires<\/u><\/strong><\/p>\n\n\n\n<p><strong>Super Scope<\/strong><\/p>\n\n\n\n<p>Pistolet optique de la console, en forme de bazooka, il permet en visant le moniteur de la t\u00e9l\u00e9vision de toucher des cibles qui apparaissent \u00e0 l&rsquo;\u00e9cran (voir le Zapper de la\u00a0NES). Cet accessoire \u00e9tait fourni avec une cartouche de 6 jeux. Au final, seuls 9 titres furent jouables avec.<\/p>\n\n\n\n<figure class=\"wp-block-image size-large\"><img decoding=\"async\" src=\"https:\/\/i.ytimg.com\/vi\/_K_t9K_6rWw\/maxresdefault.jpg\" alt=\"\"\/><\/figure>\n\n\n\n<p><strong>Souris<\/strong><\/p>\n\n\n\n<p>Utilis\u00e9e dans Mario Paint et quelques autres jeux comme Wonder Project J. Elle poss\u00e8de 2 boutons et est en tous points similaire \u00e0 une souris classique (fournie avec son tapis rigide).<\/p>\n\n\n\n<div class=\"wp-block-image\"><figure class=\"aligncenter size-large is-resized\"><img loading=\"lazy\" decoding=\"async\" src=\"https:\/\/upload.wikimedia.org\/wikipedia\/commons\/3\/3f\/SNES-Mouse-and-Pad.jpg\" alt=\"\" width=\"427\" height=\"239\"\/><\/figure><\/div>\n\n\n\n<p><strong>Super Game Boy<\/strong><\/p>\n\n\n\n<p>Permet de lire les jeux Game Boy classiques et d&rsquo;y jouer sur sa t\u00e9l\u00e9vision. Cet accessoire utilise une palette de couleurs restreinte mais personnalisable recolorant l&rsquo;affichage du jeu. Le Super Game Boy int\u00e9grait aussi un mini programme de dessin et quelques autres fonctionnalit\u00e9s amusantes. Une version poss\u00e9dant une prise pour le c\u00e2ble link est sorti en 1998 sous le nom de Super Game Boy 2. Celui-ci \u00e9tait bleu translucide.<\/p>\n\n\n\n<div class=\"wp-block-image\"><figure class=\"aligncenter size-large is-resized\"><img loading=\"lazy\" decoding=\"async\" src=\"https:\/\/www.k-yen-team.fr\/wp-content\/uploads\/2014\/08\/Super-gameboy-player.jpg\" alt=\"\" width=\"262\" height=\"275\"\/><\/figure><\/div>\n\n\n\n<p><strong>Adaptateurs<\/strong><\/p>\n\n\n\n<p>Il existe plusieurs adaptateurs pour\u00a0Super NES\u00a0qui permettent de jouer \u00e0 des jeux europ\u00e9ens, am\u00e9ricains et japonais sur une m\u00eame console. Certains n\u00e9cessitent l&rsquo;insertion d&rsquo;une cartouche de m\u00eame type que la console pour pouvoir \u00eatre utilis\u00e9s.<\/p>\n\n\n\n<div class=\"wp-block-image\"><figure class=\"aligncenter size-large is-resized\"><img loading=\"lazy\" decoding=\"async\" src=\"data:image\/jpeg;base64,\/9j\/4AAQSkZJRgABAQAAAQABAAD\/2wCEAAkGBxMTEhUSExMWFRUVFRUVFRcXGBcXGBUYFRUXFxUXFRgYHSggGBolHRUVITEhJSkrLi4uFx8zODMtNygtLisBCgoKDg0OGhAQGisdHR0uLS8tLS0tLy0tLS0tLSstLSstLS0tLS0tLS0rLS0tLS0tLS0tNi0tLS0tLS0tKzcrLf\/AABEIAM8A8wMBIgACEQEDEQH\/xAAcAAACAgMBAQAAAAAAAAAAAAABAgADBAYHBQj\/xABGEAABAwEDBwgGCAUDBQEAAAABAAIRAxIhMQQFQVFhcZETUoGhscHR8AYiMpLS4QcUFUJDU2KiFiMzY\/GCk8JUcqOy4uP\/xAAYAQEBAQEBAAAAAAAAAAAAAAAAAQIDBP\/EACURAQACAQQBAwUBAAAAAAAAAAABEQIDEhNRITFBYQQUIjKB8P\/aAAwDAQACEQMRAD8A7IN3nepEqRtQcNhu6+nUgBOjHt6VLO67d5CIBO3zrQN+1BLRm8iNF3fpQt6zsACk9A0CL+IULtGPd1IIQoDpEE7bkBtA7z3KWt3b8kEExgOOG5Qu3DVIntQ3X9UIEnC7ZF\/G9AbZJk3jRGJ3onb1KEbcNyQu8nUiHi5Kens\/ylIOMujUMOxEuuvunRIncioCoHzhB3KT5vQLvPgiD51odO+LkHAjYgfOPX58UDTtF6E6sddx7krjqvPHsTAb+pAADETJ1nSlF3nFSTf6xM7uAUOtAfOtKCJuv0ISg50Tr0C5Azm3CdPRKUlKG3ydA038AiTfj52ICXgDCfO1LecTpnUNyMRelO9AAdqAOxQYkkk7+5TpQFRLOxRUet0JALrw3dO3G8Jo6O0+CDg3X147NqilcZkXdRu2yEIwjR583InUOq7oSnp3E+CAkgC88dPFCdo1BAgbPBSCb7ju0ICZ13arr9pKM9HnrSnfHXwUP+NvBBJuxPnWoXbfO9G\/b1QFLPme1EI6iLtl8auFynT1FEjbvOpToMefNyCd+GP+UoABJiJ6989iIGJ13XTgoBs43IAAZMnHQpJ0nzqTNbOHnpS3ef8ACBbIabpk4zJ\/9iSiHIWb52bB2BEoA550AdOjbt3XJHCRESPDSdCfzPyUA09qBfOMpHMvkgT5w0dSsIOjHbo6ELJM3RdAvF513IBO1QXKBSwcVQHOjH5f5QG5GycTfv0DYEBOjigUskyYuw2IkiNU68T0JjcJPnxSRN6gE6vO9K8xqv0nuTvdgABxSkDFBLO0dSiYPO3h8lFB6M67tgF\/EIiBoidihG07h3rEzxXcykXNN9wnedqqss6sN0BADaFplTPD2n1qzhMxfGEeKH20f+of7xRLbpY2oOZ+q7SLoPnYtLOez+e\/3ih9tH89\/vFC26mmDB4KWdo7+K0o56\/vv94ofbf9+p7zkLhu12GlK3aIjQDPZgtJOe\/71Xi9Kc8\/3qvF6Fw3sM8\/5SubOmB2rRftj+7W\/egc8f3K3\/kQb4R0JC3Z39OxaIc7jn1+FRK7Oo51b3avglFw311MHFsjSixuwjYuenOI\/u+6\/vCU5ezmvP8Apd3oluhSDfOHRf0pLTRpHV3lc\/OXN\/Ld1d5SnLRopO4s+JKkuHQDlFP8xg\/1N7yq3ZdRx5RhIwl8dRMLQvrx\/KdxZ8SH1135Y6SO5Kktvn2jR01WdDlW7OlD8wdZ7AtGOWVOY33j8KH1mpzWD\/UT\/wAUqS4bv9r0Bdb4Nf8ACkfnmhzne648ZF60zlqn6eso26nOb7p+JC23uz5S\/X7o8UHZ\/paGv2mG\/EtS9fnDob81XlBeG2rUwRdAv83q0m5vdOu2oA4GRu6t6aBdo86Vq+ZM52Tf7Dsf0nX4raCdck7I6pKy0jBiZm\/SepLBAkkmTqgbAEQ3\/A196BMmdQ2khAQDrUUCiD1G7gFgekA\/ku3t7Vml1xiD2dOpefn26gRcPWbcN86klqGk5U+KlPbbb+2f+Kyg4rys91g2rkpN01y3jRqHuXqW284cQrDGUCgiHt5w4qco3WOKrLzM5Z4oUSBVrMpkiQHOAJExMarisF3pTkf\/AFNPifBax9KeUMbVpGbzTcAQA7B14gka+pc\/OVMnF0SSPVaLnYjHUltU7I70syP\/AKhnRaPcq\/4wyPRXB3MqH\/iuO08oYIvfcIwA71m5JnltNxIaTLHMIMRDheQL4N2KlrtdTPphkn5jtH4VXTh9zSj\/ABbkuFqpjH9Krjq9nHYuZ1PSUkEWMWUmXWR\/SdaafZuOg6xjKJ9KnWrVgTyvKj2bnWbJus4EaMNUKXku2HST6WZNrqG4n+m\/AXE4YJT6WUNVXR+GdOGJ0rmX8ROgAMEBlSnE\/cqGXNwnHTjtUqektQzcL+TkzeeSM0zdpCXkbcXST6W0eZWJJIHqDECSL3aEv8XUonk6sWbUwz2Zifawlc4PpNWBDrgQ91QY3OcIeRvEg61QPSCpFmBFg0oviwSTYxvbJJjQn5G3F0x\/pY0GBQqn1mt\/DHrO9ke1pSD0uBF2T1Pv4ln4Zh+nQucj0hruJMiSWuJ9aS5ghrptTaAgTil+2q2sXF5w01It6cDdOtPyNsOjv9LNP1d+DD7bcKhino0m4LHq+mllzm\/VzLJDhbEgi4z6ty53UzvVj2hgG4aAZaOjRqVFTOVRxkkEm+YCeSodCPp\/fHIYGPbPH2cEKPp+SQOQAmReXH1h925uMXrnoyp5kki8AYNvvnUp9fqg+1pnAY68MVUqHb8yZx5dlqLJGImeC9RrVzT6Ma9UuqvLpaAGwcJxwXQfrbtiQxMM1rFTnIeqBtVQyp2zgqsqqOcMZhVKVZLVsm\/A4rbsw5fP8sm\/7p1jV0aFo7nFelkNQ2RiCL2nWJuI3ER0KNxLfp3eG\/WgVh5tyvlWT94XOu0galllRQIcfvOGwEAII2Dq60EHrjrXnekf9H\/W3vWfPj50LAz9\/S0+0N2BRqGh+kbP5QdpZUpu\/cGnqcVW0L3fqdtt9ggjBzqYnoc6TwRObwOZ0Op9xVR4YCBave+oDWz3m9yn1NvOZ53BEcd+k+gX1aIaPuP1aCJ4LTRm1xEiz7zfHYeC+kjkjNbev4UwoN54\/d4JRb5up5oqHRPTPYrm5jraKZ6A49gX0Zybed2qWW849fii2+dv4cyg\/hP9yp3MUb6LZUcKNT\/arfBsX0RZZrPD5oWWazw+aJbgNH0Pyv8AJqYfl1O9qvZ6E5WfwX48wjpvXeA1m3gPFSGberwRbcK\/gPLD+E79g0bXpmfR5lh\/DI3mlrw\/qLuZsajxHglLmajxRLcWp\/RxlWodLqfxq5n0b5TpLffb3LsdpurrQLxqSi3IR9GeUHFzPf8A\/wAymp\/RhV0uZo++7Vf+EutmoNSU1NiFy5Y36Mqn5jB0uP8AwCsb9GB01m+6494XTuV2BKamxKLlpeaPQ+vkzSyllDGhxDj\/ACS6+IOL\/O1bFSyFwABdJ0mInom5eiaiU1UpGH9T2o\/VFlGoUpqFKRguzYDpPnoT0cgDTIJwjzcskvKQvKpUs\/M2U8m+ycH9q9+flAhc8z1lZZYcDeHA8L+5b5kFc1KbXa2glYvzTdeLXuZfietRCRqngiqj1+pednr+n\/qb2ws8np7epefnYjkzrlk484XJLUNZom4Y9asg6ncD4KUnGB6wN2u\/rCJnZwb4rSFHalq1WtEucBvIHasTOWWmk0EU3VJMQ3RdMmAblrTcp5Z1XKatEvpsZDGybIMjTF+kk6OC7aWhOcbvZ5tb6iMJjGPWf9bcKTw4S0gjWCCOITQtZ9G69YGDSdyTzLXTDabYJAY04idKycrflBBY20HB1QyCwSwzycXzpGjQs6unsyq29HV5Md1U91Ba5QNeo54FUeqHgFlRpEgU+TcWtMgEtfI2lCq+qbNZ1QWHky1tSWtMw1rS17Q64HAm+blzp1bIpK1QsdEurGHh8WHPJLuUkDSD6rThBF6Z7Xu\/l8qxha57hHKGXNEtaXYSACSATuuSkttDig2Y0DpPgvJzLlM2myDJNQH+YCRUcSID2D1cQCCcF6jYjBx2w\/q0Ip79nFAg6x56UpjUfO9C7mji1A8HX1f\/AElI2jgfFCz+gfs8VI\/QP29xRAP\/AHBAkc7rHgm6B19yBcdnF3ggSRz+tvghI5x6u5Pads4nwQJOxAl2s9fcUpj9X71YZ1jhPelM6xw+aIS79X7kpjUfO9OXHnBVl\/6+sIAQOZ\/6pSP0dQULxz+xKXDWfO5B4+f73U2REmY4DvXQ8gFmk0bAuc5X62V0m33RjvPgulU8ANi5R+0us\/rCwFRJKi2w9hxw78Vh5yvpuwwm+PukG7XgrZA0CeM8Uj3Ekh0xERDdO6\/iitXptuE0z\/5I7YTkfpjp8Vj032RBMEXHQZFxCcVNqsDGznSe+k5rCA5wiTOGmI0wvDGT1KlKnkzaT6dMRyjnwJAvN2sm9e3ldSpIsWYgySb5iGxuxMqpxqWPbAfo9mRf94xFw0ADeuuGttiv646mhGc3Mz1\/GexoAAFwAAG4Lzm5sIrctyhtEmRAixEBuu6AZmJm69XZPULbVuoDJ9XC4bfOhOctp89vELlMutMGlmYhsGrhSNJpayyQ0kFxPrGXXY3RKsp5naG2LTrIeKgEwQQIgFsEDTdCvOc6X5jPeCH2lS546L+xLWpMciYOTgWRTcXgDSS1wMzefbJ3qkZsZM2nRae8NkQHPBDiLp+87EkXqz68zWTua49gUOWjQ2p\/tv8AhSygyPIGUpsCJDQcL7IgE3Y61lAbf2\/NYn1v9FT3H94R+sn8t\/CO0pZTLP8A3FA73cR4LFOUu\/KfxZ8SHLv\/ACncWfEpZTK6XdXggQNZ6ljCtU\/L4uHdKBqVeY33z3NS0pkwNvX4oQNvE+KxS+rzWe874ECav9sdLj3JZTKLRt4nvQIGpYh5bnM4OPeEhFbns9w\/Glm1mlreaOAS2RzRwWEKdY\/it\/2\/\/pQ5NU\/O4MHfKWUzCRqCFtYFTJ3x\/WfwZ8K1D0qzxXoFjWVXetamQ2YFmNG1Scqaxwuahvpcqnv83LlbfSHLHfiVDub4BH69lrvzzua\/uCxy\/DpGh8tzzRU5TOOPs90eJXS7S5h9GuaqwqurVGPa2IBcCJM34rpQd5N6afm5Y1Kul3FRUF21RdGHrW4F1kDQYv8AmlBOvsHC9IH7z+kBp7QCvPz5nU5PQfXcLdiybI9SZe1uswBanDQrEXNQTMRFy176R8grPpirk9suafW5O4uGH3byue5lpZW7KKfKNyixJtFwqWQLLombhfC7BkmeA6g2u9pYHsa8AE4OYH4uADjGhszoleVnD0sY+3TbadTOSnKOUBOFqyQWETdfN83LPBlMzMezUfUY4xU+7zsmzZSOLZ3lx71m\/ZtH8pnug9q8FnpAGkgNDxbpMbBInlQTLpEAQLonbC9DN2fWVQAWlry57QwesYZEuNwgX9V0rpw5RFzDlGvhM1Es8ZBR0UqfuN8FZTyZgwY0bmgdywKOd2vrPpNbIZYl04l5AAaIvF4vnX035PnJjqzqLby1tpx0C8ADab54KbJj2WNTGfdk8qASACYxiAOshQ5Qea7i34kW0hJN9+MJjTbzncB4qNWqOUHmO\/b8SU1zzHft+JWOpDnO4DxSGiOceHzQuSOygi+w79nxJDlR5juNP4lYaA5x4BJ9Tbrd1IeS\/WTzD7zfFA5S7mjpd4ApjkbP1cR4KHJGajx+SCv6y7Uz3z8CIqOPMHST3BOcnZq6ymFNvN6yh5VEu5zfdPxJb+fwAHbKvgc0JbWwcETyqsjnOPAdgCdtGL74vxJx6SmLykJRQbimJStRUFNc3LWM3MFTO1EESKdJzzpvLo7lseVuuK8H0Vuy6tXfc1rW02nEzFo3dKxnMR6umETU06QY1X6LsN6YzpJXm\/bNLRaPR4pTnenoDzrMDxV5Me2dmXT0dilqNWzTxC8\/7WboaepL9pDmnipyY9rx5dPRvUXn\/aY5n7vkonJj2nFl09Y51p84+6eqRcsXOlehXpOo1A8sdEwCDc4OF83XgYLAc4DTCrdVGsHcVxjXyjy9E6GMxUmymhkjm0WuZVdyDDTpm4ENLAxwMOgy0AXjQsOvkmSBhDKdUHkTQEuusFxeWn1jpJvxTvKqJCfdanZ9rp9MOhmeib7J9pj7iYBpghkbIcblm0M0UmEOaCCC4zJn1\/aE6uzRCryVr7RALSIlsyCNYJGIWJWz3WDywZK54a6yXh7bN2JvvgTqXojXvG5l5\/tojKoiHqDN1O254aJcGtcPuuDfZluF13AIZNmymyo6q1sOcIOoC4XDAYDBX5FWtsa+IkTGpXtXTdPbGzHoQFCilJWWgKEqSlJQQoIISoDKhQUVQCgiUqgkpXIkpSgCUlMkJRRasHKc70mVBSLvXMQ0Ak34YBZk3Lxm5Paq8p\/enoYyyOsFZzy2tY43YZ2zi4QxlJ7nuFwi4bXGbgpmnJHU6cOgucS50YS7QNguHQs6x6xdsA4Se9PAXk1cpnKunq0saxIAdidrTrCNydsLm2ZrdqbpUDkbS0iIJrSCDPhurtSOjUrZSnpUVjubs7EpGxXOVbtyjQ0zfJ1eCxmz6w1lx4krKpKmo2\/QtTlO2IZ2\/lazN4im0LJaViMoTpI6SrBk36jxPivRGvFejzzozfqyJQlUcgec7iUDQPOdxV546ThntfKUqo0TrdxSmieceKc8dHBPa0oFVGjtPvFLyA1niSnPHRwT2vlKSquRHmUvItU546Xg+VpeNaQ1m6xxS8k3UFA0Kc\/wcHyhrt1pTXG3gU5CHnBTnnprggnLbD1IEu1Dj8k5IQt7+pZnWyXixIWujEcPmqqNEN868VlQks+ZXPLKcvVvHGI9FZKBAT2RqCBGwLLRbticFJaOpMHlIKWSpKpNY6FLR0lUpdJUVcnWVFUp6hqJHVVEhao3RX1NiW2oUFFG1uSkqwMRa1AaLllNSNhWNK3DnKquDFyxnVdF6zXiVhVKRF5EosBaRlKHKWlGhUS2lJRDJQdyNpAlQFAqBREBKU6UoERhNCEIqWkSEsKTCBiEllMKgTtKiKuTQsq+EYVotiPppCx2tZpakNNC2Lf5hRZHJoIW9KwEhppoG3ioQNqKpcwpA1Xxt6kIUatWG7EzUwB8ynv2eehWEIE4RBOxNaKsSyElKXpju6kp3dqWFLtiQxqHBMRs7ULI8yoqo0xqjchyY1q0tCWwNaKQsGsocmNZVhbtS2RrRCcn+oqGjt6k5aNaFkawik5LalNLaFZZ29aMbVEVWCpYPkpy3agW7UUkFQTqVlgpS0ohDuQ6OpOGlGCgUHzepbTiUSTqKqE5TapyieTtSlxQLb3KKWkFR6V+rrCBnm9ittbCha2daiqXTzexLP6exXE7OtC1+k9XiiqwTzexMCdR89Kcbjx+anQerxQLOwo2thR6DxHigH70QOU2O4fJS2NvD5I8qNZQ5UaygUvCBcNasLxrQLtqBS4a0LW1PIRhC1UjWjI1+eKYt8wgWDyECztCBP6hxTCkEbCIrJHOUka0xalsbAihG1AtTckNQS8lsUALdylnYpyW\/igKe\/igllSyjye0oWTrRBhSUs7epMJVAJUlPBQsKoRRPYQQt\/\/Z\" alt=\"\" width=\"290\" height=\"245\"\/><\/figure><\/div>\n\n\n\n<p><strong>Satellaview<\/strong><\/p>\n\n\n\n<p>Sorti uniquement au Japon, cet accessoire qui se fixait sous la console, permettait de t\u00e9l\u00e9charger des jeux (pour l&rsquo;\u00e9quivalent de 7,5 \u20ac) gr\u00e2ce aux signaux TV de la cha\u00eene satellite japonaise St GIGA. Les jeux \u00e9taient g\u00e9n\u00e9ralement t\u00e9l\u00e9chargeables uniquement par \u00e9pisode (comme Zelda) et pouvaient \u00eatre enregistr\u00e9s sur cartouche vierge.<\/p>\n\n\n\n<div class=\"wp-block-image\"><figure class=\"aligncenter size-large is-resized\"><img loading=\"lazy\" decoding=\"async\" src=\"https:\/\/cdn-uploads.gameblog.fr\/images\/blogs\/248933\/242804_med.jpg\" alt=\"\" width=\"279\" height=\"287\"\/><\/figure><\/div>\n\n\n\n<p><strong>SF Memory Cassette<\/strong><\/p>\n\n\n\n<p>Cartouche vendue seulement au Japon. Identique aux cartouches classiques mais de couleur blanche au lieu de grise, elle permettait de charger des jeux sur des bornes sp\u00e9ciales, appel\u00e9es Nintendo Power. Une m\u00eame cartouche pouvait donc contenir plusieurs ROMS charg\u00e9es l\u00e9galement, qui pouvaient ensuite \u00eatre effac\u00e9es pour les remplacer par d&rsquo;autres. Le m\u00eame syst\u00e8me existait pour la Game Boy, la GB Memory Cartridge.<\/p>\n\n\n\n<div class=\"wp-block-image\"><figure class=\"aligncenter size-large is-resized\"><img loading=\"lazy\" decoding=\"async\" src=\"https:\/\/upload.wikimedia.org\/wikipedia\/commons\/d\/dd\/SF_Memory_Cassette_and_GB_Memory_Cartridge.jpg\" alt=\"\" width=\"326\" height=\"247\"\/><\/figure><\/div>\n\n\n\n<p><strong>Super Multitap<\/strong><\/p>\n\n\n\n<p>Accessoire permettant d&rsquo;avoir jusqu&rsquo;\u00e0 cinq manettes branch\u00e9es, pour jouer notamment \u00e0 des jeux comme Bomberman. Il y eu un Multitap 2 au Japon, en forme de t\u00eate de Bomberman, justement.<\/p>\n\n\n\n<div class=\"wp-block-image\"><figure class=\"aligncenter size-large is-resized\"><img loading=\"lazy\" decoding=\"async\" src=\"https:\/\/now.estarland.com\/images\/products\/74\/32874\/130945.jpg\" alt=\"\" width=\"359\" height=\"172\"\/><\/figure><\/div>\n\n\n\n<p><strong>Sufami Turbo<\/strong><\/p>\n\n\n\n<p>Adaptateur permettant de mettre des cartouches de jeux sp\u00e9cialement adapt\u00e9es, presque de la taille des jeux Game Boy. C&rsquo;est un format propri\u00e9taire cr\u00e9\u00e9 par Banda\u00ef, et sorti uniquement au Japon. Le Sufami Turbo avait deux ports cartouche, pour permettre \u00e0 un ami d&rsquo;\u00e9changer des donn\u00e9es de sauvegarde. La grande majorit\u00e9 des jeux sortis sur ce format concernaient l&rsquo;anim\u00e9 Gundam.<\/p>\n\n\n\n<div class=\"wp-block-image\"><figure class=\"aligncenter size-large is-resized\"><img loading=\"lazy\" decoding=\"async\" src=\"https:\/\/i.ebayimg.com\/images\/g\/qHIAAOSw4W9c0ZX~\/s-l300.jpg\" alt=\"\" width=\"351\" height=\"283\"\/><\/figure><\/div>\n\n\n\n<p><strong>Super Advantage<\/strong><\/p>\n\n\n\n<p>Cette manette sp\u00e9ciale con\u00e7ue pour les jeux d&rsquo;arcade dispose d&rsquo;un \u00e9norme joystick et de boutons plus gros que la manette originale. Cette manette est sortie aux Etats-Unis et en Europe avec des couleurs l\u00e9g\u00e8rement diff\u00e9rentes.<\/p>\n\n\n\n<div class=\"wp-block-image\"><figure class=\"aligncenter size-large is-resized\"><img loading=\"lazy\" decoding=\"async\" src=\"https:\/\/i.imgur.com\/X2Pzjn1.png\" alt=\"\" width=\"409\" height=\"325\"\/><\/figure><\/div>\n\n\n\n<p><strong>Lecteur de CD-ROM<\/strong><\/p>\n\n\n\n<p>Un port d&rsquo;extension situ\u00e9 au dessous de la console devait permettre le branchement d&rsquo;un lecteur de CD-ROM, \u00e0 l&rsquo;image du Mega-CD de la Megadrive de\u00a0Sega. Ce projet nomm\u00e9 Super Nintendo Play Station, men\u00e9 en collaboration avec\u00a0Sony\u00a0et Philips, fut abandonn\u00e9 suite \u00e0 un diff\u00e9rent entre les deux soci\u00e9t\u00e9s nipponnes. Le port d&rsquo;extension 8 bits fut jug\u00e9 a posteriori insuffisamment rapide pour assurer correctement son r\u00f4le.\u00a0Sony\u00a0garda tout de m\u00eame ce projet dans ses cartons et la PlayStation, de simple extension \u00e0 la\u00a0Super Nintendo, devint une console \u00e0 part enti\u00e8re. Philips de son c\u00f4t\u00e9 lan\u00e7a sa propre unit\u00e9 CD : le CD-i. Gr\u00e2ce \u00e0 son accord avec\u00a0Nintendo, la firme b\u00e9n\u00e9ficiait d&rsquo;une licence d&rsquo;utilisation de personnages de l&rsquo;univers\u00a0Nintendo\u00a0et c&rsquo;est ainsi que 3 \u00e9pisodes de Zelda virent le jour sur ce support CD. Ce sont d&rsquo;ailleurs les 3 seuls jeux de la s\u00e9rie \u00e0 ne pas avoir \u00e9t\u00e9 support\u00e9s officiellement par\u00a0Nintendo.<\/p>\n\n\n\n<div class=\"wp-block-image\"><figure class=\"aligncenter size-large is-resized\"><img loading=\"lazy\" decoding=\"async\" src=\"https:\/\/resize-europe1.lanmedia.fr\/img\/var\/europe1\/storage\/images\/media\/images\/nintendo-playstation-2\/54141783-1-fre-FR\/Nintendo-Playstation-2.png\" alt=\"\" width=\"375\" height=\"188\"\/><\/figure><\/div>\n","protected":false},"excerpt":{"rendered":"<p>Accessoires Super Scope Pistolet optique de la console, en forme de bazooka, il permet en visant le moniteur de la t\u00e9l\u00e9vision de toucher des cibles qui apparaissent \u00e0 l&rsquo;\u00e9cran (voir le Zapper de la\u00a0NES). Cet accessoire \u00e9tait fourni avec une &hellip; <a href=\"https:\/\/leconservatoiredujeu.fr\/index.php\/super-nintendo-accessoires\/\">Continuer la lecture <span class=\"meta-nav\">&rarr;<\/span><\/a><\/p>\n","protected":false},"author":1,"featured_media":0,"parent":0,"menu_order":0,"comment_status":"closed","ping_status":"closed","template":"","meta":{"footnotes":""},"_links":{"self":[{"href":"https:\/\/leconservatoiredujeu.fr\/index.php\/wp-json\/wp\/v2\/pages\/991"}],"collection":[{"href":"https:\/\/leconservatoiredujeu.fr\/index.php\/wp-json\/wp\/v2\/pages"}],"about":[{"href":"https:\/\/leconservatoiredujeu.fr\/index.php\/wp-json\/wp\/v2\/types\/page"}],"author":[{"embeddable":true,"href":"https:\/\/leconservatoiredujeu.fr\/index.php\/wp-json\/wp\/v2\/users\/1"}],"replies":[{"embeddable":true,"href":"https:\/\/leconservatoiredujeu.fr\/index.php\/wp-json\/wp\/v2\/comments?post=991"}],"version-history":[{"count":4,"href":"https:\/\/leconservatoiredujeu.fr\/index.php\/wp-json\/wp\/v2\/pages\/991\/revisions"}],"predecessor-version":[{"id":9037,"href":"https:\/\/leconservatoiredujeu.fr\/index.php\/wp-json\/wp\/v2\/pages\/991\/revisions\/9037"}],"wp:attachment":[{"href":"https:\/\/leconservatoiredujeu.fr\/index.php\/wp-json\/wp\/v2\/media?parent=991"}],"curies":[{"name":"wp","href":"https:\/\/api.w.org\/{rel}","templated":true}]}}