{"id":9342,"date":"2020-06-25T11:43:31","date_gmt":"2020-06-25T09:43:31","guid":{"rendered":"http:\/\/leconservatoiredujeu.fr\/?page_id=9342"},"modified":"2020-06-25T11:43:31","modified_gmt":"2020-06-25T09:43:31","slug":"nintendo-2ds","status":"publish","type":"page","link":"https:\/\/leconservatoiredujeu.fr\/index.php\/nintendo-2ds\/","title":{"rendered":"Nintendo 2DS"},"content":{"rendered":"\n<ul><li><a href=\"#hist\">Histoire<\/a><\/li><li><a href=\"#Arriv\u00e9e\">Arriv\u00e9e<\/a><\/li><\/ul>\n\n\n\n<div class=\"wp-block-image\"><figure class=\"aligncenter size-large\"><img decoding=\"async\" src=\"data:image\/png;base64,iVBORw0KGgoAAAANSUhEUgAAAU8AAACXCAMAAACiCSk2AAAAk1BMVEX\/\/\/8jGRfQAA4XCAT7+\/vOAACenp4gFROAenkRAAAcEA3u7u7d29vo5+cAAABybW2Wk5LR0NAvJiRGPz6MiIjJx8a6urqlpaVkXlw6MS8XAACuq6paU1Lyt7s\/NjRMRkXplpvyxsn76er42tvpnZ\/+9vfdaGrVICbuq63YODzien7YPkLaVVnaT1LkhIjmjI3VKS6uK5efAAAJo0lEQVR4nO2bCXObvBZAUcAWEiAM2CwGQ23HztIm7f\/\/dU8IA5JYTNNvXtLOPe1MG1lS8LGulgs2DAAAAAAAAAAAAAAAAAAAAAAAAAAAAAAAAAAAAAAAAAAAAAAAAAAAAAAAAAAAAAAAAAAAAAAA5rhcTqfTxfrsy\/gXOB0e36\/XH5zr9fXn8\/nzrsS2fVf+2W0Ldr5tO\/V\/Yt\/P5RrW2vZjUW7riPJcLxeldTeJpXTj26LAUWtvY6+r4+T6b1grFyu4nN9fVhpP1+NFqeT4k9ibJHY9x5kf2JbjBTF\/52kh8O0tbzXSKCSkDKSfg9Bk4uecmHvhc8MoS+SeU8I2Tblp8r8SbM3LbV5eF9Pba1SUGmtmsq2lduPXP3usbV63oIThtdNU8SrxkuiONv0xFGtv4Hjl\/h40eNHbs2zUI+YkhDBCy3QbB54xjhXkdoUYI\/U1CppWYeEHWtUMIyoLdTN080kRanzuEaKSUCulZuezfruIvy753BKEhpaNtYkQ2fRCLZ+atvBpdu0FGBHfaWoQpH5epokwduTLv7w\/DGS2Sq9S2HvoDpgSMyy2uzGbeZrt+WWNtRIjS\/OJKOmFjvjkfmQTrc823lPebSpFNvcZjsR77RMRu++m88k\/r1SqHVFera4RZF3HHbyLtXT15+8TNoXRh0Pvc1SHDuXBGmshbCWI0MkWytXcfFJMs+5zGfWJKWKd0NZnyw6hvTyrbQmujCHcZ91NF\/Kyz1COGtc3Eas73IUo1COwoGQr6fw1o7M2ehz1ieuAFZMLxbpnSlJlRnF9guVXG0yKp3wimpa0FzoW77ioCDLblrrPmAeo7IP7jMZ9RilBpBWq+FTCzMqwkMZ9Zvryw332v\/vyY17nw+qlDXnZJ466taiIxKyoGDWRNCt5Uf8iZfvCXuecjV2EdTs85pMkbkkx2036JLRwin5oLfA5Pj5x6fh1LDt3fBoxo4XVjM9Zn990nYOVafV6Gfokypzn7DZpRpWIJlX7a62q12mmylTA2\/lROJw\/a8UBn+bDeMan5aRmG\/ILfJbBrqO9BuHTsfnn0q42kz49hEv3vs\/zL03my9vb9wdV6dO57VLStbW0OdJNCqYM0TYuEml02sMNlbdL9AVM+OSXTmkjdCze69HiFOS2KN33iVDYgdoZUPjkFtltUZrx6VS4Lrnn81E2t3p6PvPj0enM909y8fOoz4EZZ03lqKfNCK3jqS1JnUGjMRqfRhDxkM\/HfRIRfQbvm9UClvjEHVT1ybenPOTra5vzmYoP957PJ1nce1\/n8CT5vC7zyd94SmShUX3dboT7Rot0tj4NN+T+8unxWX9YphC6xGdRdeg+LdsUG8w5n8USnydJZzdPCn72r6x+LfXJP0VZqNiycRkfHJ8i5DEXOu2Ti2TI5HPPgvXd8TqU+VN0Y\/NuuNAZnyXOgrs+n+XhqZzYD\/IE2hQt8Gl4hRLy\/Arcsv8ZJ6ONdDqfhsvXMpbP+GxC3nc+ul+6+WxCvvCmfQYMV07tE8\/5fJdG4ZtS6fgxn1yftAsw+WGYv9W+gG2XjNDeJ+\/O5CebOZ+OXYf8H\/u0tnXIp5M+fdP0jbvj8yrlP96VSvJC9Ts+m6NgS33IWMsjlhT51AG\/R\/LJFyV+hkEzPkXI8\/IP7z\/bbuymm3GfcR0nRrOfHzkftb\/7fOw5yXVO0iF09b0pW+bTUWZQ7sXJ5I0ppcVmmN9SkX0ablF3OONTxOpdnyjyXBnRjeyTV6ojq\/eZ95UDn5\/FxAfCfdLYVQm13fiQ00HOkKy+NaXLfBq2NB5pxau5SNnpU8KK2Jtsrvvkc+j+jk\/HJvd9InNf\/6mR8kuyT2tjSj7rNBKvKRrw0x\/NRH\/1oYyYoo\/97Q8\/S7OxFFAv8+ebekQ6\/pbPWNkz1Zcbl+pplCvN7Hg67rNberITSvDNJz+dKvvP1kS9I1d8Uqz6ZFilyZ6uCc2kCd3i1ZqNvUeU2pSyNvxzRrWuMGXFtM3j65t2PFpd2\/PmMp+ubK7x4FZMy5lggqrtVNwXUaZsBLy0bEZHXEZRE6hllCoXsI1K+SPYRZGSkd7whgqZSO8nZVQoC2RSluKNeWr9Il13vy1OK62vQs8\/3Licjj9Ww+P7ry4fstCnvMKzW6IpL0w9YYcJK+PR5b6d3joc17Vu\/\/b\/UWpYapOuYnvpro4z1Y13+1eprNwU0Tsb37JcDvUtj4cBqy4ButRnJedN2oHmJdUwBUpJNXLz5Z\/g8W00Sa\/kk\/\/EJ28eR4wMU6VVMrc0fT2cINbYDVaCy+FhbGhym1dpF7U43uX5U00s2xXVliaEGQr+IqNOvh6QaDF2vo4G+urh9SBX+\/h6JL2Y+0gfpBT9RUM0HurkKNd\/fBm7t7l6eTyp94sX+twpG\/pBLFjuJmPqIMX0zn746+Ak6\/VOW494kTxAnwcr+urh+\/XxNOhroU9fkoWr0Wo7PyOKUabfwf6qeMk60ddzPmSlKDyuNJlP18fDUKax1KeF8IJqga3sn2ixLJP36dz1eZaDnY\/M61GLcqmvRT4T+a4HnjyIWbtS2T79JQP0ns+LdGeDj8yDMcOyfF0m3xr2Z4adI+\/7B\/c4vyj3fB4kndf6nK7fZpP7WuDT8uVRZ86OulwayWTkTt1X5J7PPi23+nnvHS3xqegk6Wx\/LvnnfEqL0cvztykW55dc5ZYxLecXmVgen\/9GvL8qi9EUj7e+7vi0kki5eZTNZQU5qVz7n1iPLnOPgvWiF\/l0kkJ5QoSajU43TcYznfJ9ECWb+ZWZ93l8um9z0meL43hukKSMKfsfs33exg0ZC\/117Lpen\/ZyvFieGkTy1wsC13MN50snnOZ9Pi8ZnqM+abXtHo70i2yv5eIws1st9f13TAlBUeHbm3WS5Hmy8ZXkHRb3kV072q2psRm7cfZlmPc5eBhssc\/uqUNCKB0m4cK8G4rd8wyY8jbiUWmTKE\/WkttjXzvfyIud7f8\/vHyU+vweTJ3fL6+\/53PR87TYNCs53yI9HzJanWS3hwWN2Dc2SZrPb7I+GWs8v9S8g9P1P\/bJ45qFdq5+OSMcjF+5etnnZmLfst0q+NI+xQAdcHsLp7fpPdLYfmk\/\/X0E8SUAHBabnX4n2E0z3H6tov8mgvh\/WG0CaTJyPMOzHOP+8w6firWbzM9fjodF3G7IzXxfpl5p8mHe\/4bjxvl6wxcuP20Q9WP3L9kjDbBU\/qt+frdLsbcS\/ME1AAAAAAAAAAAAAAAAAAAAAAAAAAAAAAAAAAAAAAAAAAAAAAAAAAAAAAAAAAAAAAAAAAAAAMAH+R8WKc8yYPFkBwAAAABJRU5ErkJggg==\" alt=\"\"\/><\/figure><\/div>\n\n\n\n<h2 class=\"wp-block-heading\" id=\"hist\">Son Histoire<\/h2>\n\n\n\n<p>La Nintendo 2DS est une console de jeu portable produite par Nintendo . Annonc\u00e9 en ao\u00fbt 2013, l&rsquo;appareil est sorti en Am\u00e9rique du Nord, en Europe et en Australie le 12 octobre 2013. <\/p>\n\n\n\n<p>La Nintendo 2DS est une version d&rsquo;entr\u00e9e de gamme de la Nintendo 3DS qui conserve un mat\u00e9riel par ailleurs identique, des fonctionnalit\u00e9s similaires et la compatibilit\u00e9 avec des logiciels con\u00e7us pour la Nintendo DS et la 3DS. Cependant, le 2DS se diff\u00e9rencie par un nouveau facteur de forme ardoise plut\u00f4t que par la conception \u00e0 clapet utilis\u00e9e par ses pr\u00e9curseurs et par l&rsquo;absence de signature autost\u00e9r\u00e9oscopique de la Nintendo 3DSAffichage 3D. <\/p>\n\n\n\n<p>La 2DS a \u00e9t\u00e9 vendu en m\u00eame temps que les mod\u00e8les 3DS existants pour inciter \u00e0 \u00e9tendre le march\u00e9 des jeux Nintendo 3DS; l&rsquo;ancien pr\u00e9sident de Nintendo of America , Reggie Fils-Aim\u00e9, a d\u00e9clar\u00e9 que le 2DS \u00e9tait principalement destin\u00e9 aux jeunes joueurs (tels que les moins de 7 ans), que Nintendo avait pr\u00e9c\u00e9demment conseill\u00e9 de ne pas utiliser la fonctionnalit\u00e9 3D sur la 3DS en raison de probl\u00e8mes potentiels de sant\u00e9 oculaire.<\/p>\n\n\n\n<div class=\"wp-block-image\"><figure class=\"aligncenter size-large is-resized\"><img loading=\"lazy\" decoding=\"async\" src=\"https:\/\/upload.wikimedia.org\/wikipedia\/commons\/thumb\/1\/14\/Nintendo-2DS-angle.jpg\/300px-Nintendo-2DS-angle.jpg\" alt=\"\" width=\"457\" height=\"348\"\/><\/figure><\/div>\n\n\n\n<p>La r\u00e9ception de la Nintendo 2DS a \u00e9t\u00e9 mitig\u00e9e; alors que Nintendo a \u00e9t\u00e9 f\u00e9licit\u00e9 pour la fa\u00e7on dont il a \u00e9valu\u00e9 et positionn\u00e9 le 2DS \u00e0 c\u00f4t\u00e9 de ses homologues haut de gamme, une grande partie de ses critiques visaient ses r\u00e9gressions par rapport \u00e0 la 3DS, comme un design que certains consid\u00e9raient comme moins attrayant que celui de la 3DS, une qualit\u00e9 sonore inf\u00e9rieure, et sa dur\u00e9e de vie de la batterie. <\/p>\n\n\n\n<p>Cependant, la conception du 2DS a \u00e9t\u00e9 salu\u00e9e par certains critiques pour \u00eatre plus robuste et confortable \u00e0 tenir que la 3DS, en particulier pour son march\u00e9 cible. Certains critiques ont \u00e9galement estim\u00e9 que le manque de support 3D \u00e9tait un aveu par Nintendo que le concept \u00e9tait un gadget ; cependant, Nintendo a depuis d\u00e9clar\u00e9 que la 3D autost\u00e9r\u00e9oscopique resterait une partie de leurs plans futurs. La Nintendo 2DS a \u00e9t\u00e9 abandonn\u00e9e au Japon en 2019 et en Am\u00e9rique du Nord en 2020, laissant le New 2DS XL le seul mod\u00e8le 3DS encore en production dans le monde.<\/p>\n\n\n\n<h2 class=\"wp-block-heading\" id=\"Arriv\u00e9e\">Son arriv\u00e9e sur le march\u00e9 <\/h2>\n\n\n\n<p>La Nintendo 2DS a re\u00e7u un accueil mitig\u00e9 lors de son annonce. Kotaku a estim\u00e9 que la Nintendo 2DS pourrait plaire \u00e0 un certain cr\u00e9neau de personnes qui, autrement, n&rsquo;ach\u00e8teraient pas une Nintendo 3DS, et que le manque de support 3D pourrait indiquer un int\u00e9r\u00eat refroidissant pour les graphiques st\u00e9r\u00e9oscopiques .<\/p>\n\n\n\n<p> USA Today a not\u00e9 que certains jeux con\u00e7us avec la 3D \u00e0 l&rsquo;esprit pourraient ne pas \u00eatre aussi facilement jouables sans la fonction st\u00e9r\u00e9oscopique. CNET, quant \u00e0 lui, a qualifi\u00e9 la console de reconnaissance par Nintendo que la 3D \u00e9tait une fonctionnalit\u00e9 inutile et m\u00eame une \u00ab\u00a0erreur tactique\u00a0\u00bb.<\/p>\n\n\n\n<p> NBC Newsappel\u00e9 2DS un \u00ab choix particulier \u00bb aux joueurs satisfaits de la ligne Nintendo DS, et craint que cela pourrait prendre des ressources loin de la console Nintendo moins de succ\u00e8s, la Wii U .<\/p>\n\n\n\n<p class=\"has-text-align-right\"><strong>Source :<\/strong> <a href=\"http:\/\/nintendo.fr\/\">wikipedia \/ Nintendo<\/a><br><strong>M\u00e0J 25\/06\/2020<\/strong><\/p>\n","protected":false},"excerpt":{"rendered":"<p>Histoire Arriv\u00e9e Son Histoire La Nintendo 2DS est une console de jeu portable produite par Nintendo . Annonc\u00e9 en ao\u00fbt 2013, l&rsquo;appareil est sorti en Am\u00e9rique du Nord, en Europe et en Australie le 12 octobre 2013. La Nintendo 2DS &hellip; <a href=\"https:\/\/leconservatoiredujeu.fr\/index.php\/nintendo-2ds\/\">Continuer la lecture <span class=\"meta-nav\">&rarr;<\/span><\/a><\/p>\n","protected":false},"author":1,"featured_media":0,"parent":0,"menu_order":0,"comment_status":"closed","ping_status":"closed","template":"","meta":{"footnotes":""},"_links":{"self":[{"href":"https:\/\/leconservatoiredujeu.fr\/index.php\/wp-json\/wp\/v2\/pages\/9342"}],"collection":[{"href":"https:\/\/leconservatoiredujeu.fr\/index.php\/wp-json\/wp\/v2\/pages"}],"about":[{"href":"https:\/\/leconservatoiredujeu.fr\/index.php\/wp-json\/wp\/v2\/types\/page"}],"author":[{"embeddable":true,"href":"https:\/\/leconservatoiredujeu.fr\/index.php\/wp-json\/wp\/v2\/users\/1"}],"replies":[{"embeddable":true,"href":"https:\/\/leconservatoiredujeu.fr\/index.php\/wp-json\/wp\/v2\/comments?post=9342"}],"version-history":[{"count":4,"href":"https:\/\/leconservatoiredujeu.fr\/index.php\/wp-json\/wp\/v2\/pages\/9342\/revisions"}],"predecessor-version":[{"id":9373,"href":"https:\/\/leconservatoiredujeu.fr\/index.php\/wp-json\/wp\/v2\/pages\/9342\/revisions\/9373"}],"wp:attachment":[{"href":"https:\/\/leconservatoiredujeu.fr\/index.php\/wp-json\/wp\/v2\/media?parent=9342"}],"curies":[{"name":"wp","href":"https:\/\/api.w.org\/{rel}","templated":true}]}}