{"id":91,"date":"2017-03-19T22:52:43","date_gmt":"2017-03-19T21:52:43","guid":{"rendered":"http:\/\/leconservatoiredujeu.fr\/?page_id=91"},"modified":"2022-04-25T15:34:08","modified_gmt":"2022-04-25T13:34:08","slug":"jeux-de-figurines","status":"publish","type":"page","link":"https:\/\/leconservatoiredujeu.fr\/index.php\/jeux-de-figurines\/","title":{"rendered":"Jeux de Figurines"},"content":{"rendered":"\n<div class=\"wp-block-image\"><figure class=\"aligncenter size-large is-resized\"><img loading=\"lazy\" decoding=\"async\" src=\"http:\/\/leconservatoiredujeu.fr\/wp-content\/uploads\/2020\/06\/jeu-de-figurine-2-1.jpg\" alt=\"\" class=\"wp-image-8943\" width=\"596\" height=\"446\" srcset=\"https:\/\/leconservatoiredujeu.fr\/wp-content\/uploads\/2020\/06\/jeu-de-figurine-2-1.jpg 500w, https:\/\/leconservatoiredujeu.fr\/wp-content\/uploads\/2020\/06\/jeu-de-figurine-2-1-300x225.jpg 300w, https:\/\/leconservatoiredujeu.fr\/wp-content\/uploads\/2020\/06\/jeu-de-figurine-2-1-400x300.jpg 400w\" sizes=\"(max-width: 596px) 100vw, 596px\" \/><\/figure><\/div>\n\n\n\n<p>Le jeu de figurines est un type de jeu de soci\u00e9t\u00e9 mettant en sc\u00e8ne des escarmouches ou des batailles entre plusieurs arm\u00e9es, dans un contexte historique ou un monde imaginaire, \u00e0 l&rsquo;aide de figurines dispos\u00e9es sur un plateau de jeu et de r\u00e8gles chiffr\u00e9es. Chaque joueur dirige l&rsquo;une des forces en pr\u00e9sence et tente de remporter la victoire gr\u00e2ce \u00e0 ses talents de strat\u00e8ge.<\/p>\n\n\n\n<p>Le jeu de figurines est souvent rapproch\u00e9 \u00e0 tort du jeu de r\u00f4le sur table. Certes, certains aspects semblent similaires, mais le but n&rsquo;est pas le m\u00eame. Il est plus juste de le rapprocher du jeu de guerre (wargame), dans un but purement ludique et non dans celui d&rsquo;une reconstitution historique. Ainsi, les jeux de figurines se d\u00e9roulent bien souvent dans des univers imaginaires non contemporains, similaires \u00e0 ceux des jeux de r\u00f4le (univers fantastiques ou de science-fiction).<\/p>\n\n\n\n<p class=\"has-text-align-left\"><a href=\"#Histoire\">Histoire des jeux de figurines<br><\/a><a href=\"#regle\">Les r\u00e8gles<br><\/a><a href=\"#figurines\">Les figurines<br><\/a><a href=\"#JeuDecors\">Plateau de jeu et d\u00e9cors<br><\/a><a href=\"#Scenario\">Sc\u00e9narios<br><\/a><a href=\"#TypeJeuxDeFigurines\">Types de jeux de figurines<br><\/a><a href=\"#echellecombats\">\u00c9chelles des combats<br><\/a><a href=\"#Univers\">Univers de jeu<br><\/a><a href=\"#CollectionEtModelisme\">Collection et mod\u00e9lisme<br><\/a><a href=\"#ListeJeuxFigurines\">Liste de jeux de figurines<br><\/a><\/p>\n\n\n\n<div class=\"wp-block-image\"><figure class=\"aligncenter size-large\"><img loading=\"lazy\" decoding=\"async\" width=\"700\" height=\"394\" src=\"http:\/\/leconservatoiredujeu.fr\/wp-content\/uploads\/2020\/06\/star-wars-fig2.jpg\" alt=\"\" class=\"wp-image-8944\" srcset=\"https:\/\/leconservatoiredujeu.fr\/wp-content\/uploads\/2020\/06\/star-wars-fig2.jpg 700w, https:\/\/leconservatoiredujeu.fr\/wp-content\/uploads\/2020\/06\/star-wars-fig2-300x169.jpg 300w, https:\/\/leconservatoiredujeu.fr\/wp-content\/uploads\/2020\/06\/star-wars-fig2-500x281.jpg 500w\" sizes=\"(max-width: 700px) 100vw, 700px\" \/><\/figure><\/div>\n\n\n\n<h2 class=\"wp-block-heading\" id=\"Histoire\"><strong>Histoire des jeux de figurines<\/strong><\/h2>\n\n\n\n<p>Les figurines \u00e9taient autrefois utilis\u00e9es pour repr\u00e9senter des arm\u00e9es sur des cartes d&rsquo;\u00e9tat-major. Par la suite, des r\u00e8gles de jeu mettant \u00e0 l&rsquo;\u00e9preuve les talents de strat\u00e8ges et de tacticien des futurs officiers furent cr\u00e9\u00e9es et utilis\u00e9es pour les aider \u00e0 r\u00e9v\u00e9ler, d\u00e9velopper leurs capacit\u00e9s de synth\u00e8se dans l&rsquo;art de la guerre dans une multitude de cas de figure. Les figurines \u00e0 usage ludique (les \u00ab soldats de plomb \u00bb) apparaissent ensuite. Les jeux de figurines utilisant des r\u00e8gles \u00e9labor\u00e9es n&rsquo;apparaissent vraiment que dans le courant du xxe si\u00e8cle.<\/p>\n\n\n\n<div class=\"wp-block-image\"><figure class=\"aligncenter size-large\"><img loading=\"lazy\" decoding=\"async\" width=\"1000\" height=\"751\" src=\"http:\/\/leconservatoiredujeu.fr\/wp-content\/uploads\/2020\/06\/e8608a6915fe2c7eda3201f67b3cc0ed.jpg\" alt=\"\" class=\"wp-image-8946\" srcset=\"https:\/\/leconservatoiredujeu.fr\/wp-content\/uploads\/2020\/06\/e8608a6915fe2c7eda3201f67b3cc0ed.jpg 1000w, https:\/\/leconservatoiredujeu.fr\/wp-content\/uploads\/2020\/06\/e8608a6915fe2c7eda3201f67b3cc0ed-300x225.jpg 300w, https:\/\/leconservatoiredujeu.fr\/wp-content\/uploads\/2020\/06\/e8608a6915fe2c7eda3201f67b3cc0ed-768x577.jpg 768w, https:\/\/leconservatoiredujeu.fr\/wp-content\/uploads\/2020\/06\/e8608a6915fe2c7eda3201f67b3cc0ed-399x300.jpg 399w\" sizes=\"(max-width: 1000px) 100vw, 1000px\" \/><\/figure><\/div>\n\n\n\n<h2 class=\"wp-block-heading\" id=\"regle\"><strong>Les r\u00e8gles<\/strong><\/h2>\n\n\n\n<p>Les joueurs, avant de jouer, pr\u00e9parent plusieurs choses :<\/p>\n\n\n\n<ul><li>le choix d&rsquo;un choix de r\u00e8gle de jeu parmi celles disponibles, qu&rsquo;il s&rsquo;agisse d&rsquo;une r\u00e8gle du commerce ou d&rsquo;une r\u00e8gle de leur invention.<br>Les conditions de victoire et\/ou de d\u00e9faite.<\/li><li>La dur\u00e9e maximale de la partie (une partie de jeu de batailles dure en moyenne 3 ou 4 heures).<\/li><\/ul>\n\n\n\n<p>Les r\u00e8gles d\u00e9finissent l&rsquo;\u00e9chelle de repr\u00e9sentation figurative, les capacit\u00e9s des troupes par type \/ nationalit\u00e9, les distances de d\u00e9placement, les interactions, les pertes, les crit\u00e8res acceptables de d\u00e9faite et de victoire qui peuvent \u00eatre convenus avant de commencer la partie, mais elle contient surtout le syst\u00e8me de r\u00e9solution des actions entreprises et leurs effets.<\/p>\n\n\n\n<figure class=\"wp-block-image size-large\"><img loading=\"lazy\" decoding=\"async\" width=\"867\" height=\"596\" src=\"http:\/\/leconservatoiredujeu.fr\/wp-content\/uploads\/2020\/06\/96009168_o.jpg\" alt=\"\" class=\"wp-image-8948\" srcset=\"https:\/\/leconservatoiredujeu.fr\/wp-content\/uploads\/2020\/06\/96009168_o.jpg 867w, https:\/\/leconservatoiredujeu.fr\/wp-content\/uploads\/2020\/06\/96009168_o-300x206.jpg 300w, https:\/\/leconservatoiredujeu.fr\/wp-content\/uploads\/2020\/06\/96009168_o-768x528.jpg 768w, https:\/\/leconservatoiredujeu.fr\/wp-content\/uploads\/2020\/06\/96009168_o-436x300.jpg 436w\" sizes=\"(max-width: 867px) 100vw, 867px\" \/><\/figure>\n\n\n\n<h2 class=\"wp-block-heading\" id=\"figurines\"><strong>Les figurines<\/strong><\/h2>\n\n\n\n<p>\u00c9chelle des figurines compar\u00e9es \u00e0 une pi\u00e8ce de 1 euro.<br>Les arm\u00e9es sont fr\u00e9quemment repr\u00e9sent\u00e9es par des figurines mesurant de 10 mm \u00e0 28 mm pour les \u00e9chelles\/tailles les plus populaires, bien que d&rsquo;autres \u00e9chelles\/tailles existent.<\/p>\n\n\n\n<p>Selon les jeux et les syst\u00e8mes de r\u00e8gles, une figurine peut repr\u00e9senter un seul combattant (guerrier, animal, engin) ou bien un nombre variable de combattants. Les principaux types d&rsquo;\u00e9chelles sont :<\/p>\n\n\n\n<ul><li>1:1 d&rsquo;\u00e9chelle d&rsquo;effectif (1 figurine repr\u00e9sente un homme)<\/li><li>1:40 d&rsquo;\u00e9chelle d&rsquo;effectif (1 figurine repr\u00e9sentant 40 hommes)<\/li><li>1:60 d&rsquo;\u00e9chelle d&rsquo;effectif (figurine repr\u00e9sentant 60 hommes)<\/li><\/ul>\n\n\n\n<p>Les figurines sont g\u00e9n\u00e9ralement dispos\u00e9es sur des socles. La taille et la forme des socles sont variables selon les jeux (ils sont g\u00e9n\u00e9ralement ronds, carr\u00e9s ou rectangulaires, parfois hexagonaux). Une r\u00e8gle au 1\/60e peut pr\u00e9ciser qu&rsquo;une unit\u00e9 est constitu\u00e9e de tant de socles de tant de figurines et donc de l&rsquo;effectif total par socle est \u00e9gale \u00e0 : nombre de figurine multipli\u00e9 sur un m\u00eame socle fois \u00e9chelle d&rsquo;effectif pour repr\u00e9senter approximativement ou exactement l&rsquo;effectif du sous-\u00e9l\u00e9ment de l&rsquo;unit\u00e9 que repr\u00e9sente un socle, l&rsquo;unit\u00e9 \u00e9tant souvent constitu\u00e9 de plusieurs socles.<\/p>\n\n\n\n<p>Le soclage maintient debout les figurines, facilite leur manipulation et permet de disposer les groupes de figurines selon diverses formations, comme la ligne, le carr\u00e9, l&rsquo;\u00e9chelle, etc.<\/p>\n\n\n\n<div class=\"wp-block-image\"><figure class=\"aligncenter size-large is-resized\"><img loading=\"lazy\" decoding=\"async\" src=\"http:\/\/leconservatoiredujeu.fr\/wp-content\/uploads\/2020\/06\/Tabletop_wargames_miniatures_scales.jpg\" alt=\"\" class=\"wp-image-8822\" width=\"418\" height=\"262\" srcset=\"https:\/\/leconservatoiredujeu.fr\/wp-content\/uploads\/2020\/06\/Tabletop_wargames_miniatures_scales.jpg 370w, https:\/\/leconservatoiredujeu.fr\/wp-content\/uploads\/2020\/06\/Tabletop_wargames_miniatures_scales-300x188.jpg 300w\" sizes=\"(max-width: 418px) 100vw, 418px\" \/><\/figure><\/div>\n\n\n\n<h2 class=\"wp-block-heading\" id=\"JeuDecors\"><strong>Plateau de jeu et d\u00e9cors<\/strong><\/h2>\n\n\n\n<p>La surface de jeu, selon les moyens des joueurs et la r\u00e8gle jou\u00e9e, est un champ de bataille reconstitu\u00e9 ou improvis\u00e9. N&rsquo;importe quelle surface horizontale plane peut fournir un plateau de jeu minimal. En g\u00e9n\u00e9ral, cependant, les jeux de figurines utilisent des plateaux de jeu imitant la surface du sol. Certains ont recours \u00e0 des cartes portant des r\u00e9seaux d&rsquo;hexagones. Les plateaux de jeu les plus \u00e9labor\u00e9s constituent de v\u00e9ritables maquettes g\u00e9antes reconstituant for\u00eats, villes, ch\u00e2teaux et autres \u00e9l\u00e9ments utiles ou d\u00e9coratifs \u00e0 l&rsquo;\u00e9chelle des figurines.<\/p>\n\n\n\n<figure class=\"wp-block-image size-large\"><img loading=\"lazy\" decoding=\"async\" width=\"678\" height=\"347\" src=\"http:\/\/leconservatoiredujeu.fr\/wp-content\/uploads\/2020\/06\/98810929.jpg\" alt=\"\" class=\"wp-image-8949\" srcset=\"https:\/\/leconservatoiredujeu.fr\/wp-content\/uploads\/2020\/06\/98810929.jpg 678w, https:\/\/leconservatoiredujeu.fr\/wp-content\/uploads\/2020\/06\/98810929-300x154.jpg 300w, https:\/\/leconservatoiredujeu.fr\/wp-content\/uploads\/2020\/06\/98810929-500x256.jpg 500w\" sizes=\"(max-width: 678px) 100vw, 678px\" \/><\/figure>\n\n\n\n<h2 class=\"wp-block-heading\" id=\"Scenario\"><strong>Sc\u00e9narios<\/strong><\/h2>\n\n\n\n<p>Il est possible de jouer un affrontement pur et simple entre les forces en pr\u00e9sence, ou d&rsquo;imaginer un sc\u00e9nario qui fournisse un contexte \u00e0 l&rsquo;affrontement et propose parfois des conditions de victoire diff\u00e9rentes. Le sc\u00e9nario est en g\u00e9n\u00e9ral un simple pr\u00e9texte \u00e0 la bataille, qui permet de diversifier les fa\u00e7ons de jouer. Les sc\u00e9narios utilis\u00e9s s&rsquo;appuient en g\u00e9n\u00e9ral sur l&rsquo;univers dans lequel se d\u00e9roule le jeu (les jeux de figurines fantastiques offrent peut-\u00eatre des possibilit\u00e9s plus riches que les reconstitutions historiques, qui doivent \u00eatre plus conformes \u00e0 la r\u00e9alit\u00e9 historique). Un sc\u00e9nario peut consister \u00e0 traverser le plateau de jeu en un nombre limit\u00e9 de tours, \u00e0 d\u00e9fendre une position, \u00e0 atteindre ou \u00e0 prot\u00e9ger un objectif, \u00e0 \u00e9liminer le g\u00e9n\u00e9ral adverse, etc.<\/p>\n\n\n\n<h2 class=\"wp-block-heading\" id=\"TypeJeuxDeFigurines\"><strong>Types de jeux de figurines<\/strong><\/h2>\n\n\n\n<p>Il existe un grand nombre de jeux diff\u00e9rents, que l&rsquo;on peut classer selon l&rsquo;\u00e9chelle de combat qu&rsquo;ils proposent et le genre d&rsquo;univers qu&rsquo;ils utilisent.<\/p>\n\n\n\n<h2 class=\"wp-block-heading\" id=\"echellecombats\">\u00c9chelles des combats<\/h2>\n\n\n\n<p>Les jeux d&rsquo;escarmouche simulent des affrontements \u00e0 \u00e9chelle restreinte, mettant en pr\u00e9sence entre 10 et 30 combattants dans chaque camp.<br>Les jeux de bataille, les plus connus, mettent en pr\u00e9sence des arm\u00e9es enti\u00e8res, comprenant chacune plusieurs groupes de combattants.<\/p>\n\n\n\n<h2 class=\"wp-block-heading\" id=\"Univers\"><strong>Univers de jeu<\/strong><\/h2>\n\n\n\n<p>Les jeux de figurines historiques mettent en sc\u00e8ne des batailles historiques, reconstitu\u00e9es ou hypoth\u00e9tiques, confrontant quelques individus ou des dizaines de milliers de soldats.<br>Les jeux de figurines fantastiques, quant \u00e0 eux, mettent en sc\u00e8ne des affrontements entre des peuples et des cr\u00e9atures appartenant \u00e0 des univers de fiction, qui rel\u00e8vent souvent de la fantasy ou de la science-fiction.<\/p>\n\n\n\n<figure class=\"wp-block-image size-large\"><img loading=\"lazy\" decoding=\"async\" width=\"1024\" height=\"440\" src=\"http:\/\/leconservatoiredujeu.fr\/wp-content\/uploads\/2020\/06\/warhammer-age-of-sigmar-head-2_00951535-1024x440.jpg\" alt=\"\" class=\"wp-image-8950\" srcset=\"https:\/\/leconservatoiredujeu.fr\/wp-content\/uploads\/2020\/06\/warhammer-age-of-sigmar-head-2_00951535-1024x440.jpg 1024w, https:\/\/leconservatoiredujeu.fr\/wp-content\/uploads\/2020\/06\/warhammer-age-of-sigmar-head-2_00951535-300x129.jpg 300w, https:\/\/leconservatoiredujeu.fr\/wp-content\/uploads\/2020\/06\/warhammer-age-of-sigmar-head-2_00951535-768x330.jpg 768w, https:\/\/leconservatoiredujeu.fr\/wp-content\/uploads\/2020\/06\/warhammer-age-of-sigmar-head-2_00951535-1536x660.jpg 1536w, https:\/\/leconservatoiredujeu.fr\/wp-content\/uploads\/2020\/06\/warhammer-age-of-sigmar-head-2_00951535-500x215.jpg 500w, https:\/\/leconservatoiredujeu.fr\/wp-content\/uploads\/2020\/06\/warhammer-age-of-sigmar-head-2_00951535.jpg 1900w\" sizes=\"(max-width: 1024px) 100vw, 1024px\" \/><\/figure>\n\n\n\n<h2 class=\"wp-block-heading\" id=\"CollectionEtModelisme\"><strong>Collection et mod\u00e9lisme<\/strong><\/h2>\n\n\n\n<p>En dehors de son aspect strat\u00e9gique et tactique, le jeu de figurines met en jeu la notion de collection. Les joueurs ach\u00e8tent les figurines qui constituent leurs arm\u00e9es et jouent avec tout ou partie d&rsquo;entre elles.<\/p>\n\n\n\n<p>Dans la plupart des jeux de figurines, les figurines sont vendues non assembl\u00e9es, non peintes et non socl\u00e9es, en g\u00e9n\u00e9ral sous la forme d&rsquo;\u00e9l\u00e9ments en plomb ou en plastique. Le joueur assemble les figurines, les peint selon ses go\u00fbts et les place sur des socles. Ce loisir allie donc l&rsquo;aspect ludique \u00e0 la collection et \u00e0 une pratique du mod\u00e9lisme. Certains joueurs sont davantage int\u00e9ress\u00e9s par la collection des figurines, par exemple de s\u00e9ries limit\u00e9es ou indisponibles dans le commerce. D&rsquo;autres sont plus int\u00e9ress\u00e9s par la peinture et l&rsquo;aspect mod\u00e9lisme du jeu.<\/p>\n\n\n\n<p>Toute une partie du plaisir r\u00e9side dans la constitution et la peinture de son \u00ab arm\u00e9e \u00bb. Cette dimension est encore plus forte dans les jeux \u00e0 univers fantastique que dans les wargames historiques, puisqu&rsquo;elle encourage la cr\u00e9ativit\u00e9 des joueurs. Cela permet notamment d&rsquo;organiser des concours de peinture et de mod\u00e9lisme. Il existe de nombreuses galeries sur Internet qui pr\u00e9sentent des figurines peintes offertes \u00e0 l&rsquo;admiration et \u00e0 la critique des internautes.<\/p>\n\n\n\n<p>Dans d&rsquo;autres jeux, les figurines sont pr\u00e9-peintes et d\u00e9j\u00e0 socl\u00e9es, ce qui diminue l&rsquo;aspect mod\u00e9lisme du jeu, mais permet de jouer d\u00e8s apr\u00e8s l&rsquo;achat.<\/p>\n\n\n\n<figure class=\"wp-block-image size-large\"><img loading=\"lazy\" decoding=\"async\" width=\"1024\" height=\"846\" src=\"http:\/\/leconservatoiredujeu.fr\/wp-content\/uploads\/2020\/06\/apihkbkam__21070.1500478520-1024x846.jpg\" alt=\"\" class=\"wp-image-8951\" srcset=\"https:\/\/leconservatoiredujeu.fr\/wp-content\/uploads\/2020\/06\/apihkbkam__21070.1500478520-1024x846.jpg 1024w, https:\/\/leconservatoiredujeu.fr\/wp-content\/uploads\/2020\/06\/apihkbkam__21070.1500478520-300x248.jpg 300w, https:\/\/leconservatoiredujeu.fr\/wp-content\/uploads\/2020\/06\/apihkbkam__21070.1500478520-768x634.jpg 768w, https:\/\/leconservatoiredujeu.fr\/wp-content\/uploads\/2020\/06\/apihkbkam__21070.1500478520-363x300.jpg 363w, https:\/\/leconservatoiredujeu.fr\/wp-content\/uploads\/2020\/06\/apihkbkam__21070.1500478520.jpg 1280w\" sizes=\"(max-width: 1024px) 100vw, 1024px\" \/><\/figure>\n\n\n\n<h2 class=\"wp-block-heading\" id=\"ListeJeuxFigurines\"><strong>Liste de jeux de figurines<\/strong><\/h2>\n\n\n\n<p>Quelques jeux de strat\u00e9gie avec figurines :<\/p>\n\n\n\n<ul><li>Alkemy, jeu d&rsquo;escarmouches dans un univers de m\u00e9di\u00e9val fantastique<\/li><li>AT-43, univers de science-fiction<\/li><li>Anima Tactics, univers de dark fantasy d\u00e9riv\u00e9 du jeu de r\u00f4le Anima.<\/li><li>Confrontation univers m\u00e9di\u00e9val fantastique<\/li><li>Eden, jeu d&rsquo;escarmouches dans un univers post-apocalyptique de type Mad Max.<\/li><li>Warhammer Fantasy Battle univers m\u00e9di\u00e9val fantastique<\/li><li>Warhammer 40,000 univers de science-fiction<\/li><li>Kill Team, jeu d&rsquo;escarmouches dans l&rsquo;univers de Warhammer 40,000<\/li><li>Warmachine univers de science-fiction<\/li><li>Infinity univers de science-fiction<\/li><li>VOR &#8211; le Maelstrom univers de science-fiction<\/li><li>Le Seigneur des anneaux (jeu de bataille) univers de m\u00e9di\u00e9val fantastique<\/li><li>Heroscape univers de science-fiction<\/li><li>Blitzkrieg univers de la seconde guerre mondiale historique<\/li><li>Art de la guerre univers antique &#8211; m\u00e9di\u00e9val historique<\/li><li>Silex &amp; Ba\u00efonnette Napol\u00e9onien-historique<\/li><li>LOWW2 Legends Of World War II &#8211; Escarmouche, jeu en fran\u00e7ais<\/li><li>Beyond the gates of Antares. univers de science-fiction.<\/li><\/ul>\n\n\n\n<p class=\"has-text-align-left\"><strong><span style=\"text-decoration: underline;\">Source<\/span> <\/strong>: Wikip\u00e9dia<\/p>\n\n\n\n<p class=\"has-text-align-right\">Le Conservatoire du Jeu &#8211; Avril 2022<\/p>\n","protected":false},"excerpt":{"rendered":"<p>Le jeu de figurines est un type de jeu de soci\u00e9t\u00e9 mettant en sc\u00e8ne des escarmouches ou des batailles entre plusieurs arm\u00e9es, dans un contexte historique ou un monde imaginaire, \u00e0 l&rsquo;aide de figurines dispos\u00e9es sur un plateau de jeu &hellip; <a href=\"https:\/\/leconservatoiredujeu.fr\/index.php\/jeux-de-figurines\/\">Continuer la lecture <span class=\"meta-nav\">&rarr;<\/span><\/a><\/p>\n","protected":false},"author":1,"featured_media":8952,"parent":0,"menu_order":0,"comment_status":"closed","ping_status":"closed","template":"","meta":{"footnotes":""},"_links":{"self":[{"href":"https:\/\/leconservatoiredujeu.fr\/index.php\/wp-json\/wp\/v2\/pages\/91"}],"collection":[{"href":"https:\/\/leconservatoiredujeu.fr\/index.php\/wp-json\/wp\/v2\/pages"}],"about":[{"href":"https:\/\/leconservatoiredujeu.fr\/index.php\/wp-json\/wp\/v2\/types\/page"}],"author":[{"embeddable":true,"href":"https:\/\/leconservatoiredujeu.fr\/index.php\/wp-json\/wp\/v2\/users\/1"}],"replies":[{"embeddable":true,"href":"https:\/\/leconservatoiredujeu.fr\/index.php\/wp-json\/wp\/v2\/comments?post=91"}],"version-history":[{"count":17,"href":"https:\/\/leconservatoiredujeu.fr\/index.php\/wp-json\/wp\/v2\/pages\/91\/revisions"}],"predecessor-version":[{"id":12895,"href":"https:\/\/leconservatoiredujeu.fr\/index.php\/wp-json\/wp\/v2\/pages\/91\/revisions\/12895"}],"wp:featuredmedia":[{"embeddable":true,"href":"https:\/\/leconservatoiredujeu.fr\/index.php\/wp-json\/wp\/v2\/media\/8952"}],"wp:attachment":[{"href":"https:\/\/leconservatoiredujeu.fr\/index.php\/wp-json\/wp\/v2\/media?parent=91"}],"curies":[{"name":"wp","href":"https:\/\/api.w.org\/{rel}","templated":true}]}}