{"id":9079,"date":"2020-06-16T14:12:27","date_gmt":"2020-06-16T12:12:27","guid":{"rendered":"http:\/\/leconservatoiredujeu.fr\/?page_id=9079"},"modified":"2020-06-24T16:53:57","modified_gmt":"2020-06-24T14:53:57","slug":"game-boy-advance","status":"publish","type":"page","link":"https:\/\/leconservatoiredujeu.fr\/index.php\/game-boy-advance\/","title":{"rendered":"Game Boy Advance"},"content":{"rendered":"\n<ul><li><a href=\"#Hist\">Son Histoire<\/a><\/li><li><a href=\"#Cara\">Caract\u00e9ristiques Techniques<\/a><\/li><\/ul>\n\n\n\n<div class=\"wp-block-image\"><figure class=\"aligncenter size-large is-resized\"><img loading=\"lazy\" decoding=\"async\" src=\"data:image\/png;base64,iVBORw0KGgoAAAANSUhEUgAAAJMAAABnCAMAAAAzOIAoAAAAzFBMVEUAAAABAQEAAQECBFMBAQEAAQMBAAFHcEwAAAAAAQIBAQECAQEAAAACAgIIAk0ASpMCAwQAhZEAjc4CAgMAOHwBAQgJCx8AjsAKCx8cHCYDAwQAiaQCF2cKDREAXKMAdHgJDB8MDRkEAwUAi68LCx8DAgMJBEYAQpIEBgYGCAgAcLUHBwYKCgwECioHBwsHBwoHCA4CAxAPDx0HGjQNHkUBJD4EOmEOOUwFPmgqWhpaESgDYELPnADDzAarwgIPQUqfFwV4jge5NACASxUNTjM3AAAARHRSTlPx3\/XR4+znAO7q3Nj91dS5z4qyyMfiTKxBCLqZzGOwelY0pqEjwtvEsZ+wl4nbfZBv5xXGtdbLn7KTu8m9gk2HumTEo2kOYLMAABFzSURBVGiB7ZsNe5rM0scBl83ylpAiBKkkSjWBiIrvSZqkTfv9v9P5zy6oSdPetbe9znmu6xmtIjXwY2Z2dmYWtZP\/PdH+2wDvyP8z\/Z78gqlfFXkyTIbD5B2hvXgGQwg+DANIkmTTaP73mObV0PODYBh4Pr0NA3Va2qOkKKZZUWTNDt+n7\/m+F5SDv8DU6XROTlInL6bldDQdQeTLTgopmRTaaLazLIfmnBFd0rzz75k6eIBmTk98nCTlZDTUGX8jbPtqqR2mRQ\/LMvFiWlz383yYzeWVNc9\/q6fOfD4Y9NM8y4bC0IQmTCXypHgwxhljiktnxCJeiaYZPEiGZTQYDKCrP1PWlqkDljiOorhXJnnhWxqdAhTEYwmLXgAI\/YCEk05IUTsoUxFpuA6DBUmQVREOFsX9\/qBzKJpi6nT6dAAwVUWSZYGm1WcyFZWQ1sEO6Cekf1CWTpajnWaNhG1NijA4xmIy7dEBIYMDnUsydeaSJy2zPM8SW5PHV3qSuiJlaNIwGumo9iqlo5peo79QSJoJs1sOxYqsTHHkKB6cHOJWxNTpx+lkmiXwoty3jDf+oQkr1G3f85yhjA2eg6eDEOE5vo3\/0aEwWJq+qTXmk6\/MT3L8SV6Uvf5BUMQ0iJMhFJQlnvkKSHA78GTwcWycXceTEOQ7vYRhiLfQth0wep6vQ3EERMqTD2gLDo\/rqOJDmTq4Gp0LutCdASDW0Lb1kOlwHvIgIMgXeg9Z\/cpq0XU8bc\/Saj+vlSXVzAL9YD11LB2DXtlpxyQ03caAD39TJLdu1yzDXJghBQ6yqsG1waH+1BecRo4p9pWEDzYpgNODs51GtiKj1BtxlKLc4t6QoY3LUWDx6pCRB6ZOJczXfq2YTARF4yDBYGDqCMyuvUpFFFYcMgmCaT59E42bIY0TzK4PkLEFdW4PsLs4IdjwQKZBzn6YIUh4yMT4dCstPP5BZlwyyaiw7wSCef0DmQL2HpLGZjMx\/keOPWnN2EwX2l6MqgeLxvXoMKa+zd9hwsWFM23c2pfTd7ZIfc1nMDFRz0vavlgsPYwpZpZyRjm7bblMPZR6+gHiJ5iQkM90U7xhkiOPVYcx9UxLXRs36CJVRoAXxbTVw+meUppHjVTva834zG6mxj1vwkdWHhaf0q1uJsh6hmpaJSYmmeRJu91Wd08xXblPbnTrj3t6qpWzVRLFhtEBebqG8GSqaCkMpDz9vOYDE6+ZcMrrh4dFa7FonS5XrWVrsVwAcrG47p4uTvegyMetRjvKvZNpQmGKFwcxzSeNExlVL+0lQiZFxGRx+DhOt2h1v377+rB4vG99f+p+eV72np\/T8cvzy5fr+\/v7z5vV57VUWJcppm0CI0R6Msc1wy3yAwKUpkKmaSIMu2mvF+UGZUk4nMVIT10p377ipXx8bD0+Lp+fiuf7vNt6KfK0uF99Jlmpr0k90VjBCx1Cm86jXjTIYbvkMKaCZjtjkqZp3INUVToiZ99jevjWfXhYPn5\/XD4+Pr3E98\/Pz63W08tLcb\/srjafP6\/pS63ucscU+MKEM\/QiaD5KDY0PDwiaYMrkSIN7oziYIP0azGMD6rakP3VxvvbDt+XD12\/fv4Hq\/unLU\/q0XN90n5ej6n7TJTW12l18r92dUbaOydPvdzqIMJpb9eRVuhoPDmIaJJyYItgtSitcGWTLdN1ut7vtNoi+flt2Hx+\/b566L9FTP16UTy\/p5u5+c79uf75rr\/GtbjvkpmSKkd33I+Q+AR0sQnpvefFBTIFJQ0SWGf2BrBV6lG5yst2qreRhvdy025vNsn2H1\/vNpn0HWa\/X+AegWmZgQiD3+3SB\/RCeOUx7aWJQwnnA5FIzCa0sy2kV9+MJBP6EMMesHdNZu31zs765wRtt4Sm31Y6bhimUTIYXw7N7kW1Qljgz5SC0e4cw9WXCKmjclaheEkqEKBhwYhqfQQjg5u7u7KZ9h7cbJdh7hs9naoseZ2dSTzhUSiZL9zMWoR8w4YHJqUOmMEqUPXkzpzOGOCWZXsnN2R0e6uWtyEIZqYqHEVzZr6aY8CCmWDfrPzQm\/aifuU2qAiZzdfnmtJd7O97+35nFTc5ksuJ5rzMDER4wCWsnkb4tXwuofGg05RmXTDu5vVxt1mts3GD79vISm+019u6EozyVycr+lKe2w8kfMW1tr8lEmuEM2upW0dzKpzH0F4tFzherBaa82XK1XEimW\/Xfl9CTZHorlGkexNRje0mhqVIy8nHUJTNtdXFby4cPt5\/Gm9V4cbcajxerzWqB17vbV2JaM\/4uk3ZQsqKdpFz8oCjFZFli9WFPbi\/k2wWE3j5dfHgtnzSLM8m0zS22BjyUae96VLaj0jBO8enteRt5b\/+Fxq1GT5LF1JRzIlCx6R8zmWJ7kUpPFz+RT9DVxYc3+4gpbEYMkGqt\/Rs9UTJAbSaMQHiUZFp8\/PQJz+2\/92S7\/9zcxgJhcl1HiWZsmQ7TE9vqyaI+kmVpTm8qtBDjTizOP\/6+nCNmUuGCwaczLhWl\/3smB+kPzJ\/2B76MBcT06kHPZuPjbkPuPj8XFulJcKqDzNDGyN0VZn\/qT7gy5ji6MY0jYRKTtbg6vzqnZ\/PvSp786ny3Z7f7SkjbIZQw2+bUpTEbfxL8T\/WkGlkmM4fYF3Jc7+LqEDFo3METKSm3qOu5DTOC\/+Dj8\/40n7ybEb9m0qTWNWpDSx\/nxuvgRzmDtuujaOqpRjuEmuaMmkZw8FD2DZpj75g6c+Ro6SR3TGTXpkjeyfUQx+2tlgS1UKV3IrQQkynbzY3MqC1tNQ3zemMnqotPerLJHSzq3VlbJjW3xBlD0EJ6Bitw2UoTefRWg8hVAqOeMzV8H26qGcmgx+VfqRPPFINqh1ON8xpn+4mIiQkEjNnUrDFYYzwHOd089YVssG17abpuVYN+3Ou8YeqMduHJdhxwuWnUD0y1gCGB8EJuJissQZmNYtAamJl8KHCg6DanL3HdDhuHspL5INPkMoRNzdiaSg\/NPBoMstd9POoX6PvdIm7rPO+lQqPFFlKMRafTsiw3h1lQOAUrholhcY8ZDBbGuyN79yAjTSIikUtaIUbe3mxsZ7lBhtWpiT32\/drOzM59HuQ2s\/bzUOodFpa2PwuTW8nLpFMoNxJZkQymcT\/NRmnlRIU\/mSRRUZVV2Uuq1DYbj+OmDs2EoW6Z2p5AP\/A25niO7\/ve+PQ0CHxmkhFRucWeRb1t06\/2mFDhbceX2PXdDXioXFghh\/GrOIiKojecoJLIROGXIz0b+ZlTTEfTQJNfM2mg2m96TzK20MUxyeOPx6rdByoMJ3MUDwYjGJn67lZTR8i1jXlmuobWNLPqY5rU9+X1wEPprrnbQCAHv2w0mbRdqwlQtm\/W6t5yWTR+LQaTAQpETYNoNQ48GMBLYDmoCWbUdU1VpvW6VD\/KLddQvdpmbQIhynHsUC6tmLQ2JZo4wNXSWb04VJtNhxr0N\/05hHVSke7LlQZFBJxWC7X8cjEObLKC9HbENj3ErJ3P99fvOlHBXKPpitSXilkUB8NVbOMRV2Peal45rSR6tP5B41J2n7aNY7VWpOMAdJTrulHbWlODAYXqGrZ0zBC5qS7w0Ehf3O+8WVPsTwLLlWBaXV\/R02Q4rOfo4XbZUxpVLhw4\/jAY+rbZNMPrNpghVVQTOfjW+PpaNfrGy83d57Usnc\/Olp7voYycmUAyQ4TpkJmTd9aDB1VguIayYpPfqSiBEzhquacWB2yyF9pkuUpLhsvksq0lg5FNw78hOp1ORsvV\/ZpqaCrMNguYnM10TNZ4IP7ozO68u24+rxzpXMrldwPydckmUzextySilGu4XpWpKGLTqprt1WOtdXq9XET399RtUEQoPC7uHMe3KYKi4tFpUYkPfraW31dD0dgFrjdtb7H1u71xj\/rezPopM8jX4EO0jEaefdrtnrauuy\/VchlNNmS1szNZC324+HhOqiJXgF+St3vzX93zMPUNOJexI3itJtEUFJpMGFx81xthmk8MTIoWR4RkRDQmq52uWqe9l\/K5nC7v1tDR3Z1U0gWlzldpALfC8COk0M7+4d6QTj+d5r4t3K28WfVp9lpeMq1iOWmNXLKm5dgk42s5\/E9b3fypfIpe4i9tabXlipAA9PHj1dUCLgooneY\/5g9+734V5DxxL60Qw4ssTwLfD4YJLYxOy8mkSnvxfK+pW5CWhIUQCB1dqxB5evrwffn49Fx+kWa73IxXZwoJyemGFnMR40lL8PDq+PfQ5K5cCjQp\/R2rsdZdPWwW3x6\/Py1BBOe+XI\/XqFcvqKq4uvJtOYQR5jFNMpZ3js00D1y5SELx1dZDFQC6D18XD1\/zZSHNdoby\/pIqQ6Uk5nkEhehJ2ZRuUTJ8VKa0WXSXUEjIx4tTYnp4+PqVemnk24tVTQQlffF027EnCRnPlgvf\/slRmTqDUoXaejkJ5tNn4wVmtvXyYbkkR7qDN99d0HiTZlvAvrqdVkO6O4DmYJ2XR2XqRMpuSmSObCGxoGa27IHKftpyLSPABZntC3hsK4sKWyJRtsL0wTGZBpkhV7XkigSyF5kYU7JmE5IiuqXGDPkRAkDqg4INq9TDfOVJw8HDi5MjMnWGbj23mEYWJZpp+B4KM06zhTSbnEhkh0gOtykVNTxLpxYiPdIGm7TE\/d4xmWJ3G9yrfhzrouz3fUpnYBK2BFI9k6jR9iXANKKPJkXC6B4OQrLt0Aryk2MypW4DZSSxlKgfC7ohCRbhi0tJ9EGNtqscpZ\/Iq2lFXuR4TCIxM3AGR2WaJK6aF1GJFXG\/14vjSS5UAqXbs+Wni5qIfNtCIVEm0QSZDGKTJLKZ8L2mdDkW01QpSgh\/Ku9bikuvyQABZa0+1ma7WpgY8kEapTayMTvwpS85HEhFc7AjMQ1KKIp83Ic39emGs7hWE5c1Oh+ffyKzbShTckZRPELCqzuBLbXk4O8cfztpHisWVBNDWs8o4zhNRgQmtpkymCz9CkhjANpWL+8FKG1tX9nN0YXpe86u6DxafJrmlJpqBstyX1hFb5oLS5bglu\/w2QxUX5bU4ETsdjJy7sDHlnQlg\/u2P9nd+XO0OJ6WQk4tBsYUSvZhwCxVTeSDQcBUSNRrAZEfoHKQTNzQPdvP9g51LKbOfFq4rpCtdZpXqCQkq9l8GMVDSRPWTCGzqRSUQI5tGPBxP98\/1vHm4KgcukYz\/8oOC3RgmVxjiNPUBkZIl7e8eQEBOfKWN+FaDpRWvDrSHzC925jsnMzLUpNQTWFsc3lDJw2wpMooMiJrQ3GFysGjmgzObRjMZo73GumY+VMMN3cpJZD9s\/omXBRHtsMQ1C3oJQgCz5F3BBKTY7oCnL7+dnnomDldVfqAMrdM6m42JCxiOBnxOhTVQJ7HXQ1KCn3zh9XGYzLNp7Ae9X14w6R7IccnXYgGqGbyYDZTD1GVmj8uXh\/K9Mt7d3tTmmLMnZaohcVUTKqBSEOYdg1X0M25cPZ37js4mOmX\/1lOaeztWU6CNSZTRvN9EGlwNVP3zOC94x23bumPSsd1paLU\/Zryxtdm4MvSUteoRGXM5LbtFu9e41GZOidRUVquW2tJBUnlSJR0e0xQ4ayZ1JTVbcF+ch\/EsWvOyWiEs9beFJKaZHoEu4Wyo6DRLCgERpyb\/cwPjs00KEqKUrzpyUs9oa7UJJCh2lRIPjX28xszjv77lv4UqZSCgpJCXc6yEgiJjEvNWcRR0\/3VMvrxf3PTG0186cbKlSSQzPcw8yB60YqMG\/zyDq2\/8DugyWjiEIdqI8r+kGwnInC71D12zX+4J+MvMHUAlTWdKVeTdxoZfsAIMEwMffJPq4t\/4\/dS83I0rUZDjhpGKQspJSKElae\/d\/PhX\/kNV386KkaTqkrTES3WWdTlrH7\/Jr+\/wdQB1FT+nmmSBrCYUx5yV\/Rf+63boJxOS8hEM4rDgE7+4u\/v5v1emqLM+4M\/\/T\/2m8D\/mvwvMv0Hc1WsH2iJgQkAAAAASUVORK5CYII=\" alt=\"\" width=\"447\" height=\"306\"\/><\/figure><\/div>\n\n\n\n<h2 class=\"wp-block-heading\" id=\"Hist\">Son Histoire<\/h2>\n\n\n\n<p>La Game Boy Advance (abr\u00e9g\u00e9e en GBA) est une console de jeux vid\u00e9o portable cr\u00e9\u00e9e par Nintendo en 2001. Elle dispose d&rsquo;un \u00e9cran couleur et d&rsquo;un processeur 32-bits, ce qui en faisait \u00e0 sa sortie la console portable la plus performante.<\/p>\n\n\n\n<p>En 2003, Nintendo lance la Game Boy Advance SP, identique techniquement \u00e0 la Game Boy Advance, mais disposant d&rsquo;un format plus compact et d&rsquo;am\u00e9liorations telles qu&rsquo;un \u00e9cran r\u00e9tro-\u00e9clair\u00e9, ainsi qu&rsquo;une batterie lithium-ion rechargeable. Enfin, en 2005, Nintendo sort la Game Boy Micro, derni\u00e8re d\u00e9clinaison de sa portable, une console au format \u00ab mini \u00bb qui propose \u00e9cran am\u00e9lior\u00e9.<\/p>\n\n\n\n<p>Le rapport annuel 2006 de Nintendo indique que 75 millions de Game Boy Advance ont \u00e9t\u00e9 vendues (toutes versions confondues). <\/p>\n\n\n\n<p>Le 12 f\u00e9vrier 2008, le dernier jeu de la console (Samurai Deeper Kyo) est sorti aux \u00c9tats-Unis. La console aura donc v\u00e9cu presque 7 ans. Ses ventes finales sont estim\u00e9es \u00e0 81,51 millions d&rsquo;exemplaires, faisant de la console un nouveau succ\u00e8s apr\u00e8s ceux de la Game Boy et de la Game Boy Color. <\/p>\n\n\n\n<p>La Nintendo DS, sortie \u00e0 la fin de l&rsquo;ann\u00e9e 2004 au Japon et en d\u00e9but d&rsquo;ann\u00e9e 2005 dans le reste du monde, succ\u00e8de \u00e0 la Game Boy Advance.<\/p>\n\n\n\n<h2 class=\"wp-block-heading\" id=\"Cara\">Caract\u00e9ristiques Techniques <\/h2>\n\n\n\n<div class=\"wp-block-image\"><figure class=\"aligncenter size-large is-resized\"><img loading=\"lazy\" decoding=\"async\" src=\"https:\/\/upload.wikimedia.org\/wikipedia\/commons\/thumb\/6\/68\/Nintendo-Game-Boy-Advance-Milky-Blue-FL.png\/280px-Nintendo-Game-Boy-Advance-Milky-Blue-FL.png\" alt=\"\" width=\"351\" height=\"227\"\/><\/figure><\/div>\n\n\n\n<p><em>Microprocesseur principal <\/em>: ARM7TDMI 32 bits, architecture RISC cadenc\u00e9 \u00e0 16,777 216 MHz (soit 2^24 cycles\/seconde), d\u00e9velopp\u00e9 par ARM Ltd., avec m\u00e9moire embarqu\u00e9e, sans MMU (Memory Management Unit)<br><em>Microprocesseur secondaire <\/em>: processeur 8 bits CISC de type Z80 cadenc\u00e9 \u00e0 4,194 304 MHz ou 8,388 608 MHz pour assurer la r\u00e9tro-compatibilit\u00e9 avec les anciennes Game Boy monochromes ou couleur<br><em>M\u00e9moire :<br><\/em>256 Ko d&rsquo;EWRAM (External Work Random Access Memory &#8211; appel\u00e9e couramment \u00ab m\u00e9moire externe \u00bb, sur une puce s\u00e9par\u00e9e du processeur)<br>32 Ko d&rsquo;IWRAM (Internal Work Random Access Memory &#8211; appel\u00e9e couramment \u00ab m\u00e9moire interne \u00bb, directement dans le processeur)<br>96 Ko de VRAM (Vid\u00e9o RAM &#8211; ou m\u00e9moire vid\u00e9o), int\u00e9gr\u00e9e au processeur<br><em>Affichage <\/em>:<br>\u00c9cran couleur TFT \u00e0 matrice active de 7,4 cm (2,9&Prime;)<br>D\u00e9finition de 240 \u00d7 160 pixels<br><em>Taille de l&rsquo;\u00e9cran <\/em>: 40,8 mm \u00d7 61,2 mm<br>511 couleurs en mode caract\u00e8re, 32 768 couleurs en mode point<br>Taux de rafraichissement : 59,73 Hz<br><em>Dimensions :<br>Largeur <\/em>: 144,5 mm<br><em>Epaisseur <\/em>: 24,5 mm<br><em>Longueur<\/em>: 82 mm<br><em>Poids <\/em>: 140 g<br><em>Alimentation <\/em>: 2 piles LR06 (AA) pour une autonomie de 15 heures. Un adaptateur secteur \u00e9tait aussi disponible.<\/p>\n\n\n\n<p class=\"has-text-align-right\"><strong>Source :<\/strong> <a href=\"https:\/\/fr.wikipedia.org\/\">Wikipedia<\/a><br><strong>M\u00e0J 24\/06\/2020<\/strong><\/p>\n","protected":false},"excerpt":{"rendered":"<p>Son Histoire Caract\u00e9ristiques Techniques Son Histoire La Game Boy Advance (abr\u00e9g\u00e9e en GBA) est une console de jeux vid\u00e9o portable cr\u00e9\u00e9e par Nintendo en 2001. Elle dispose d&rsquo;un \u00e9cran couleur et d&rsquo;un processeur 32-bits, ce qui en faisait \u00e0 sa &hellip; <a href=\"https:\/\/leconservatoiredujeu.fr\/index.php\/game-boy-advance\/\">Continuer la lecture <span class=\"meta-nav\">&rarr;<\/span><\/a><\/p>\n","protected":false},"author":1,"featured_media":0,"parent":0,"menu_order":0,"comment_status":"closed","ping_status":"closed","template":"","meta":{"footnotes":""},"_links":{"self":[{"href":"https:\/\/leconservatoiredujeu.fr\/index.php\/wp-json\/wp\/v2\/pages\/9079"}],"collection":[{"href":"https:\/\/leconservatoiredujeu.fr\/index.php\/wp-json\/wp\/v2\/pages"}],"about":[{"href":"https:\/\/leconservatoiredujeu.fr\/index.php\/wp-json\/wp\/v2\/types\/page"}],"author":[{"embeddable":true,"href":"https:\/\/leconservatoiredujeu.fr\/index.php\/wp-json\/wp\/v2\/users\/1"}],"replies":[{"embeddable":true,"href":"https:\/\/leconservatoiredujeu.fr\/index.php\/wp-json\/wp\/v2\/comments?post=9079"}],"version-history":[{"count":10,"href":"https:\/\/leconservatoiredujeu.fr\/index.php\/wp-json\/wp\/v2\/pages\/9079\/revisions"}],"predecessor-version":[{"id":9233,"href":"https:\/\/leconservatoiredujeu.fr\/index.php\/wp-json\/wp\/v2\/pages\/9079\/revisions\/9233"}],"wp:attachment":[{"href":"https:\/\/leconservatoiredujeu.fr\/index.php\/wp-json\/wp\/v2\/media?parent=9079"}],"curies":[{"name":"wp","href":"https:\/\/api.w.org\/{rel}","templated":true}]}}