{"id":89,"date":"2017-03-19T22:52:43","date_gmt":"2017-03-19T21:52:43","guid":{"rendered":"http:\/\/leconservatoiredujeu.fr\/?page_id=89"},"modified":"2022-03-31T15:26:30","modified_gmt":"2022-03-31T13:26:30","slug":"jeux-de-cartes-a-collectionner","status":"publish","type":"page","link":"https:\/\/leconservatoiredujeu.fr\/index.php\/jeux-de-cartes-a-collectionner\/","title":{"rendered":"Jeux de Cartes \u00e0 Collectionner"},"content":{"rendered":"\n<figure class=\"wp-block-image size-large\"><img loading=\"lazy\" decoding=\"async\" width=\"800\" height=\"420\" src=\"http:\/\/leconservatoiredujeu.fr\/wp-content\/uploads\/2020\/06\/fb_92360-2.jpg\" alt=\"\" class=\"wp-image-8572\" srcset=\"https:\/\/leconservatoiredujeu.fr\/wp-content\/uploads\/2020\/06\/fb_92360-2.jpg 800w, https:\/\/leconservatoiredujeu.fr\/wp-content\/uploads\/2020\/06\/fb_92360-2-300x158.jpg 300w, https:\/\/leconservatoiredujeu.fr\/wp-content\/uploads\/2020\/06\/fb_92360-2-768x403.jpg 768w, https:\/\/leconservatoiredujeu.fr\/wp-content\/uploads\/2020\/06\/fb_92360-2-500x263.jpg 500w\" sizes=\"(max-width: 800px) 100vw, 800px\" \/><\/figure>\n\n\n\n<p><br>Les jeux de cartes \u00e0 collectionner ou JCC (trading card game TCG ou collectible card game CCG) utilisent des cartes con\u00e7ues sp\u00e9cialement pour les jeux en question. Ils diff\u00e8rent des jeux de cartes classique par la grande vari\u00e9t\u00e9 de cartes \u00e9dit\u00e9es et l&rsquo;utilisation par les joueurs de paquets personnalis\u00e9s.<\/p>\n\n\n\n<p>Les cartes ont en g\u00e9n\u00e9ral des effets tr\u00e8s vari\u00e9s sur le jeu. Une carte contient souvent un dessin de grande qualit\u00e9 (qui fait partie de l&rsquo;int\u00e9r\u00eat du produit ; certains artistes doivent une part de leur notori\u00e9t\u00e9 \u00e0 leurs travaux sur ces jeux) et un texte d\u00e9crivant l&rsquo;effet de la carte. Le jeu se d\u00e9roule souvent dans un monde coh\u00e9rent, de fantasy, de science-fiction ou autre ; il s&rsquo;agit parfois d&rsquo;univers d\u00e9j\u00e0 connus, par exemple dans des romans.<\/p>\n\n\n\n<p>La plupart du temps, le jeu consiste \u00e0 gagner des points ou \u00e0 en faire perdre \u00e0 l&rsquo;adversaire : point de vie, d&rsquo;\u00e9nergie, d&rsquo;honneur, de pouvoir&#8230; On utilise pour cela des cartes de ressource (qui permettent d&rsquo;effectuer des actions), des cartes d&rsquo;action (par exemple lancer une attaque sur l&rsquo;adversaire), des cartes de contre (protection contre les attaques) et des cartes de cumul (qui permettent de mettre en r\u00e9serve des ressources ou actions). Certaines cartes s&rsquo;associent et permettent de faire des combinaisons (appel\u00e9es aussi combos).<\/p>\n\n\n\n<p>Le m\u00e9canisme de ces jeux peut faire penser au 1000 bornes. Le premier jeu de ce type fut Magic : l&rsquo;assembl\u00e9e (Magic: the Gathering), \u00e9dit\u00e9 par Wizards of the Coast \u00e0 partir de 1993. Dans la plupart des cas, le jeu se d\u00e9roule en piochant des cartes et en jouant au tour par tour.<\/p>\n\n\n\n<p>Pour chaque jeu, il existe parfois des milliers de cartes : certains jeux proposent en effet r\u00e9guli\u00e8rement de nouvelles cartes qui compl\u00e8tent le jeu de base. Chaque joueur se constitue un jeu (deck) \u00e0 partir des cartes dont il dispose. C&rsquo;est la principale originalit\u00e9 des JCC : chaque deck est unique, con\u00e7u par le joueur dans une optique de jeu particuli\u00e8re. La phase de conception des decks, qui pr\u00e9c\u00e8de les parties elles-m\u00eames, sont une part tr\u00e8s importante de la strat\u00e9gie et du plaisir de ce type de jeu. C&rsquo;est l\u00e0 qu&rsquo;intervient le \u00ab\u00a0metagame\u00a0\u00bb, c\u2019est-\u00e0-dire la prise en compte dans la conception du deck du jeu possible de l&rsquo;adversaire.<\/p>\n\n\n\n<p><br><\/p>\n\n\n\n<figure class=\"wp-block-image size-large\"><img loading=\"lazy\" decoding=\"async\" width=\"1024\" height=\"683\" src=\"http:\/\/leconservatoiredujeu.fr\/wp-content\/uploads\/2020\/06\/iso800-Cartamundi-november-2015-2970-1536x1024-1-1024x683.jpg\" alt=\"\" class=\"wp-image-8566\" srcset=\"https:\/\/leconservatoiredujeu.fr\/wp-content\/uploads\/2020\/06\/iso800-Cartamundi-november-2015-2970-1536x1024-1-1024x683.jpg 1024w, https:\/\/leconservatoiredujeu.fr\/wp-content\/uploads\/2020\/06\/iso800-Cartamundi-november-2015-2970-1536x1024-1-300x200.jpg 300w, https:\/\/leconservatoiredujeu.fr\/wp-content\/uploads\/2020\/06\/iso800-Cartamundi-november-2015-2970-1536x1024-1-768x512.jpg 768w, https:\/\/leconservatoiredujeu.fr\/wp-content\/uploads\/2020\/06\/iso800-Cartamundi-november-2015-2970-1536x1024-1-450x300.jpg 450w, https:\/\/leconservatoiredujeu.fr\/wp-content\/uploads\/2020\/06\/iso800-Cartamundi-november-2015-2970-1536x1024-1.jpg 1536w\" sizes=\"(max-width: 1024px) 100vw, 1024px\" \/><\/figure>\n\n\n\n<p>Les principaux jeux sont :<\/p>\n\n\n\n<ul><li> Anachronism<\/li><li>L&rsquo;Appel de Cthulhu, successeur de Mythos<\/li><li>Arc System<\/li><li>Battletech<\/li><li>Code Lyoko CCG<\/li><li>Doomtown d&rsquo;apr\u00e8s le jeu de r\u00f4le Deadlands<\/li><li>Digimon<\/li><li>Dragon Ball Z CCG<\/li><li>Duel Masters<\/li><li>Guildes d&rsquo;apr\u00e8s le jeu de r\u00f4le du m\u00eame nom<\/li><li>HerosDe\u00ef<\/li><li>Intervention Divine, 1er jeu de cartes \u00e0 collectionner fran\u00e7ais, une licence du jeu de r\u00f4le de Croc, In Nomine Satanis\/Magna Veritas<\/li><li>Kabal, inspir\u00e9 de Nephilim (jeu de r\u00f4le)<\/li><li>Lanfeust<\/li><li>Legend of the Five Rings (Le Livre des cinq anneaux)<\/li><li>Magic : The Gathering (Magic: L&rsquo;Assembl\u00e9e)<\/li><li>Mythos CCG<\/li><li>Naruto CCG<\/li><li>Netrunner<\/li><li>Pirates of the Spanish Main<\/li><li>Pok\u00e9mon Trading Card Game (Pok\u00e9mon TCG)<\/li><li>RS360(Le Monde des Riders)<\/li><li>Shadowrun<\/li><li>Spellfire<\/li><li>The Spoils Tournament Card Games<\/li><li>Star Wars<\/li><li>Le Tr\u00f4ne de Fer<\/li><li>Universal Fighting System (UFS)<\/li><li>Vampire: the Eternal Struggle (VTES, V:TES ou V:tES)<\/li><li>Wakfu TCG<\/li><li>World of Warcraft (jeu de cartes \u00e0 collectionner)<\/li><li>Yu-Gi-Oh! Jeu de cartes \u00e0 jouer<\/li><li>Zoondo<\/li><\/ul>\n\n\n\n<figure class=\"wp-block-gallery columns-2 is-cropped wp-block-gallery-1 is-layout-flex wp-block-gallery-is-layout-flex\"><ul class=\"blocks-gallery-grid\"><li class=\"blocks-gallery-item\"><figure><img loading=\"lazy\" decoding=\"async\" width=\"220\" height=\"308\" src=\"http:\/\/leconservatoiredujeu.fr\/wp-content\/uploads\/2020\/06\/220px-Spellfire_cardback.jpg\" alt=\"\" data-id=\"8567\" data-full-url=\"http:\/\/leconservatoiredujeu.fr\/wp-content\/uploads\/2020\/06\/220px-Spellfire_cardback.jpg\" data-link=\"http:\/\/leconservatoiredujeu.fr\/index.php\/jeux-de-cartes-a-collectionner\/220px-spellfire_cardback\/\" class=\"wp-image-8567\" srcset=\"https:\/\/leconservatoiredujeu.fr\/wp-content\/uploads\/2020\/06\/220px-Spellfire_cardback.jpg 220w, https:\/\/leconservatoiredujeu.fr\/wp-content\/uploads\/2020\/06\/220px-Spellfire_cardback-214x300.jpg 214w\" sizes=\"(max-width: 220px) 100vw, 220px\" \/><\/figure><\/li><li class=\"blocks-gallery-item\"><figure><img loading=\"lazy\" decoding=\"async\" width=\"763\" height=\"1024\" src=\"http:\/\/leconservatoiredujeu.fr\/wp-content\/uploads\/2020\/06\/IMG-763x1024.jpg\" alt=\"\" data-id=\"8568\" data-full-url=\"http:\/\/leconservatoiredujeu.fr\/wp-content\/uploads\/2020\/06\/IMG.jpg\" data-link=\"http:\/\/leconservatoiredujeu.fr\/index.php\/jeux-de-cartes-a-collectionner\/img\/\" class=\"wp-image-8568\" srcset=\"https:\/\/leconservatoiredujeu.fr\/wp-content\/uploads\/2020\/06\/IMG-763x1024.jpg 763w, https:\/\/leconservatoiredujeu.fr\/wp-content\/uploads\/2020\/06\/IMG-224x300.jpg 224w, https:\/\/leconservatoiredujeu.fr\/wp-content\/uploads\/2020\/06\/IMG-768x1031.jpg 768w, https:\/\/leconservatoiredujeu.fr\/wp-content\/uploads\/2020\/06\/IMG-1144x1536.jpg 1144w, https:\/\/leconservatoiredujeu.fr\/wp-content\/uploads\/2020\/06\/IMG.jpg 1192w\" sizes=\"(max-width: 763px) 100vw, 763px\" \/><\/figure><\/li><li class=\"blocks-gallery-item\"><figure><img loading=\"lazy\" decoding=\"async\" width=\"214\" height=\"296\" src=\"http:\/\/leconservatoiredujeu.fr\/wp-content\/uploads\/2020\/06\/Sans-titre-27.png\" alt=\"\" data-id=\"8569\" data-full-url=\"http:\/\/leconservatoiredujeu.fr\/wp-content\/uploads\/2020\/06\/Sans-titre-27.png\" data-link=\"http:\/\/leconservatoiredujeu.fr\/index.php\/jeux-de-cartes-a-collectionner\/sans-titre-27\/\" class=\"wp-image-8569\"\/><\/figure><\/li><li class=\"blocks-gallery-item\"><figure><img loading=\"lazy\" decoding=\"async\" width=\"202\" height=\"284\" src=\"http:\/\/leconservatoiredujeu.fr\/wp-content\/uploads\/2020\/06\/verso-carte-Kabal-55.png\" alt=\"\" data-id=\"8570\" data-full-url=\"http:\/\/leconservatoiredujeu.fr\/wp-content\/uploads\/2020\/06\/verso-carte-Kabal-55.png\" data-link=\"http:\/\/leconservatoiredujeu.fr\/index.php\/jeux-de-cartes-a-collectionner\/verso-carte-kabal-55\/\" class=\"wp-image-8570\"\/><\/figure><\/li><\/ul><\/figure>\n\n\n\n<p>Les JCC les plus jou\u00e9s poss\u00e8dent leurs conventions, parfois au niveau international, et leurs propres concours et tournois (Pok\u00e9mon, Magic, Yu-gi-Oh!, WoW). Les plus grands tournois rassemblent des centaines de joueurs. Il n&rsquo;existe aucun prix officiel pour les cartes qui composent la collection, mais plut\u00f4t une cote permettant d&rsquo;en \u00e9valuer le prix. Elle est bas\u00e9e sur la raret\u00e9, l&rsquo;effet de la carte dans le jeu, le rapport entre l&rsquo;effet et le co\u00fbt pour le mettre en jeu, l&rsquo;\u00e9dition, etc.<\/p>\n\n\n\n<p>De nombreux JCC, bien que pr\u00e9sentant des m\u00e9canismes de jeu originaux et prometteurs, ont \u00e9t\u00e9 rapidement arr\u00eat\u00e9s, faute d\u2019avoir trouv\u00e9 un public. C\u2019est le cas par exemple de Harry Potter CCG, Spellfire ou Warlords.<\/p>\n\n\n\n<p><\/p>\n\n\n\n<p><strong>JCC jouable en ligne :<\/strong><\/p>\n\n\n\n<p>Il existe \u00e0 pr\u00e9sent des JCC en ligne qui sont souvent des d\u00e9clinaisons de jeux existants sur papier, mais parfois aussi des cr\u00e9ations originales.<\/p>\n\n\n\n<ul><li>Magic Online&nbsp;(exactement le m\u00eame jeu que le jeu de cartes)<\/li><li>Immortal&rsquo;s War&nbsp;(Univers Fantastique et Mythologique, les joueurs et les cartes prennent de l&rsquo;exp\u00e9rience et \u00e9voluent.)<\/li><li>Star Chamber: The Harbinger Saga (particularit\u00e9: strat\u00e9gie tour par tour + cartes)<\/li><li>Urban Rivals&nbsp;(particularit\u00e9: d&rsquo;abord cr\u00e9\u00e9 pour I-mode puis adapt\u00e9 pour Internet; les cartes \u00e9voluent et changent de niveaux) <\/li><li>Pok\u00e9mon Apprentice pok\u00e9mon&nbsp;(le m\u00eame logiciel que Magic mais adapt\u00e9 pour Pok\u00e9mon gr\u00e2ce \u00e0 un patch) <\/li><li>Manuscrit Des Ames&nbsp;(Les cartes de niveau sup\u00e9rieur s&rsquo;obtiennent en fusionnant deux cartes de niveau inf\u00e9rieur. Pour cela, il faut obtenir des Runes Magiques permettant chacune une seule fusion. On gagne les cartes perdantes de l&rsquo;adversaire (et inversement), quel que soit le r\u00e9sultat final du match.<\/li><li>Dinocard: bas\u00e9 sur le principe de Magic l&rsquo;assembl\u00e9e, il ajoute quelques points sympathiques tels que l&rsquo;\u00e9closion des cr\u00e9atures (dinos) ainsi que celui des \u00ab\u00a0\u00e9nergies\u00a0\u00bb (terrains) constitu\u00e9es des cartes qu&rsquo;on n&rsquo;a pas pu utiliser soit justement par manque d\u2019\u00e9nergies soit par manque de cible.<\/li><li>Cartosort, avec la particularit\u00e9 de proposer un jeu en \u00e9quipe et avec des cadeaux \u00e0 remporter par classement. Disponible depuis 2004.<\/li><li>Legends of Norrath, jeu de cartes \u00e0 collectionner d\u00e9velopp\u00e9 par Sony Online Entertainment (SOE) bas\u00e9 sur l&rsquo;univers des MMORPG EverQuest et EverQuest II, qui peut se jouer ind\u00e9pendamment du jeu ou dans ce dernier. Disponible depuis septembre 2007.<\/li><li>Star Gate TCG, un autre jeu de cartes online d\u00e9velopp\u00e9 par SOE sur la s\u00e9rie culte <\/li><li>Star Gate sortie en Ao\u00fbt 2007 \u00e0 la Gen Con. En anglais uniquement, pas de traduction pr\u00e9vue.<\/li><li>The Eye of Judgment, sortie le 25 Octobre 2007, est un jeu d\u00e9velopp\u00e9 pour la PlayStation 3 par Sony en collaboration avec Wizards of the Coast, o\u00f9 les cartes physiques sont scann\u00e9s en temps r\u00e9el par une webcam et transpos\u00e9es en cr\u00e9ature 3D \u00e0 l&rsquo;\u00e9cran. Le but du jeu est de prendre le contr\u00f4le de 5 terrains sur les neuf du plateau de jeu. Le jeu est \u00e9galement jouable online en amateur ou en tournois sur le site de la PS3.<\/li><li>Hearstone, jeu 100% en d\u00e9mat\u00e9rialis\u00e9.<\/li><\/ul>\n\n\n\n<figure class=\"wp-block-gallery columns-2 is-cropped wp-block-gallery-2 is-layout-flex wp-block-gallery-is-layout-flex\"><ul class=\"blocks-gallery-grid\"><li class=\"blocks-gallery-item\"><figure><img loading=\"lazy\" decoding=\"async\" width=\"862\" height=\"594\" src=\"http:\/\/leconservatoiredujeu.fr\/wp-content\/uploads\/2020\/06\/hearthstone.jpg\" alt=\"\" data-id=\"8562\" data-full-url=\"http:\/\/leconservatoiredujeu.fr\/wp-content\/uploads\/2020\/06\/hearthstone.jpg\" data-link=\"http:\/\/leconservatoiredujeu.fr\/index.php\/jeux-de-cartes-a-collectionner\/hearthstone\/\" class=\"wp-image-8562\" srcset=\"https:\/\/leconservatoiredujeu.fr\/wp-content\/uploads\/2020\/06\/hearthstone.jpg 862w, https:\/\/leconservatoiredujeu.fr\/wp-content\/uploads\/2020\/06\/hearthstone-300x207.jpg 300w, https:\/\/leconservatoiredujeu.fr\/wp-content\/uploads\/2020\/06\/hearthstone-768x529.jpg 768w, https:\/\/leconservatoiredujeu.fr\/wp-content\/uploads\/2020\/06\/hearthstone-435x300.jpg 435w\" sizes=\"(max-width: 862px) 100vw, 862px\" \/><\/figure><\/li><li class=\"blocks-gallery-item\"><figure><img loading=\"lazy\" decoding=\"async\" width=\"1024\" height=\"576\" src=\"http:\/\/leconservatoiredujeu.fr\/wp-content\/uploads\/2020\/06\/Magic-the-Gathering-Arena-1024x576.jpg\" alt=\"\" data-id=\"8563\" data-full-url=\"http:\/\/leconservatoiredujeu.fr\/wp-content\/uploads\/2020\/06\/Magic-the-Gathering-Arena.jpg\" data-link=\"http:\/\/leconservatoiredujeu.fr\/index.php\/jeux-de-cartes-a-collectionner\/magic-the-gathering-arena\/\" class=\"wp-image-8563\" srcset=\"https:\/\/leconservatoiredujeu.fr\/wp-content\/uploads\/2020\/06\/Magic-the-Gathering-Arena-1024x576.jpg 1024w, https:\/\/leconservatoiredujeu.fr\/wp-content\/uploads\/2020\/06\/Magic-the-Gathering-Arena-300x169.jpg 300w, https:\/\/leconservatoiredujeu.fr\/wp-content\/uploads\/2020\/06\/Magic-the-Gathering-Arena-768x432.jpg 768w, https:\/\/leconservatoiredujeu.fr\/wp-content\/uploads\/2020\/06\/Magic-the-Gathering-Arena-1536x864.jpg 1536w, https:\/\/leconservatoiredujeu.fr\/wp-content\/uploads\/2020\/06\/Magic-the-Gathering-Arena-500x281.jpg 500w, https:\/\/leconservatoiredujeu.fr\/wp-content\/uploads\/2020\/06\/Magic-the-Gathering-Arena.jpg 1920w\" sizes=\"(max-width: 1024px) 100vw, 1024px\" \/><\/figure><\/li><\/ul><\/figure>\n\n\n\n<p><\/p>\n\n\n\n<p>Magazines francophones sur les jeux de cartes \u00e0 collectionner&nbsp;<\/p>\n\n\n\n<p>Mana Rouge, l\u00b4actualit\u00e9 br\u00fblante des jeux de cartes \u00e0 collectionner.<br>Dragon Blanc, Decks, Trucs &amp; Astuces (Yu-Gi-Oh!, Naruto et Magic)*<br>Lotus Noir, le magazine officiel des jeux de cartes \u00e0 collectionner (Magic, Wow)<br>Maniak!, \u00e0 toi de jouer ! (Pok\u00e9mon, Yu-Gi-Oh!, Dragon Ball et World of Soccer)<\/p>\n\n\n\n<figure class=\"wp-block-gallery columns-2 is-cropped wp-block-gallery-3 is-layout-flex wp-block-gallery-is-layout-flex\"><ul class=\"blocks-gallery-grid\"><li class=\"blocks-gallery-item\"><figure><img loading=\"lazy\" decoding=\"async\" width=\"323\" height=\"449\" src=\"http:\/\/leconservatoiredujeu.fr\/wp-content\/uploads\/2020\/06\/LN169-01.jpg\" alt=\"\" data-id=\"8564\" data-full-url=\"http:\/\/leconservatoiredujeu.fr\/wp-content\/uploads\/2020\/06\/LN169-01.jpg\" data-link=\"http:\/\/leconservatoiredujeu.fr\/index.php\/jeux-de-cartes-a-collectionner\/ln169-01\/\" class=\"wp-image-8564\" srcset=\"https:\/\/leconservatoiredujeu.fr\/wp-content\/uploads\/2020\/06\/LN169-01.jpg 323w, https:\/\/leconservatoiredujeu.fr\/wp-content\/uploads\/2020\/06\/LN169-01-216x300.jpg 216w\" sizes=\"(max-width: 323px) 100vw, 323px\" \/><\/figure><\/li><li class=\"blocks-gallery-item\"><figure><img loading=\"lazy\" decoding=\"async\" width=\"227\" height=\"300\" src=\"http:\/\/leconservatoiredujeu.fr\/wp-content\/uploads\/2020\/06\/s-l300.jpg\" alt=\"\" data-id=\"8565\" data-full-url=\"http:\/\/leconservatoiredujeu.fr\/wp-content\/uploads\/2020\/06\/s-l300.jpg\" data-link=\"http:\/\/leconservatoiredujeu.fr\/index.php\/jeux-de-cartes-a-collectionner\/s-l300-2\/\" class=\"wp-image-8565\"\/><\/figure><\/li><\/ul><\/figure>\n\n\n\n<p>Magazines \u00e9trangers sur les jeux de cartes \u00e0 collectionner&nbsp;<\/p>\n\n\n\n<ul><li>Serra en Espagne<\/li><li>Kartefact en Allemagne<\/li><li>Scrye aux \u00c9tats-Unis<\/li><\/ul>\n\n\n\n<p class=\"has-text-align-right\">Le Conservatoire du Jeu &#8211; Mars 2022<\/p>\n","protected":false},"excerpt":{"rendered":"<p>Les jeux de cartes \u00e0 collectionner ou JCC (trading card game TCG ou collectible card game CCG) utilisent des cartes con\u00e7ues sp\u00e9cialement pour les jeux en question. Ils diff\u00e8rent des jeux de cartes classique par la grande vari\u00e9t\u00e9 de cartes &hellip; <a href=\"https:\/\/leconservatoiredujeu.fr\/index.php\/jeux-de-cartes-a-collectionner\/\">Continuer la lecture <span class=\"meta-nav\">&rarr;<\/span><\/a><\/p>\n","protected":false},"author":1,"featured_media":8566,"parent":0,"menu_order":0,"comment_status":"closed","ping_status":"closed","template":"","meta":{"footnotes":""},"_links":{"self":[{"href":"https:\/\/leconservatoiredujeu.fr\/index.php\/wp-json\/wp\/v2\/pages\/89"}],"collection":[{"href":"https:\/\/leconservatoiredujeu.fr\/index.php\/wp-json\/wp\/v2\/pages"}],"about":[{"href":"https:\/\/leconservatoiredujeu.fr\/index.php\/wp-json\/wp\/v2\/types\/page"}],"author":[{"embeddable":true,"href":"https:\/\/leconservatoiredujeu.fr\/index.php\/wp-json\/wp\/v2\/users\/1"}],"replies":[{"embeddable":true,"href":"https:\/\/leconservatoiredujeu.fr\/index.php\/wp-json\/wp\/v2\/comments?post=89"}],"version-history":[{"count":11,"href":"https:\/\/leconservatoiredujeu.fr\/index.php\/wp-json\/wp\/v2\/pages\/89\/revisions"}],"predecessor-version":[{"id":12789,"href":"https:\/\/leconservatoiredujeu.fr\/index.php\/wp-json\/wp\/v2\/pages\/89\/revisions\/12789"}],"wp:featuredmedia":[{"embeddable":true,"href":"https:\/\/leconservatoiredujeu.fr\/index.php\/wp-json\/wp\/v2\/media\/8566"}],"wp:attachment":[{"href":"https:\/\/leconservatoiredujeu.fr\/index.php\/wp-json\/wp\/v2\/media?parent=89"}],"curies":[{"name":"wp","href":"https:\/\/api.w.org\/{rel}","templated":true}]}}