{"id":886,"date":"2017-05-11T16:27:12","date_gmt":"2017-05-11T14:27:12","guid":{"rendered":"http:\/\/leconservatoiredujeu.fr\/?page_id=886"},"modified":"2022-04-07T16:19:57","modified_gmt":"2022-04-07T14:19:57","slug":"886-2","status":"publish","type":"page","link":"https:\/\/leconservatoiredujeu.fr\/index.php\/886-2\/","title":{"rendered":"Mikado"},"content":{"rendered":"\n<div class=\"wp-block-image\"><figure class=\"aligncenter size-full\"><img loading=\"lazy\" decoding=\"async\" width=\"300\" height=\"251\" src=\"http:\/\/leconservatoiredujeu.fr\/wp-content\/uploads\/2022\/04\/mikado.jpg\" alt=\"\" class=\"wp-image-12865\"\/><\/figure><\/div>\n\n\n\n<p><strong><span style=\"text-decoration: underline;\">Historique<\/span><\/strong><\/p>\n\n\n\n<p>Il semblerait qu&rsquo;une description du jeu de Mikado apparaisse dans des \u00e9crits bouddhistes du V\u00e8me si\u00e8cle av. J.-C. Il s&rsquo;agit certainement d&rsquo;un jeu ancestral, dont la simplicit\u00e9 a permis une expansion dans plusieurs civilisations, avec de multiples d\u00e9clinaisons. En 1936, il aurait \u00e9t\u00e9 introduit aux \u00c9tats-Unis \u00e0 partir de la Hongrie, et a \u00e9t\u00e9 souvent appel\u00e9 pick-up sticks. Le terme de Mikado n&rsquo;est pas sp\u00e9cifique aux diff\u00e9rentes variations existantes du jeu. Mikado \u00e9tait au d\u00e9part une marque d&rsquo;un fabricant de jeux. Dans le jeu, le Mikado est le b\u00e2ton au score le plus \u00e9lev\u00e9 en r\u00e9f\u00e9rence \u00e0 l&#8217;empereur du japon ou Tenn?). Ce b\u00e2ton est souvent orn\u00e9 d&rsquo;une spirale bleue ou noire. Le jeu bouddhique \u00ab Chien Tung \u00bb contient \u00e9galement un b\u00e2ton appel\u00e9 \u00ab empereur \u00bb. Au XVIII\u00e8me si\u00e8cle le pavillon de l&#8217;empereur de Chine repr\u00e9sentait \u00e9galement une spirale.<br>Au XIX\u00e8me si\u00e8cle, on le retrouve en France sous le nom de jonchets ou onchets. Les b\u00e2tonnets \u00e9taient sculpt\u00e9s en ivoire, et portaient \u00e0 leurs extr\u00e9mit\u00e9s des symboles similaires \u00e0 ceux des jeux de cartes (roi, dame, valet, cavalier). Il est vraisemblable que la version du Mikado actuellement pratiqu\u00e9e se soit r\u00e9pandue en Chine \u00e0 cette \u00e9poque. Les jeux actuels sont le plus souvent fabriqu\u00e9s en bois ou en plastique. Outre l&rsquo;ivoire, il en a \u00e9galement exist\u00e9 en argent.<\/p>\n\n\n\n<figure class=\"wp-block-gallery columns-2 is-cropped wp-block-gallery-1 is-layout-flex wp-block-gallery-is-layout-flex\"><ul class=\"blocks-gallery-grid\"><li class=\"blocks-gallery-item\"><figure><img loading=\"lazy\" decoding=\"async\" width=\"226\" height=\"226\" src=\"http:\/\/leconservatoiredujeu.fr\/wp-content\/uploads\/2022\/04\/mikado-01.jpg\" alt=\"\" data-id=\"12870\" data-link=\"http:\/\/leconservatoiredujeu.fr\/index.php\/886-2\/mikado-01-2\/\" class=\"wp-image-12870\" srcset=\"https:\/\/leconservatoiredujeu.fr\/wp-content\/uploads\/2022\/04\/mikado-01.jpg 226w, https:\/\/leconservatoiredujeu.fr\/wp-content\/uploads\/2022\/04\/mikado-01-150x150.jpg 150w\" sizes=\"(max-width: 226px) 100vw, 226px\" \/><\/figure><\/li><li class=\"blocks-gallery-item\"><figure><img loading=\"lazy\" decoding=\"async\" width=\"278\" height=\"184\" src=\"http:\/\/leconservatoiredujeu.fr\/wp-content\/uploads\/2022\/04\/mikado-02.jpg\" alt=\"\" data-id=\"12871\" data-full-url=\"http:\/\/leconservatoiredujeu.fr\/wp-content\/uploads\/2022\/04\/mikado-02.jpg\" data-link=\"http:\/\/leconservatoiredujeu.fr\/index.php\/886-2\/mikado-02-2\/\" class=\"wp-image-12871\"\/><\/figure><\/li><\/ul><\/figure>\n\n\n\n<p><\/p>\n\n\n\n<p><\/p>\n\n\n\n<p><strong><u>R\u00e8gles du Jeu<\/u><\/strong><\/p>\n\n\n\n<p>Il existe de nombreuses variantes de Mikado, aussi les valeurs et les couleurs mentionn\u00e9es sont-elles purement indicatives. Un jeu comporte g\u00e9n\u00e9ralement les pi\u00e8ces suivantes :<\/p>\n\n\n\n<div class=\"wp-block-image\"><figure class=\"alignleft is-resized\"><img loading=\"lazy\" decoding=\"async\" src=\"http:\/\/leconservatoiredujeu.fr\/wp-content\/uploads\/2017\/05\/mikado-03.jpg\" alt=\"\" class=\"wp-image-889\" width=\"296\" height=\"222\"\/><\/figure><\/div>\n\n\n\n<div class=\"wp-block-image\"><figure class=\"alignright is-resized\"><img loading=\"lazy\" decoding=\"async\" src=\"http:\/\/leconservatoiredujeu.fr\/wp-content\/uploads\/2017\/05\/mikado-04.jpg\" alt=\"\" class=\"wp-image-890\" width=\"284\" height=\"223\"\/><\/figure><\/div>\n\n\n\n<p><\/p>\n\n\n\n<p><\/p>\n\n\n\n<p><\/p>\n\n\n\n<p><\/p>\n\n\n\n<p><\/p>\n\n\n\n<p>1 baguette Mikado, valeur 20 points (couleur noire)<br>5 baguettes Samoura\u00ef, valeur 10 points chacune (couleur jaune)<br>5 baguettes Mandarin, valeur 5 points chacune (couleur bleue)<br>15 baguettes Bonze, valeur 3 points chacune (couleur verte)<br>15 baguettes Coolie, valeur 2 points chacune (couleur rouge)<br>Avant de commencer la partie, on tient les baguettes serr\u00e9es dans le poing et on les laisse tomber, en \u00e9ventail, sur une table ou sur le sol. Chaque joueur doit alors retirer une baguette de son choix. Il ne doit en aucun cas toucher ou d\u00e9placer une autre baguette. Tant qu&rsquo;il y parvient, il peut continuer \u00e0 retirer d&rsquo;autres baguettes. D\u00e8s qu&rsquo;il d\u00e9place une autre baguette par inadvertance, il c\u00e8de son tour au joueur suivant. \u00c0 la fin de la partie, le gagnant est celui qui a cumul\u00e9 le plus de points. Il est souvent possible de s&rsquo;aider d&rsquo;une baguette que l&rsquo;on a d\u00e9j\u00e0 r\u00e9cup\u00e9r\u00e9e pour en retirer une autre. Dans certaines variantes, cette possibilit\u00e9 est n\u00e9anmoins r\u00e9serv\u00e9e \u00e0 la seule baguette Mikado.<\/p>\n\n\n\n<p><strong><span style=\"text-decoration: underline;\">Source <\/span>:<\/strong> Wikip\u00e9dia<br> <\/p>\n\n\n\n<p class=\"has-text-align-right\">Le Conservatoire du Jeu &#8211; Avril 2022<\/p>\n","protected":false},"excerpt":{"rendered":"<p>Historique Il semblerait qu&rsquo;une description du jeu de Mikado apparaisse dans des \u00e9crits bouddhistes du V\u00e8me si\u00e8cle av. J.-C. Il s&rsquo;agit certainement d&rsquo;un jeu ancestral, dont la simplicit\u00e9 a permis une expansion dans plusieurs civilisations, avec de multiples d\u00e9clinaisons. En &hellip; <a href=\"https:\/\/leconservatoiredujeu.fr\/index.php\/886-2\/\">Continuer la lecture <span class=\"meta-nav\">&rarr;<\/span><\/a><\/p>\n","protected":false},"author":1,"featured_media":0,"parent":0,"menu_order":0,"comment_status":"closed","ping_status":"closed","template":"","meta":{"footnotes":""},"_links":{"self":[{"href":"https:\/\/leconservatoiredujeu.fr\/index.php\/wp-json\/wp\/v2\/pages\/886"}],"collection":[{"href":"https:\/\/leconservatoiredujeu.fr\/index.php\/wp-json\/wp\/v2\/pages"}],"about":[{"href":"https:\/\/leconservatoiredujeu.fr\/index.php\/wp-json\/wp\/v2\/types\/page"}],"author":[{"embeddable":true,"href":"https:\/\/leconservatoiredujeu.fr\/index.php\/wp-json\/wp\/v2\/users\/1"}],"replies":[{"embeddable":true,"href":"https:\/\/leconservatoiredujeu.fr\/index.php\/wp-json\/wp\/v2\/comments?post=886"}],"version-history":[{"count":6,"href":"https:\/\/leconservatoiredujeu.fr\/index.php\/wp-json\/wp\/v2\/pages\/886\/revisions"}],"predecessor-version":[{"id":12872,"href":"https:\/\/leconservatoiredujeu.fr\/index.php\/wp-json\/wp\/v2\/pages\/886\/revisions\/12872"}],"wp:attachment":[{"href":"https:\/\/leconservatoiredujeu.fr\/index.php\/wp-json\/wp\/v2\/media?parent=886"}],"curies":[{"name":"wp","href":"https:\/\/api.w.org\/{rel}","templated":true}]}}