{"id":8496,"date":"2020-06-24T17:05:56","date_gmt":"2020-06-24T15:05:56","guid":{"rendered":"http:\/\/leconservatoiredujeu.fr\/?page_id=8496"},"modified":"2022-04-28T10:50:56","modified_gmt":"2022-04-28T08:50:56","slug":"game-workshop","status":"publish","type":"page","link":"https:\/\/leconservatoiredujeu.fr\/index.php\/game-workshop\/","title":{"rendered":"Game Workshop"},"content":{"rendered":"\n<div class=\"wp-block-image\"><figure class=\"aligncenter size-large is-resized\"><img loading=\"lazy\" decoding=\"async\" src=\"data:image\/png;base64,iVBORw0KGgoAAAANSUhEUgAAAJcAAAA8CAMAAABcmthmAAABelBMVEX\/\/\/\/\/7AD\/7gD\/8AD\/8gDhAA8AAABoaGfhAADkAA\/\/9AC+ChHb29sADAjxhwjkAAAwOTf75Ov+0NJyAAMABgCRAAr4vj1FRUQAExD\/6AD70AOBgoHz8\/Pn5+cAGhj81gD1tb1zeHfxhiflIw3whWv5wwWLi4r93gDvdQD52d6xAADniYzwiYhfX14gAABOAADWBRA5OTj1qgD1ogbsYQrJycm4uLhQUVHnen8WGBb97fD4uwWfn5\/qZnLvd3ViDxESAAB\/AAD1lpsoAAAhIyD3tqzoQwzzmAfvdBr4x9L+sLXuagB8ExqeJi785Nn2qjznOULZZ29aExU\/FRW8GSSzQEaJCRV4LDD0WWSoDBaiPEPCU1jMGiTWVFzfUFfuLzqrICj61MH6zK70pJ7znoX4uVH0nFclFhXzlzwzAADwdU\/xiUvho6bsU0LuY0LtYlP0m3LudTP3sXKqVVnOcnWOSEz2roT2tJfzjV\/PMj3oNCi9OT7pUGvnN1H1hhlvAAAOd0lEQVRogd1aC3faVrY+SDqyjngVWcSCYJBDMMiPmLeRBMYmBGJMGmIyxEwak163wWk6aZrJvZM6k\/9+9z7Cr07aZN3LmnbNXsuxjqRz9Gmf\/fg+OYT8x1n1jwbwaQu0Vy8HiWu\/\/lBblZeWLwYrHqKF5d+6+99mCd3WLxxWlfmmVuSbv7qJ2+XRxXBeICrVar1erQYuT92Uh4Y9c09iU17C35ty+\/KplWr95ubS0tL2ZmC5Wl9YKhSWttFW5oZqeXUpqcu7u7Lx1ULl\/Klt+3Hz3D3VoI0Og3N6\/XzKZjsoy7t37kxte2U7iEfcpvrSvGBVZfnl3l+f1h79ZbSlyzc9j2zqT47y07YHs22M72wmyMrueMhjLlHX5eDuXh8mrU8Wk3Zwa\/S0xq3xjTEvXHXb2HumRRxCHO04mtQX8GRF1t+1lH6Qb0pdHk36RmVZH05GOvhteVsP3n38TLMch2h0lDSi65bjLXaSnxeuimw8b5GI9u1\/fatFdsJ+GzcvsRlctHrhvC1XEMbdR0drwe1t\/UMrbLRJwtZf\/qUFUx3LupcPj4wPGrzSPbST8LxwJbaDiy3Se5iJp+KZh3nKokYhQKq2\/oy0FNYPLmB0LWpH4WG7vVUzw+Cwm\/LW0wgh5nffZzJFxkb9HrFeZNDiITYvXNXgy2PSK0qiIAiimO1Q2pdXEwWjb0Uepll+Gqwm2oDxKOxPGs8dM+yfIj5CtFtZmCDFGdt7RKySyE0t0nnhWtH3zMip6PMBLp9PjKeZ3y6s6rvvyL1UibK+sbCqb7XIRMkPX66TnsKayeBTh5wUVZggIK41k9wWYS6sMEdc7eAHp+eKPsGXzQI6qUsZ7JjR1EhIynbAYXbb+IU4HcaifY10wIXJPY2c4IxYNpV1GVWcyA2Y6YulUqnuvHAl5N0a+QG2JJZLl8EHYhYAJG35EWllBQQJ2dY8IRspgNgg9zJlyrY+EKurAqxyGoyys8R+Cl3tMrQ54arIuy1yX4JVKWVKKhYT0oo\/mRxBdEngQ4ww40HEOlVDVNHIK9WlLP8jYvYJcTr4eDRhbDLDlWEUbE646vLdHjlQfVKR0sngb69fvx4M8s07GF0Qb+iw6J0WOYmDHxXLzIhihzLN+SEGuGL373377U8Ko4n9DA+vVI5ioswF16q81XNyHi7T4dZj0UOILkEEZFlw2GOL5ASfeqBob7KCWGRUi5z6EEcsFU9BfFHLeaXiCdEHwEbz8ddVXBrRwMxJOIrRJcY6riSVqNIgvQxEeSpsFmFroZIALoHjUFUV8hHvjkseUkwLex5cCHGRC1whKI2QeXkrcipBxJVjYjYdtsgPKj7z4CfYPR8E2rm\/Mt1uN8fCe+NereOqiEwtUzrU58Fzr8aXRmoZSe1QZYOcpAQxTWlRVLsNYrpYBkS3xJ2ihmfxlaKKAtHVarUaTKGshFUmROnhOeX4f5mXjyJkE26YlRHUDgQQOQWgClM6ohg3yU8pvm0zk0I1su7h6u1Df8JVtAGlBxKvfrQ\/F1zLOtSvDYwf9+Dg\/s9xwKXsgLvEVKdh9QYl9T2xlC7uo+j9QH04I\/sl9Xwfw8R6\/+rFq59DWdzk+\/PyF1ArKE9d0YtiCfKuo1jOqSRk7r99+\/ZFN6ORhpKOCbFuXFWzXYwwIWeSDQx0UZLUeJjsx1U4kPAKODtvzwfXTR3K+XpKOt8qtVPD6MK+AuY7TWhlRkOiGGLdUhr3CjbwY8S5HRdEXkwR12yuANnL\/Ek78Pmnft4qtjHW1juuCC+NpnYs5yF4TuWW6pE32TRNx1UB0oBl+U3qQYPsp0OuD+vEzF94OgbRxQ6NwjxgocOm31BGy7mQZxtk4yB0bj87VicE3Kccwn87s7MHyvER1NNOOZeD+Nq\/753NQStgY\/uLy8Ry4HcNxMQ0ynhv42buKBfHyvoJvbxyxZSwn3lzWKJ2cT8DTm1vVyrVSqXyebVWLxQKX10xGF070bbtZHMNaxHaZOL95kYH4Sujq6b4D6OAg7GzRvji5PjQtttLbVmW9fZmPVFdubTVuge0vrCwMou\/gB0c9hfPrd+f2k0juHj1xN3FJ39\/9+7vD\/aGw8PmyL82jnp22FyM+tfAxuO12alRf7g4eoD2BGwUja75RyPvUn+YhDfc6v\/13bt3\/91\/KdtLcvP8IU3Aur0MsqEeCCzXZzu9FDzc0GZm7dDh6Kwf3Lk8kV97ZKKccaz951vJZL93fkl7HE0+2MeD3sX8o7XoumZ5pn3cwflr3lrWUTSZvOuvaRZBZfXjczl559n5tOO1aDJYqNRXl+v1lUDV66ABffoUbo2gaZPwWGuE90DO8LHTCh9pcPw1GGiJVtQAVjp7bmQSzj\/m9x31+GzHGijPIiiDOKyJYkYiJl1b52u3QBhFaw5J4Fr4no3m7qPZU51amNG+YS8FtuurgYVlr8KB6Ipq5PYNsIfQ00yolEqL3HuIJ14rtQTZ\/58bLqiZG\/\/Yr4X9TzQnV0Qr5cKUhS0N7lPM93jzKVUmDjFvl\/jltEJhwbwCuDbgGmOLY3hb8y0u5X5\/b7+RXwSmcYNbF3KVHhrblUK9Ui8kZpW3GgRFcxITRSmVhi5DjhWlRu7FJRyDtPkuA5dEqJOxVI6xbzSnqHJ144vBs4\/NlCQp5i04JeSAG5JWKcalj8vyZVUCnQK4bqtSBmhIj0RepHy4FMwtphl03A1vKVEIQcmdFgKbC\/X65vIswBJLweeW0wX2BMto5LtSmp1F7kGZFkuDBHmTwsot8B81xIAuFEVUR9CaVTdN\/wnUAnBJvLUfJ7Su6t19X\/n4gyrMcEnAooGGRL7njYqvBZCVAdmQvLEgHYC40uuBBbseqJ93hFX5ZQsKtyDElWNykpEyacUEXEBHQdqgDAJfxXhnjh0ojUgRhtksPgLaz2SGS5CAASGlxoeC+GFK670EuJQZrvAgkniLPEOE\/oVvCi5UNMAFa8U8WQKCBvIxUL+ovCBNHzj7GVGIh1snruRTM8oEcIlug2hF5CfxbqcTyiBAeJ5ZFCVgxAfwEKnI8imR4wKGxtZ65JRzihwINmohLmXSszxcELJxVG9uuVMuAXRBCCk1wCWVWCcmCKiojO06lLLzT0boMH3RJO\/B7WetIi4M7Ao6r1o2yT+An4iZNIW03AHEyCeOoVnmoPfgFRdxCRhfICYpcNtTifNlKPkDgrjoPizPcTmIWfDlGA33zPsxnKwMjoFylihFIVgGXIVffQoNFIK\/kF5KjE+Kqkcb3LO4lDnTSNfj7KAOHXLsIZm44Niii\/vI\/QUvfstVURrd9XD5JLczw5W9dXrr1q0u4JoQC7YYKQVd2ydmCBzm6+QHSIVZB3F1PFzXbUEfAX1Xs7hXM2BZqTtwEl0e0Gw83aqRfRzEGcW4FzmNiZUViC8fsAWUFEMvSpFUZ0Hgmm\/gnTwWAq8zIL0Y0jdghtMHFtnBwQGdgADOZlJ8T9jY2P41rgDq6u\/ionjBh0UxFf5IMEvFIs0Pk8ZzC6Q\/piwtSud3dGi+wckYKkl\/cvrB0TjZB03WwXy8XM09gkrkeSVp3F3n0heiYcKpLmYDFIrmJ7jGtg681L2EBY8qwVZwXC5Tmob+2CG5a\/5yQ1CC1k18WRG\/D\/iTxl4v8lpSucdKbFJW8T5e6ma4fGKHKUFj68druARBEvC9pu1\/pYxVowl1+ZqAgCrmxVc8Pdj5cNwjrQwKEHaG8eW6KiTg5IiAyBdcNwP6jD1+8GAwoenQ7HMELatCLOOiiRhfJm5diDYaH2pO5BVmc5kO8ENGKlVKoxSXP8GwE9vBb4jphZenSl2IKpO8wJLTrREnQaxTFfWhMsB8nAxUiJWzIwL+EpR\/3lKhVRxBx16HuE5jSYb97kCCAwlTPv5NRUIdQT9nOw6BRrsBJQNugVXgQWkkRP6hvP0pUlZHBXuLE\/QsL405modYNzNYaUq3I87JQ4ToSytQStRcY0fFUGWIi9cvKLHU+vpr7eQsnYt5tQVxpSExI7xOAOXGqhV\/ZTrabe7SkgKr8BTN+w9teeXTQhw\/TfLmE+\/guqDgx8Zzx\/u2IGVLpazEw1OZRGa4fNDUFGv\/HFcqzTr4rTKV5dUc9pHjYvlZvT9OWFgbBcktuTyZwcNmS+K4mkm58FsyaVXua5GHgKhLQTlDIOSbSSwOJd4eeV2ANaHcOxe4YmmlcY4LozidkXjjxFgOYdxf648m6k6ex7wnCFBjyMYMl1H\/TWId+Ool8I4YZBbtwCtjfoEW6hHzVJilKQQ4EGPtApdPLbHLvi3AxJwXmyAdi6DP36viFVzAiaD3CsJMs6UOUMFf4Pqdjykr8pqz74KjKC1isjWNQjv43CSRn+OcjUixA4jQB8hzOC6spmXo26qKfQhGkJIpT6khIaL7b0DIzXiOCrjGA4top6qES4nFDmNrj74IF9TWDTLB5KAMIjpvy9VKOwhkzqIdoIIhvOKfPtHMcDodPj4uo0H5TsNoPc0NJA\/\/zfDj4rE1gRvh6evOgB+MXuY1sh4ud90SaGGWH+kcl\/o5XKSgP62hvhlz9TIyCgnIUiPaOLrQP6Np8kmN8kN6Vf5cG3jfURefHXlKaK02Oxglh+PGhZzyHybvAi6QvuXP4aoED\/1g4yn+6x8GsStUC3qw6ffn83m\/f5RM2sm+\/wtsfJi0x2veMUgm7wAIvLEbxbXgBmhsNuLC\/WT5w9\/FldiU0XRd57+9P3sGtmXdsIfDoZ00dLnQloNX7dpo9+rAvjbyTi3ZspGcDofTJKxlL915BJQdUI0Odfl3PyJWb16184JSWViyg7qs24WF6vLKwpfZ6qdOVgIrBVvXYTG7sBJY3X20EYaKOtXbC\/+3b4jLVW7z+BATwL+W3qzjWqt3fqHRQ0O2rzLUP9JmJXRVPhwGjaX6H\/838eu2CsG5UP0z\/BeC67aqLwT+fKgg1P5sG\/gl9r8E+HgbuYwRLwAAAABJRU5ErkJggg==\" alt=\"\" width=\"358\" height=\"144\"\/><\/figure><\/div>\n\n\n\n<p>Games Workshop est une soci\u00e9t\u00e9 d&rsquo;origine anglaise qui s&rsquo;est sp\u00e9cialis\u00e9e dans la cr\u00e9ation de figurines. Cette soci\u00e9t\u00e9 \u00e9dite des wargames futuristes ou m\u00e9di\u00e9vaux fantastiques utilisant ces figurines, comme Warhammer, Warmaster, Mordheim, Blood Bowl pour le fantastique et Warhammer 40,000, Epic, Inquisitor, Necromunda, Battlefleet Gothic, Gorkamorka pour le futuriste. <\/p>\n\n\n\n<p>Dans les ann\u00e9es 1980, elle publiait \u00e9galement des wargames, des jeux de r\u00f4les et des jeux de plateau avec ou sans figurines dans diff\u00e9rents univers, mais Games Workshop s&rsquo;est recentr\u00e9e sur ses gammes Warhammer et Warhammer 40000 depuis le d\u00e9but des ann\u00e9es 1990.<\/p>\n\n\n\n<p>Elle \u00e9dite aussi Le Seigneur des anneaux : le jeu de bataille sur l&rsquo;id\u00e9e d&rsquo;un jeu de figurines bas\u00e9 sur les livres et les films du Seigneur des anneaux.<\/p>\n\n\n\n<p>Games Workshop publie aussi le magazine White Dwarf, qui est int\u00e9gralement consacr\u00e9 aux principaux jeux de la soci\u00e9t\u00e9 (Warhammer, Warhammer 40,000 et Le Seigneur des anneaux : le jeu de bataille) ainsi que quatre magazines sp\u00e9cialis\u00e9s : Battlefleet Gothic Magazine sur Battlefleet Gothic, Exterminatus Magazine sur Inquisitor, Warmaster Magazine sur Warmaster et Fanatic Magazine sur les jeux sp\u00e9cialis\u00e9s de l&rsquo;entreprise en g\u00e9n\u00e9ral.<\/p>\n\n\n\n<div class=\"wp-block-image\"><figure class=\"aligncenter size-large is-resized\"><img loading=\"lazy\" decoding=\"async\" src=\"https:\/\/i47.servimg.com\/u\/f47\/19\/40\/76\/44\/killte20.jpg\" alt=\"\" width=\"259\" height=\"267\"\/><\/figure><\/div>\n\n\n\n<p>Warhammer 40,000 vous place \u00e0 la t\u00eate d\u2019une force de guerriers et de machines de guerre. <\/p>\n\n\n\n<p>Les r\u00e8gles de base de ces pages contiennent l\u2019essentiel pour jouer des parties de Warhammer 40,000 avec votre collection de figurines Citadel et partir \u00e0 la conqu\u00eate d\u2019une galaxie ravag\u00e9e par la guerre.<\/p>\n\n\n\n<p>Un exemple des figurines Warhammer 40 000<\/p>\n\n\n\n<div class=\"wp-block-image\"><figure class=\"aligncenter size-large is-resized\"><img loading=\"lazy\" decoding=\"async\" src=\"https:\/\/www.antredublup.com\/12117-large_default\/blood-bowl-equipe-ogre.jpg\" alt=\"\" width=\"221\" height=\"243\"\/><\/figure><\/div>\n\n\n\n<p>Un exemple des figurines Blood bowl<\/p>\n\n\n\n<p>Blood Bowl1 est un jeu de football am\u00e9ricain fantastique, \u00e0 la fois jeu de figurines et jeu de soci\u00e9t\u00e9, cr\u00e9\u00e9 par Jervis Johnson en 1987. <\/p>\n\n\n\n<p>L&rsquo;action se situe dans l&rsquo;univers de Warhammer Fantasy Battle, un monde m\u00e9di\u00e9val fantastique imagin\u00e9 par la compagnie Games Workshop.<\/p>\n\n\n\n<p><strong><u>Liens<\/u> :<\/strong><\/p>\n\n\n\n<p>Le site officiel de la marque\u00a0<a href=\"https:\/\/www.games-workshop.com\/fr-FR\/D-accueil\">Games Workshop<\/a><\/p>\n\n\n\n<p class=\"has-text-align-right\">Le Conservatoire du Jeu &#8211; Avril 2022<\/p>\n","protected":false},"excerpt":{"rendered":"<p>Games Workshop est une soci\u00e9t\u00e9 d&rsquo;origine anglaise qui s&rsquo;est sp\u00e9cialis\u00e9e dans la cr\u00e9ation de figurines. Cette soci\u00e9t\u00e9 \u00e9dite des wargames futuristes ou m\u00e9di\u00e9vaux fantastiques utilisant ces figurines, comme Warhammer, Warmaster, Mordheim, Blood Bowl pour le fantastique et Warhammer 40,000, Epic, &hellip; <a href=\"https:\/\/leconservatoiredujeu.fr\/index.php\/game-workshop\/\">Continuer la lecture <span class=\"meta-nav\">&rarr;<\/span><\/a><\/p>\n","protected":false},"author":1,"featured_media":0,"parent":0,"menu_order":0,"comment_status":"closed","ping_status":"closed","template":"","meta":{"footnotes":""},"_links":{"self":[{"href":"https:\/\/leconservatoiredujeu.fr\/index.php\/wp-json\/wp\/v2\/pages\/8496"}],"collection":[{"href":"https:\/\/leconservatoiredujeu.fr\/index.php\/wp-json\/wp\/v2\/pages"}],"about":[{"href":"https:\/\/leconservatoiredujeu.fr\/index.php\/wp-json\/wp\/v2\/types\/page"}],"author":[{"embeddable":true,"href":"https:\/\/leconservatoiredujeu.fr\/index.php\/wp-json\/wp\/v2\/users\/1"}],"replies":[{"embeddable":true,"href":"https:\/\/leconservatoiredujeu.fr\/index.php\/wp-json\/wp\/v2\/comments?post=8496"}],"version-history":[{"count":4,"href":"https:\/\/leconservatoiredujeu.fr\/index.php\/wp-json\/wp\/v2\/pages\/8496\/revisions"}],"predecessor-version":[{"id":12937,"href":"https:\/\/leconservatoiredujeu.fr\/index.php\/wp-json\/wp\/v2\/pages\/8496\/revisions\/12937"}],"wp:attachment":[{"href":"https:\/\/leconservatoiredujeu.fr\/index.php\/wp-json\/wp\/v2\/media?parent=8496"}],"curies":[{"name":"wp","href":"https:\/\/api.w.org\/{rel}","templated":true}]}}