{"id":8263,"date":"2020-06-01T17:40:17","date_gmt":"2020-06-01T15:40:17","guid":{"rendered":"http:\/\/leconservatoiredujeu.fr\/?page_id=8263"},"modified":"2022-04-28T13:11:23","modified_gmt":"2022-04-28T11:11:23","slug":"hurrican","status":"publish","type":"page","link":"https:\/\/leconservatoiredujeu.fr\/index.php\/hurrican\/","title":{"rendered":"Hurrican"},"content":{"rendered":"\n<div class=\"wp-block-image\"><figure class=\"aligncenter size-large is-resized\"><img loading=\"lazy\" decoding=\"async\" src=\"http:\/\/www.hurricangames.com\/siteimg\/device\/logo-100x100.png\" alt=\"\" width=\"228\" height=\"218\"\/><\/figure><\/div>\n\n\n\n<p>Hurrican Edition, cr\u00e9\u00e9e en 2006, est n\u00e9e de la s\u00e9paration des activit\u00e9s d&rsquo;\u00e9dition et de distribution de la soci\u00e9t\u00e9 Swissgames, active en Suisse depuis 1997 en tant que l&rsquo;un des principaux distributeurs de jeux de soci\u00e9t\u00e9 en Suisse (Asmodee, Days of Wonder, Nathan, Megableu, Educa, Sentosph\u00e8re, Bioviva, France Cartes, Buki etc). <\/p>\n\n\n\n<p>Le 1er titre \u00e9dit\u00e9 par Hurrican a \u00e9t\u00e9 Mr Jack, jeu qui a connu imm\u00e9diatement un formidable succ\u00e8s (plus de 250&rsquo;000 exemplaires vendus).<\/p>\n\n\n\n<p>Hurrican Edition compte aujourd&rsquo;hui 14 jeux \u00e9dit\u00e9s : Mr Jack et son extension, Mr Jack New-York, Mr Jack Pocket, Lady Alice, Le Fant\u00f4me de l&rsquo;Op\u00e9ra, Augustus, Sheepzzz, Mow, Prrrt !, Hurry&rsquo;Cup, Dr Shark, Sidi Baba et Madame Ching.<\/p>\n\n\n\n<div class=\"wp-block-image\"><figure class=\"aligncenter size-large\"><img decoding=\"async\" src=\"http:\/\/www.hurricangames.com\/dataimg\/device\/quadrio_image\" alt=\"\"\/><\/figure><\/div>\n\n\n\n<p>Quadrio, c&rsquo;est 1 grille avec 2 faces et 16 entr\u00e9es. Vous r\u00e9alisez une ligne de 4 ? <\/p>\n\n\n\n<p>Vous gagnez! Quadrio, un jeu appris en deux minutes, pour jouer partout et sans limite ! \u00abR\u00e9volutionnaire, profond, unique, surprenant\u00bb<\/p>\n\n\n\n<div class=\"wp-block-image\"><figure class=\"aligncenter size-large is-resized\"><img loading=\"lazy\" decoding=\"async\" src=\"http:\/\/www.hurricangames.com\/dataimg\/device\/kero_image\" alt=\"\" width=\"334\" height=\"336\"\/><\/figure><\/div>\n\n\n\n<p>JUIN 2471, le k\u00e9ros\u00e8ne &#8211; KERO &#8211; est devenu tr\u00e8s rare. <\/p>\n\n\n\n<p>\u00c9quip\u00e9s de leur camion-citerne, deux clans convoitent les m\u00eames ressources et tentent de survivre en explorant les Nouvelles Terres. <\/p>\n\n\n\n<p>Ils poss\u00e8dent chacun un camion-citerne, quelques jerrycans de k\u00e9ros\u00e8ne en r\u00e9serve et une \u00e9quipe d\u2019explorateurs pr\u00eats \u00e0 s\u2019aventurer dans le d\u00e9sert\u2026<\/p>\n\n\n\n<p>Mais sortir du camp est risqu\u00e9 car on n\u2019est jamais \u00e0 l\u2019abri de la panne s\u00e8che ! Heureusement les Tuareks &#8211; une tribu locale &#8211; peuvent vous donner un coup de main. Economisez votre k\u00e9ros\u00e8ne, r\u00e9coltez des ressources, remportez des territoires et devenez le clan le plus \u00ab badass \u00bb de 2471 !<\/p>\n\n\n\n<p><strong>Liens<\/strong><\/p>\n\n\n\n<p>Le site officiel de la marque\u00a0<a href=\"http:\/\/www.gipf.com\/\">Hurrican<\/a><\/p>\n\n\n\n<p class=\"has-text-align-right\">Le Conservatoire du Jeu &#8211; Avril 2022<\/p>\n","protected":false},"excerpt":{"rendered":"<p>Hurrican Edition, cr\u00e9\u00e9e en 2006, est n\u00e9e de la s\u00e9paration des activit\u00e9s d&rsquo;\u00e9dition et de distribution de la soci\u00e9t\u00e9 Swissgames, active en Suisse depuis 1997 en tant que l&rsquo;un des principaux distributeurs de jeux de soci\u00e9t\u00e9 en Suisse (Asmodee, Days &hellip; <a href=\"https:\/\/leconservatoiredujeu.fr\/index.php\/hurrican\/\">Continuer la lecture <span class=\"meta-nav\">&rarr;<\/span><\/a><\/p>\n","protected":false},"author":1,"featured_media":0,"parent":0,"menu_order":0,"comment_status":"closed","ping_status":"closed","template":"","meta":{"footnotes":""},"_links":{"self":[{"href":"https:\/\/leconservatoiredujeu.fr\/index.php\/wp-json\/wp\/v2\/pages\/8263"}],"collection":[{"href":"https:\/\/leconservatoiredujeu.fr\/index.php\/wp-json\/wp\/v2\/pages"}],"about":[{"href":"https:\/\/leconservatoiredujeu.fr\/index.php\/wp-json\/wp\/v2\/types\/page"}],"author":[{"embeddable":true,"href":"https:\/\/leconservatoiredujeu.fr\/index.php\/wp-json\/wp\/v2\/users\/1"}],"replies":[{"embeddable":true,"href":"https:\/\/leconservatoiredujeu.fr\/index.php\/wp-json\/wp\/v2\/comments?post=8263"}],"version-history":[{"count":5,"href":"https:\/\/leconservatoiredujeu.fr\/index.php\/wp-json\/wp\/v2\/pages\/8263\/revisions"}],"predecessor-version":[{"id":12950,"href":"https:\/\/leconservatoiredujeu.fr\/index.php\/wp-json\/wp\/v2\/pages\/8263\/revisions\/12950"}],"wp:attachment":[{"href":"https:\/\/leconservatoiredujeu.fr\/index.php\/wp-json\/wp\/v2\/media?parent=8263"}],"curies":[{"name":"wp","href":"https:\/\/api.w.org\/{rel}","templated":true}]}}