{"id":8246,"date":"2020-06-01T17:08:42","date_gmt":"2020-06-01T15:08:42","guid":{"rendered":"http:\/\/leconservatoiredujeu.fr\/?page_id=8246"},"modified":"2022-04-27T15:04:55","modified_gmt":"2022-04-27T13:04:55","slug":"dragon-radieux","status":"publish","type":"page","link":"https:\/\/leconservatoiredujeu.fr\/index.php\/dragon-radieux\/","title":{"rendered":"Dragon Radieux"},"content":{"rendered":"\n<div class=\"wp-block-image\"><figure class=\"aligncenter size-large\"><img decoding=\"async\" src=\"data:image\/jpeg;base64,\/9j\/4AAQSkZJRgABAQAAAQABAAD\/2wCEAAkGBxMTEhUTEhMWFhUXGB0ZGBgYGB8gIBwaHxoYHiEdHR0aICggGh8nIBgeITEiJSkrLy4uGyAzODMsNygtLisBCgoKDg0OGxAQGy0lICUtLy03Ny01LS01NS0vLS0tLS0tLS8tNTUtLS0tLy0tLS0tLS0tLS0tLS0tLS0tLS01Lf\/AABEIAL4BCgMBIgACEQEDEQH\/xAAcAAABBQEBAQAAAAAAAAAAAAAFAAMEBgcCCAH\/xABHEAACAQIEAwUFBQMJBwUBAAABAhEAAwQSITEFQVEGEyJhcQcygZGhFCNCUrFiwfAVJDNygpKi0eE0Q2OTssLSFyVTc\/EW\/8QAGgEAAgMBAQAAAAAAAAAAAAAAAAECAwUEBv\/EADIRAAICAQMCAwYFBQEBAAAAAAABAgMRBBIhMUETUaEiYXGBkfAFFEKx8TJSwdHhJCP\/2gAMAwEAAhEDEQA\/ANxpUqVACpUqVACpUqVAGGe3DGP3eHBgZrrbHXSZ+rEafWgfY7AlVLMdZiBy5x9atvtd4ZZvYZMS94IbXeG2p3uOYIWfQTVZ4HxMMmVEykAbn66b7Vn61vbwa34elllgJ0NRUfkaYS+QfWpMjpWU+EauMH2KdOI0rgLUHiDRoDVeNzwPamSlxni3qeb\/ADHrQHC7yaMr1pWRSFKCR0bvOdK5e\/An5UzcTcjnE\/xypkHkaqwmNI7N\/TQ0zdvGN6+hajuZ0qyKRNI+hS3PT\/T61Gxt2Blk1KupC1Ev2Zmf42q+LQJEXgnDbeKw\/ETeOUWodGjVSEOx5jcR51oHsAH8xvMfea+Sw6eBQB8gKzNuJCzhcTg8pz37ynN\/wiBPnMgLHmK1z2IYYLw0OIm5cdjHrt6jat6l5S+B5vUJqUs\/3GgUqVKrjkFSpUqAFSpUqAFSpUqAFSpUqAFSpUqAFSqMuOtmIYa7b1xc4ig6\/L99LKAmUqgJxMGBGs667DqCN\/pToxg6Hy0NCkn3AlV8YTpUP7QZPigTzQ7aab77\/wACo+JxzCMhDHLr4SBm6gn46UwwZt7aLU4S0rAFjiQNtJ7sgx8RVG4bZKuyGTGWCNwTPzEyIq+e1+yfs9m7JyJiAW\/tW4HrDaTVMu2QwDqSDyI6dKztXJ5wbf4bFODffIZDjKDTXesdjHTSneGqWQBhqDv186mPgulZTeOppZS6jGFbrv8AxrTHEhpt\/rU2xZyjWNq+XNarUluyJPkE4NRGvlFErTiPShmJOpjlXzCXz\/H6VZKLksljWQpfcRp\/+1HDH61Ge4Zp+zcn1qpxwgxhHbEwP0r5Ztidd\/1qShBFcOmvlUFLsLI1eaf0+NM3LRmNxP8AB86kZPrXNxsoq2LYFf4zhAb1ttDlmfWJ1+c1rHsTtkcMEggG9dKzzUtIP61luNQjvMuucFsp3zbSK1j2N4hm4YitEWne0sc1QxJ85mtnQvhoyPxNYinjuXilSpVoGOKlSpUAKlSpUAKlSpUAKlSpUAKlSpUAYL2hyjGYgu96e+cLldgABAAhWAG\/IV0Ag8F3vLqjbOWaNNhmJof2twOMbHYrubNx0a6zAi2zDULBVhoQYjy350ylvHqMpsXrbTHuEqBHUnefpS2+4njgnYTC2iTCIRofdIIB2iDuIru7aKKcrONdluOo1\/tUP\/kziShfuSQZnu45fEab1xi+A4+6pFuzcU82bLPwGaouGR4Jlu+Tr3txTuYvP8pDT8a7ukmYxF0zt9+8+k5qEWfZ3xJteY1Be6oOsyBrXeL7JcUBRRY0HvMGRp1nTxU9q8kGCRibIuL3d58S6kzBvOVMc4J0INcfyIoI\/nF9V08Odduk5ZqPxThGNw1nvb+HIBZVBLrJLHTRSaFYv7YBph315AHQ+vOoy29Hj0LIqf6c\/IP37WGtMBnxDTMgX2+eka\/5VGOKw2f3sSVPW+xPLzqvPg8bGb7Ownyk\/LenvsOLXKDZYnrl5ddD9KhmrzXoS2W+TDxeyIh8SddZvNp02OtOrdsEx96RGs3bmh8xm+tAHw2MEkWSdIjL9Zn6Vwi4sMGFq5O0dy0fPnTUqu2PQGrfJlh+wYUyfvhIJIF14HyprGcIVJNt7ykCdbpgj4npQfGLjiAQMQixqFQ7\/OYrvDYLGsgJs3GMe84iR6EzSc6u7XoC8Xphk21hZ1e859b37h0rvJaQDPduk8wl1iN+o1+VArnCsdmk23WPyr+4GnFtYkQO4uN1JtkafCjdT22+hLFy7P1D9sJMpiHUEGPGf++YNOfZmJB+1XI5nOm\/KPB50A+xYxxKYcqOUjf4EiN\/pUa\/wrGZkJsuYO0CJB3hTyqO6jP6fQNt\/XEvUsLYW4D4sVcUebL6\/l1rn7PaPhOKvFuveGI35AD61AOBxLaGxcJ3JKx9S38aV23DcWIizG86rr9f4inv06\/t9A23vs\/Ul3MDZH+9LA6D7xyR8jPL61M4Xi7doFbVy\/bWSSFu3F+Phbear1\/hGLUhyHAkSFVY+ja0Q4d2fx2LtXWw1tiEbu2gAEPAYxDSNCKthZGXEGvkV2RsX9SYbGOIYMvEccvP3yRPSHn604vGsWup4jfZeeqg\/wDTPyoZw3sJxYMfuGjo3P1JbSjf\/p9xPQiygHMFxMfpNTwu\/wDgqeCI\/FXM5sbiif8A7XG8n8MCu7eOdlBXGYgMImb9weu5ri72A4vmOWyhB5sy6ekMZr6ewXFkUnuUfnuJj+qDrUvdhegcE7D8cxNkk\/b7xH4QzK2nxXWvmK7XYlgJxl4k80CLHzTmaBYvs9xFYy4G9ESzZdj5QdqEYThfEM8vh7sFtRlb6QIA51FwX8Cwi2N2ixMZjjsSFBg+5MxPJda+XO1eIB\/2zFRPRP8Axqt43h+OZSEwt3XQQjAg\/KKWH7KcYIy\/YrsHcv016nTfpRtXkLaibd9pfElkpiQwnIAVWZPwg+tb32L4m2JwOHvv71y2CfXb91ea+Iez3idhg7YZoBB8HiAPoN9q9JdisP3eCsW8oUogBT8p1MEDY60bcAw5SpUqBFS452hwOFcrfCKxJgAEk7ScqgmNYqBhO3HDpJFxBPJrbjboCk6+pqvdrR\/7pfcAHLatjXza5+40NZ2mS208hUdvceC8J7RuHA\/09pT1Kuv1KCivCu12GxBIsXbV1hqQjidB0OtZhdultzPqBTN\/DqSrL93cScl234XU6ayN\/Q6GjD8wwbHxLGr3YadAZYH4+RERJ9BVPX2i4ZhmSzcdDsy4cx8JILeoFQ+E8cuYnAYtLpU4izKO4EBky5xcK7aiRHUVWOGlUs2wpn7tYH5TkGw601z1Gd+0HtKmKwps2bN+TfS5JskAATManyoZhe0SQFcXvXuX\/cKNi6wGjN864tswEzHxqmzT12dc\/fyOqnUTqT29wSe0NjNDOyk7Z0ZZ\/vCiSGYg\/WmuJ4YXUKvBB660H4EzWLn2W4ZBk2m9N0+EiK4tRo1CO6B3afWOUtsywzUtWPwptLemorvu4\/j9KypJM0B1sSqIXdsqqJJPIUIxHavDRqz\/APKuf+OlN8cu5nt2D7pm5cjmibLp1Yj61xai5ofCdDOhkiZ+WaK7tJ+Hxthvm2vgZuo1Trs2xwO4Ljli8wRGbMZIlGUGN4LAT6VPNVi1hiuOCiSAxcSZ0FoDTSBq1Wqa49ZRGmzbHyOvSXSthul5iApu5cCgkmAKcZo1OkUNUC\/cLOD3NlwMo\/3z75fJF3PXalpNNK+eO3clqL1VDPcS8YdgGTDXGUiVJKrI65WMjXrTZxOIJn7K8c4dCflIipvEL5utJICjZBsNIjTfrr1NK1iCIhjpJkdT5ittaDTx\/kyPzt3XP7ApuJ52a3kdGUAkPHunY6E9DWj+xh1OCu5Yn7RcmNz7pE\/A\/SspuKTcvtMsQF+JztP+IVrHsytKMBabCIEGouod2vDRmZufKIo09UIWyUfcWam2U9PBy7t+hZ8SHYugfxBfAFkaTGs6TykGgre0HBWn7m7dfOpys\/dNkzAwfGBl30md6XbTjzJbFi34b1xCXM\/0aRqZ2k7Cs6YFrfcqoFoJsdc2YrIMiY0O+pknpXcku5nGyYzCd6ysDoFkEToZBBGsV9w3DchUh2OXN8Q0afPWqr7NON5lbB3CS9kA2yx1a0ZA35rGU+k86u6GRJEeRpCOqVco4OxmvpNAA\/Hgm5bADc9M0AgR0PVuk6fOBbTvWYlYEDNzIMjQF45TI1HzoziIJUbNqVMbGN\/rVJ4\/2vKXXs2LDXrikBvELSAkAjM2rMcsGAIoAs1y1ak94ViZQLoR\/c1PL5VJ4WqgMEBAmYI6j9NOdZHxjthjocB1woW2zZbKAtoCR43mQY3y1qnZxnNpDcbM5t2yxiJYoJPzo57oAtSpUqAMd485OOxjNv3iKPRUBHzzULcrrDGeY6Vbe2vZvA27hxOKDlnbQ2mdWZiYCkAwd4npVXxFjhc+H7bbPmLpn4tINR3EiOMSCfCPXyp5RmpnB8It4hLn2HEXi9sxle2ILxmgyAYI033qNwvFF1GcZX1V15qykgg\/Kh89CSHFs5MQiq2W3ikbCXOejq2QkfsvHzNPdquwWJw9v7QcUpCMgyKhWZKrpLHrOtMcTsd5ZKSQdCDzDAyCPQiatfF+MnFcBN5\/fyIH\/wDsV1VvqDRyElgqOH4W9ufv7jQfxRHpoKkWGIBBJOu55VIe4CZH66fCgfaoN3QVXIFy4qsZIgHQTGpEwIptpE0uB7G8SQD3og6+vpQbFYlLgyIxa6v3iOJgMupA+WuvOjfDOzllAC47wr+baf6u3zmuu1hBsAgAFbiZY0jxgafOuP8ANqUlGK4Z2S0c4xcpPoFuCcQW\/ZW6OehHQjQg\/GprN12qr9jRku4izuoy3B\/akEf4Zol2lvHuxZUw14hJ10Tdz5Qs\/Os2yjF3hp9zrhdmneyDwy4LjPfYf0pOQT\/ulOVfmZb41PwzKHaJ13PSAfl\/rXNi1AyqNhAjoDpQnC4+419PdFq6bmTTxHJpmJ\/KSTArcWIJRXwMh5eWyXh0\/nxP\/Cbf+tbBj4AUbP1oLw3XGXRM5bayfViY\/wANEeK4nurZaYjc9PPz9KwNenLU7V7ka+jajRufvIfFr5ZhZtk59yY9xds501jkOp8qekBQiCEUQo1+Zncncmo\/DVK2zcb372rDooPhWfLn5zTd+7PhidDIn+IraoqVNaguv+TLutds3JkgCJM+dQ73EFAbLOg0J0B9Kh4nFkpo0REjp8edVjiPFiVzFYmQq5gTOniMadQKu5KSy4OSL7GPC4j\/AJSmtM9m+JTB8H+0sSe9dnVerMcqqOhJFZvwq0bmHvE6E3YOm0BR+gqX2fW79lyNci2js2H8kJGZ\/OQGVegmuXTtO2Z3ahP8tWgxisTdv3WusxBZiWIOhjQKP2VHh896j4hmQ24QmWgkMAB4TqeZHl5UMscda\/de1hACEWXvHVVGuy\/iJ5a1VH7ZYprhZADbGgUgR6kiPEa7M+4z2X84m5aZb9nS5aMqeo\/Ep8mAjy0NbJwTjFvE2Ld+2fDcA05g7FT5g6V5z4N2lFy4neHuZ0giUc67N+Eyav3YjjZwuIh5XD3yQQx0S6ASG1gDMFj1jrTbEa2HA228gY267cqcIrLLnaHid6b+Hv2LdouQtt7RkAbAvP4vTeRrFHuw\/a+5ir13DYhLYuW0D5rZMMpJB0OxBBEa0YYsFvxN3KPXQeZjQT1NYzhMQWW44AFy7euEtPIM1sekqgith4pe7uxdeYyW2ad4yqT+6sas28ir1yqCR6T85JpxABcTw33V0uSpa3cGkfkOg8jtW88AnuxP5Lf\/AECsL7WX8qW1\/MWB9Cp1+tbxwobjoE\/6aJMAhSpUqiBQfa5Pc2OnfJP94VS7jkwXbxRJG23IfOrj7XbngwqzveWfTlPy+lUTFXgNNz05xFOJJFm9j2GL28Rc1Au4pzpEgJbUbnzNCu2HDXw3EHYibWIbMrRp3uUZl8iyjN6hqs\/sZsMuCSR7z3nB8i4A\/wCmp3tTwJfB3WVSzKouJG4e2c2nqpb1ANR940+TO77ga+lSOEXZ4Lj15JdfTpmKOPh4pqA19XtggzIlflp+tfeDlvs\/FsMSBmw4vAeYVgfkFX50micnlDl4ZWIXzgHrAPyqNjbD3LDoSM2U6gaZhqCB6inLZzAHmFA+gNcPch11ygamdiNonrU2NdCfwPFi7YW5Grbjow0I+BqL2vcDDKNi122Pk0\/uqHwDidu0MRbuMFCM10GdCr9OvikfGgOJ4jdxt5RaB0kW16dWbzGknlsNTWRChq5vsnk0Z6hOlLrJ8f4LP2NQlLt4\/wC8uED0Tw\/rNNPc77FXHGqW\/ul9d3PzgfCimMYYXCZV1KqEQcy50HqSdaHcLsC3ZVSIInMW5nafjvVuljvtldj4ffwKr3srjX9Rrj1xhbFq1\/SXWCL5Sd6m47CLZvYRANLdm4B1Md0P9aYx2Ft3BJDFkkqVJBB\/ZIO\/+dBOGNfDBr7MyiQkvJWYzAgiZ0jfcV1WVylZGWeFn1RzKSUWsdQn2au5sRiG8lj0zPRDidsXb1u0w+6t\/eXT1bXIn0zHyAoH2SvlXxLRJCK0dYL7fEUVwN4m0kCQ47xn\/Mz6mD0HugcgorljTu1UrPLH1wXyta06gu+f3H7qjKVU6xprtrQLGFwVs2oN254fnvPkIk1MfF5SzMQIkR0gbmpHZHBGDiLkhn0QHdbfXyLb+kV0am\/woOT6lFFTtntO17IKQC95y3MgKBPpG1JuydpGzK1wEjUgr\/46UQXtLhNQcRbBGmpgaHqdKexfFbItPcW6jhQSArAknkBB3MgfGsbxtS3ht8mmo6deQHxeFtpbOHViq63L1wnVUJMknfMxkD49KhYZ2x6wpVMHDW2gkOGA8PLb3dNjrNV7tFdv3Lq4JYD3GD3IJ1dhIUn8qLAA8qvCWCqpZtsJVfFsWGm+m+x3863dPT4ccPr3+Jl32+JLjhLoMdn8BhcCjAm4q3SFa9cy5Rvl0BmNeQmh\/BeAWLVu69yShVioEgi2evMOYieQHmaexeKQeFbwuZT41aDB3ED6TTeJxSjJirehRSmQDRixhQQNCAWn4mrslIBtYa3cLZrYWNO727tD7oIP4iNSafvY5u4bD3ZJtxcRvzIpBg+YjensO4uC53t0qqHxZf6S7caCAv1Ejb4UJxtyboAYsgYqAw8agr+PrMxP7NSA0bFXcwy2z93pBHMZR9NyPWm+yV84fHYe6NQWNp9fwXPdPqGEfE0P4bic2FtnQMyD5hYOnwoNxXHMr2kQgaaCYJdRmSeoDChvgibp7RL8YUJMd7cRP7M5mnyyqaz11+8JOx12057Ua7Xcc+0WsGyMMty0bk\/ttlQeU+JtKCFQd\/FH8D\/8oiIhdoVVrayJ1kac8yD4b1tXDkguPT9KwfiGLMKh0gpoPO4k\/Wt8whl7nqP0qMuoEqlSpUgM39rUZsOCY8an5d4f3VmWK4mWYEKBA3j+IrU\/a5GSwYHhuAk+RzAfX+Naw69jJZ1HJen4tTp6RTRJG++ypMuCwwBn+bqfiWYn9atfE7c2z5a\/5j4gkfGgHs6A+yWdNrFsfSaI9oeJpZt3LlwxatLnc9SBIX9PmKi+ELuYl2gwS4XE3cMkFEYXLUH3UefCTyKkMI6RQf8AlbJeNyTla3ctN5q9thr\/AGgKgYnjjX7ly6\/v3GZ3AI0JiZ9BCify1O4LwBsXZxV4yLNi07E8mYKSqjrtmJ5DL1p845J9gxhnC2wdTKqZj9kVF4jfUJ4zBI0HWNo+f1rj7cFtCYgZRE7+Ab1WXxhuX8xOVRIg6CdNgflQ8DySsTaVlzNmlZ0B3AIMGN9QDV37I8OS3aW9C57oBJXYDko9JM9TNVe3bjlU\/g3EThm7s62bhhf+G5O08lbryNcushOVfsl+mnGM8yCPFr4uYtF3SyMxj\/5GHhHwWT8RUPG8TtkHWNdjptQS5xNrfiMi7mJuhtDnY\/VQsAHbSg+KxeZoU5iCCI1BY6AfM1ZTBQrSyQss3TbLFb44g0NxRvMt8hFM3cd3niER5fH+PjVx4dwi1bsW7RRWKqJJAJLEyTMdTVN41he6xLqoAWQ4A0gONQB0lSfjVVOqVk3FIut08q4KTZK7M4gDFhT7rq1szzOjL9M1PYW61hLlnU91cZB6TmU\/3WHyquW8SUvIY0Do88\/C4B+jH4Vbu1uHyYhbgjJdEEftqD+qn6VKXs38\/qXqipLdW\/c\/3IeDwRxV5bRHgXx3fMTopjmx5dAasvaDE9zYuOBrGVR1Y6KPmaGdicUgtva2v5iXn8Qk5SOoCgCp3aLhRxNsItzIVbMDEidRB1H8Cs3U2KV6jLojv00HGluHLZUFwwCqsAgAb89P31FXDot60QgHi3yxrBIHz\/QVzg7RtF7ZcMEOWQfCYA1BO0SRE8q6GIS9bJE7wDtqIM69N\/hW6nuWTLaw8MnKg\/lZHuaA2wwnbROvzp1eMFFv30lrrjIqxqF8UswGq6MYoPxDijF8NfAzd34GgyJzarPQgyJoXxq8z4lrllmjQqRoQImNNjoajwROrePFsi4wJeTmA\/COS\/vI9KLcO4h39vuhlVyVfUwvhJ0J5EgyKE3ME94pcYzmmSog6blvp5mamYOygXuXLGWkG26mI1Ag6DaTTWQOOJLcgG2x8Jztl5N7q5TufCu\/rUjvlZ+9aRlyjXwnORzGzDczyr7h8SQHBBhW0J0ZuWsbnbUUxdw5cm0szrmI5nSQTyUaCfhRwBZeC3fuRpopZeugY\/TWpjYYFsxAJAgabelReGqLVrINfFJP7R3I8qT8XEEAgn+Nup0qefIY5gO+LLbuaW0Y5YAHgWWVT5k3Tt+WjOIxAHh30DEnYAfvmPnVetY5mUg8uY2PlFR+J8Zn7kASBmY7eEaann6eVJ4INHN7EFribe+OX\/ETQH416Ywnvv8AD9K8ncIxBuX7QUSWdQNObXkIAivWGDHjuf2f0qDBkulSpUCMw9tuKC2EIOzLOv8AWIEddP0rBXvToNT4mzE6kFT8B\/pVt9q\/aK6cU9iR3anNljXMR7xMCd\/pVAsNrr0pJk0eseyV7Jh0CDN93bA2gQvPWedZX7YO1XescDaf7u2w71gffu76z+FN\/UgcqB2Pa1ikstaRLSEiA6qSRpEgEwD51nd+6XYsxJJJJ9SZNRWW+RE\/Ags2RA0zBGmoOw9TtXoOzwcYTgt2xpnGHuNcIGhuFCW15xMekVn\/ALFuzBa82LuAFbMBB1usNPiob5sOlan2ruTgsSpiO4vE5eu0+mlOXTAzz3xG+SAqyMrk6kcgImhbYsM5J1ERr8K54ljCzyI+HXrUawCWAG50+elMC+47DNh2AJPct7jHXl7jHy5HnUH+UlYlGAKnRiSBC9SDqN4+FW3gvELeJs92UJARcwdYDAjcA7iQRPlVN7V8EOEcXLYzWm6iSjdProTWdptW93hWcS\/c7btOtni19P2\/4F7Nm3ilXD3mi9EWL\/8A8i792\/Ix+mu9QOyvZtxjCLyle5OYzsWHugHZh+KfIVWxxZgsHWI08wZnbQztFXDs\/wBugYTFNpyuR9GA\/UVbdGyEX4fR+nw\/0V0yrlJeJ2++TQVjSqX7QrWQpeUAypQ+Z95f+4fEVc7d1coZSCp1BGoNVbt3ez2Gge7DfL\/Ss3Tz22o07q99bx5ZMxGIEzM5kiBpBjT1rWuL\/wA44et5dWVVugf1R4h8prHLjk1pPYDiYbDvZY+4dP6rcvSZFaWsTUVNdmZuk5k4eaB992lLtow6+JfMHdT5Gp3Ee1XfW1t2Myu4i6eaAHVR1J2npQHGXjh37u4YCsRBEyhnKV89I+dCr\/GCDKZd50Eek9TV8qq7XGb5wQVk68wCd\/FJbPdKNhrOwX050JXGMxVUEAD3dIjmT0qDndzBMyZ1\/wA60HsN2VIi9eGmhRD+IzozdANwPjRdcqo7mRqrlZLCIeC7P3rNg3r2Xunyh0I2SNHjTKQdPQk01i+Cwv3T6kgOj6EREDMRDDSROvnWoXgGUqwkEEFeo2is2wmMV0NuWW4srJ\/KoJDZjzjSPKufRamV25TLtTp1Wk0CntlTk742zOqtI+W4PqDUmzYCsAHzTOVNB4juf8OpNdX+K+FyxTKoAUQC2bn70DSNq47P23xb2rGGsg3SD4goEETLFthpz2+Nd\/Byoc4Vw+9ib\/2ewmdyxAbNAXTcRoqjmTry30ovxPh\/2K7fw48RFwKXO5GRGj0BJitZ7K9nrHDrRRQr3njvXiJ1nKu8KJMD4nWsn9qOJFvHYvMZ+9BVZ5i0kTFCYZAGL4j7yS6LMDTkN\/QajWlwnh7PabED3LV5V9S+ZR8gv1qr3sS77kmtm7Jdns3Z7EEAl7jm8g5nuSuUfHIfnRnzEVC\/eVVMHXxactBz6c6q2NxUMxMSTOUagiN2PM+VdcQxcM86s2sjQZWAMAa6HnQmhsTZpHsX4Yb2OW42otg3PQrov1Yn+zXo\/hqDLmiCxJPnrA+gFZT7E+Ddzhbt+Ja4wtJ6Lof8bH+7WwKoAgCBSfUTPtKlSoEeTu33D8Rc4hiD3bHWVhScykCCIGtV+7wm+oBe06j9pSB84r1Ae0OBtqc95LRmCovgRHLUiPSK5ftJw0j\/AGlCCNQb4\/e2tQ3x+3\/wluR5bfB3NSFnXlr+lEezXZy\/ir62rVvMx11BhRI1f8oG9emMBxbBOT3V1DA1i+P86e\/lHD6gX5BO3fW\/13+tHiR931DchdkOA28LYS2v9HaB8R3e5u1wz5zH+gqF2yKnCYgkgzYu6gQCIER8dN+VFL\/abCBcjXbKiNjdSI0kaN0oXj+1XDLi922KwuQqUKm4pDDTSJ20+tJzjjqJPk8s5CfFpHmYopwLs\/exD\/dozEQ0KOROh8RAjTet24txXhdjD3xYvYRfASqW2TxHKdxEknYQayzs2w0VcSFL2wjIrQxiTvuNzoKqtu2xyjooqVrfP7B3gGAZHtoyw+Hs92+v4nYvlJGhyqRE\/mNHMThluIUdQVYQwPSqrf7SJgn7o2Wy7hhs07mTuepNP8N7cWbtwIysmYwpI0+PqdKxdRXfbLxUuDXqnVTHw2+Su9puxr2z3lmWTpzXyPUeY\/1qsYGwXdUUEsTAA5nkK0jG9tBZdkvWLgYExtqvUfIVCw\/HO\/d7+GwfjRTnuGJ6wAOfn5V3U6i+MPbjn35RyW6emU\/YeH5YZYuFYI4fDBCZbVjHNjqY8hUbiGHzoyNsVIn4UFt9t7T2wHzBifFpsOgjnRe52ksrYW7nVkJKzBnNvEcjFckq7lLLjy2d9VtOzamsY9DKr1s5mkag6+Ro12UxXdX0nUMchjaD6dD+tXjhXH1xTMtu0cq6lzED12+tR8T2swg8IcNruFIH+vrXdLUTmnBw+\/ocFemrjJTVnf77nXHOzv2q2SpAuLJXz8j0ms5HDLpcpkbMDBGUkgzsYFaLg+1NkAd4\/dk6hTyHInTnvRnEdq8NYy5n1dcw6EHnI9KqoutqW1xbLtVTVbLcpJAzsZ2ByBbuJAmdLf8A3NH\/AE\/Pyu121yHlFVa32\/w5YFnyK2aCVOkaamJM+VSf\/wC1wYQubpIBA0DMB01jSoXK61+0iNfh1rCaPvaZL\/c\/cGNfHBAbLr7pYRvE+U0x2H7LWuIcPuhj3d21iXW24EgSlpmVvzKTJkajcVJHGLeJw925ZUssFddJ5H9d6s3skcfydbltLd26oGxUagAxrMRrEwZq\/wDD8xUovsynXdFJPqYvxbsLjlxYsGyzPcJKQcwYDch9oHMmCBW9dheylvh2HKCGvETeu8gBrA6AawOZkmrC+PsE5Qwz7yuUE9d\/8qaF9GTung9IKyNNwJk6zvWjuXRMzs+R8vIDdtFGlG8JJ203Xlv9awH2u8Gvfb7ji25DZYYIxUwgBggET4dR5Vu922UUC44FsGRnIUfHxaidY3qRenKDbEmZzq2jAj3pJ68jMxTygR5OwfA8S7qq4e6xJ0Attr9K9UdmOFCzhreHy5clnLEz4yAW16yfrRPvhGrj+9Ss4oJOqsCZ0ZdDz3OtG5Azyl2u4WyYzEWwFUJcfdohSxZd\/wBlhtQzA8Me4yhBmJIAABMtyGgr1yLVhmzd2WMyDlUwOgO8U+Gsg\/0fw0\/SaeV3DJB7NcMFi1h8Ou1m2J\/rZYOvPUk1YagjGougUjyAH7jUnD3w4kToY1\/jzpIiO0qVKmBgxNpB4u6zs7ucwBJLO2k\/GIqFiuIW1PiW1r1UCrh\/6XKRDC+2uk3LWg8jlJrninscs3FnvLxbmMyEn0LKIoUiXzKIvErMsz2lWNiyJtvIqTYx+HcArbsnza2pnTy2NXXC+yfB5cuTFEAbF1XXrqommj7J7FvRGxKAjaEfruQvLzo3vz\/cfzKY3EigGVLQMakW1\/eNqgYniQdlAyAtOiqPF15cqvV32UWWkfab0k+L7gbxtMU2nsew\/urdxWYg65EAE+oAHzo3L7yHHmUi\/iQFkqkrr7o9dtqj4Li32i\/YTKAouKx8IBHhYxpyGmtGe2fs+GEsNft3nfK6oyugGjMF8LKYaCRt1oNwXA2rVwOGc5ZaIETEctdq59TalBrzTOnTUSnJOPRNHPtMtgd1HnQfvFvNg8PlNvIIYtpmzEGQfOIHqKkdqsbdxbKUsXFVARqusmOnpUTjV9nvWC6MgCIoDCCQu5n\/ADrnog1XGL6rPyLtTLdOUl0eO3UIcZvLfxp79DbW2mUrOYhoOUEjmT9ad7B8Sa3bup3TOpYZmUiUkESRzFPcB4g1rv3excIvyyuoBECY9delR+y7YjDNeJw10i4h2XbcyfnUJL\/5yhjoljn6kl\/XGfPLfbt2BfZGwrYmG2CXD8lND8JiW7q5aEZXZDryIO88t6nYLh+LtNIsPLoyjTXxaTFO8Z4eMLYFlipvMytcG+UQYA\/fXTui59c5x6HPskocrGM+qWCEcY9uw9lWEPc8WU7gAc+YohwfGWntW8J3clrma42kkcgsa8oqPhcIbuH7pbb94rlw0eEqREeRrq6mIt2EDWGthGJ73LBhiNJ6SKUtr4XXP8MlBTjiTzjHl9V7viF+L2rWES8ARca62gYe6I215idTQniKfzPCI0FizEdQpIA16U72qHeFLlsl0yZSygkBuetRuI4i5cFlu5cLaUA+ExoRt8qhUniLfXv9MF17W6UV0S4+bTbLp2u4bZ\/k5QAFa1BU+ZgEec\/5VW+w+B+13VsXLn3VubmT8x0+caUu0\/GVv93aWSghny7zG3qJI9a4xpOGxlu5hlckBWK5Ygkar6Ff1qFcZKva+ry17hXuPib4cpYXx\/g0\/tFg1t4R7aDKsoCF0kFlkadQfrUE4TC22f7hBZWCzOzeInc768hrXzEcSXHYZxZlGBBi4pGqkNH03FDcL2Fv42xaxNzE2lF5cyq7NtPPKvl8Kj+HuShKL4eSvW5bUuzRLvYjCRJw6Lbj3su0mB5meVc38D3glLNuzb18TJ94RyK\/kJ8zPkKXZrhiWmdb7H7ShI7t5lFBgFVbcEAEN518wtpuIYhrOExFpHRIJdiS8kz3ajeObelW2XTnPw4fUdVVUYeJY\/kRLhw1gHvHJiY71y506BiR8hQ6xxvB2XaCbttx4VzPFoxtlzAZD6aVZ7vsbxriGxFkDXcNmPqTrv6VT8P2bSxcKYwEXFJkOGCxOhAA8UxNSjW6fbbbYOxah+HFKKLHwtLt9c9vC2kQgFHuzBBnUKJJnTcinbuBK5SndXTEsrWlUMPyqV1U9JJFEsJwPH4hFvWWs2LLAraW6rA5QQA2VdIbl0Edaz7t1gcRhsT3VzFrduAeMWiwFvmFOwk7xuB8Kr26mUst7V5f7I\/+eK24cmWl8ThWQMqEFgwyqSpRhAggEQQaG3sbhgubLDmQFe4xgdfeqF2D7E4ziIvGzcyIIDO8+JtdAddQN\/WrNe9j+Kgl8RZ0JBOVvIcl+taCfHQ43wVDGcWm5bS34T3iyy5tBI\/FPn6V6i4aIVufi\/7VrDMB7Gb2dGF9GVGUkePYMpIGYAbVu+CQgNK5ZOgMbQBy9KBMkUqVKgQqVKlQAqVKlQByLYEwAJ1Mcz1pm+wtqIgbKJmPKTv8akU09kMsOAf403oAzL22Ye9dw6vbKC3YbNcDGMx0HhH4oLA8tjWZ8Pw5DBiRGlXn2321uXcKNhnuKR5hJLfoPhVLV43Og5ms7Vy5wbn4XD2G35hzD8UMgFBExmFLjdnDXwM6LdZToAdYPSNx5UKwOIlhkQtGo5D59Kn2uDS+d7ioZnKnLnAJrLcIwlnODQmovgJcOw9oAd2NBoPKOQ6R0qaiGZ1+H8a1BxHErNr3jlJPugGSfQCTQ+x2hOJu91h1YIAS91gVyx+HXn9ap2WSzLDx5srnOKeGw+6E6rpyk1H\/AJFs5jca2rOfxMAT9dq4xdlPe73uiN2DD6g6NtVc4h2jxQJTDi3iCCR93bdtPPLMH6VKiqyx4rIWTUVmRYrmNNlirWiU\/CyLt6jyr5iMRbvIUYoyNoVkEUz2e7O8RxlvvsTd+ypMZe7IcrG4k\/qKt\/D\/AGV4IW8rWS0j+ka82Y\/tHJ4QTvppWhD8Ok\/6nh+7k5Za6tdslPtrZtLkXIiDkIApi7xnDe7nB9ASPjXftO7JWMEuHOHUqM7W7oLM2hAYOSdomNetfMAMOUVENtwNjoZPw51Xdp1U8ybeToovVqzHgZs\/Zz\/R93qZ0ga9fWp2HA3IBO0xr51E4rjrFowy5mOgVVk68tOtRMR2hsAHLcAZdSraHYbg1VsnJZSeDo3xXDYcbEKLVwjSEaJ05GrT7PLuH+wYYi5mRLAW5oPekllf8urbGNKz7g3FkxGdWdMpAhdmjmD19aWI4NhEMtbQFt8x0OvyNXae38u3GSeWceq0\/j4cX0DPtB43hLivYw1oXrzR3dxTIw42J71TMn8ikis6w3DrVmGBbMuufMVKmOWWIq4JcVpt4e291hplsrIB5SR4V+JFWns37N3N0YjiMBF8S2VYFdJ\/pDGuwMDSu2uVtrzjCOdw0+njy90vv6Fi9mrYi9gbVzFhncOe7Z9G7uRBMb6D41aVwIYAmQRpuNQNATpExT9u+gQGQFgQYgQdt\/KK4wNwNmMiSSY8gYHrtvXeZLeWMX7CqraN4SpLHWQDt6AegrzLx\/An+UsTaxTP\/tDFyil2CHUEDc6FRXp5McC5WZHIgSNvd058\/pWd9r\/Z3eu4s4jDvbTMoVyyk+77pAU5s0aHcaDzqE08cdSdTju9p4QBw3aoWrYw+Hf7HYUSiplN5o3dyZAJjz+FFOzPtJdbiW8RcS9beEF3whrbkwO8C6FDtm0MxpVl4P2FspZyXLa3mJLm5ftqTmMCFA90ALsR086e7Q9hMHesMjWkQwPvLaKrKBqYgQw\/ZI5neqo1WKW5y+XYtlZU1tUfnnks2FxOfQiGA1HUaag8xUPi\/HbdhCzuiwYYs2gPTTUnyFZ5heEcZwkixct4vDg\/dq+rActyCpHPU1KwXZXFY+8t7iSqltATbw6RlDmRmZeek+sjzq\/LOfBa07W2H7rLftDvGyqZBDsBOVY1584I86slUDhPsrwljFLfS5cNtGLpYYgqtwiCQYnkD8KtTDDA63R\/zT\/nTAK0qVKgQqVKlQAzikJGjZQNT56deQmq3x\/tjZwiG7eZQkqogFm1zEEqNQCBzqz3lJUgaEjSazfjHsps3sb9re4SC2a5aPuuVAgGZIGgB3+tJ5GsGd9se0lnG4lb1lj3Vu1lBdYl2dmMKTIgQJ51P4F2ExWPtLe7wWbT62wVLM6\/miQANomtAu+ynBNfa+yZs0E2iSLYaIkKsH4Ex5Vd8FgxbA2mANNgBsAOQFVKlbtz5Ov8241qEDGr3s54hZH3V2y4GwdWQ79RmUfOheP7GcSssbo7u+AuaLT7NzUA6sf1r0FTbWFJkqCfMUOit\/pQlrbl3PNGEwfFbl13s2Lwe4MmZrQGVdCVUvAUHSesVcOzXsruNbnGX7qOzE91ZZef4nc7k+W1bObCflX5CukQDQAAeVTVUEsJEJaiTba4bKJw72V4JB94nfH\/AIpZ\/wDuA+lWfh\/Z+zZXJZUW0Gy21VR\/hE0WpVPBS5yfVjC4NPyg+uv67U\/SpUYIjOJwqXAVdQQeoqvYz2f8OunM+Ft54ALqCp+h0qz0qB5ZWuBdhcFhbhu2rUvOhclsv9XNt60VxPA8LcOa5hrLnq1tSfmRRClR0Byb5YD4l2PwF+DdwlliNjkAI+Ig8qG4D2ccPtXC\/c950W6xdV9FeR86t1KhrPUFJroyLgOHWbC5bFq3aXfLbQKPkoAqQ6yCOtdUqBEG7gvuimr8\/E0SZnU9K5weFcXC75TKxpy2hQOQGvrIohSoAi2sNFxn12gaz57RpUqlSoAVKlSoAijCZWLWzEmWUkwZOp8j50+UGunxGh+ld0qAImNsuyhLZCg6MegjkPpT1uyAAN4G8CnaVAH\/2Q==\" alt=\"\"\/><\/figure><\/div>\n\n\n\n<p><\/p>\n\n\n\n<p>De magazine, Dragon radieux est aussi devenu \u00e9diteur de jeux de r\u00f4les dont Empires &amp; dynasties, de Patrick Durand-Peyroles (1988) et Hurlements, de Jean-Luc et Val\u00e9rie Bizien.<\/p>\n\n\n\n<p>Mais aussi d&rsquo;univers de jeu comme le monde de Tr\u00e9gor (1987) et des jeux de plateaux tels que Aristos, de Philippe Mouchebeuf.<\/p>\n\n\n\n<p>Empires &amp; Dynasties (abr\u00e9viation E&amp;D) est un jeu de r\u00f4le (JdR) fran\u00e7ais de Patrick Durand-Peyroles. <\/p>\n\n\n\n<div class=\"wp-block-image\"><figure class=\"aligncenter size-large is-resized\"><img loading=\"lazy\" decoding=\"async\" src=\"data:image\/jpeg;base64,\/9j\/4AAQSkZJRgABAQAAAQABAAD\/2wCEAAkGBwgHBgkIBwgKCgkLDRYPDQwMDRsUFRAWIB0iIiAdHx8kKDQsJCYxJx8fLT0tMTU3Ojo6Iys\/RD84QzQ5OjcBCgoKDQwNGg8PGjclHyU3Nzc3Nzc3Nzc3Nzc3Nzc3Nzc3Nzc3Nzc3Nzc3Nzc3Nzc3Nzc3Nzc3Nzc3Nzc3Nzc3N\/\/AABEIAKAAdAMBIgACEQEDEQH\/xAAbAAABBQEBAAAAAAAAAAAAAAAFAgMEBgcAAf\/EAEAQAAIBAgQDBQYDBgUDBQAAAAECAwQRAAUSIRMxQQYiUWFxFDJCgZGhFbHRByNSweHwJGKCwvEzktIWQ1Njcv\/EABoBAAMBAQEBAAAAAAAAAAAAAAECAwAEBQb\/xAAjEQACAgEEAgMBAQAAAAAAAAAAAQIRAxITITFBUQQUYSJx\/9oADAMBAAIRAxEAPwDO6cGDKmqEhhdl5cSO4vex5euIxzWS4ApKQgeMRP8APE0AjIpASTy2v\/m\/5w32eSBMwWonq6aDgXdPaE1AvyG2pbkc+fTGbooo2EkyfMfYzNLS5ZC+nUlO0TmVjYkAgGwJ8Cb7i4GK82YMGYtRUeo+8OGw\/wB2LrWVklLmKU6MU43eMm7M256D08+eE19XPTUwkiYzPI4Ed1KkA36cz9sS3X6K\/XVdlLGaWDXpKUXFu6pG31OFjNY9d\/Yqe\/5fbFuos3eWemNlaGVgsgMd9J8NR5+OCL1cslVWRokMQp1vdlB5eONu\/gV8W+igGuga9qKIr6\/0wioraWo0hqGJdOwCyEX9caGMwM1Rl6rT09p7rKrx3IN7bHCVrb0tVmPsVFwaaZY2haL3gSB73jv4YO8\/QH8VmepWU8KMqUUXeFjqe\/8ALCvxOK9xQwA3uSGv\/LGlVNfQTV1JT01FQwRzxiXjS04ksCDsFFt7i2PKuWiy1I1qKbLJ3qG1RyLSaVSP+JhuTfwFsDe\/AL47dIzYZpAX1Nl0DHpdtvyw6uYRVMqxLlsWuRgFANzf5LjTEhoF1mqy7K3BsY3iplGoehv+eBVVUZerM1HTUqOvd1RRoDv5gYV5\/wAB9dlUr4Z8tbjVGUQmK+niRyBkufQbdedsQkzGInR7AnfIudQ\/8cXGCGR1kaeKN45EKtHK+hHUnkSAbeI25gYplVRSUVe9NMya4pdJKNqU78weow0MuoE8OkO6KVERWgVjbchR4nyx2JU4LMCWY7WHeIx2KWQ0g8DR2ek2FyR8rPizfs2gEmV1zWGpqhBcgcgt+f8AqxCz3Ic2yLJZY62mJgUhhPES0Z73j+owjsVmcFLT1VPVVMUAZgwErhb7WNr+mJ5ZfzwdcI8hDN6VzndPmNOqyrSOVeMNbWN+R5dTj2r\/AMbVUqxUsilZ1ZyxBIHywxmqio7R0VIRxFkQ9w7r15D5Y6kyiesyLMZuK6pRTu1I+s97QTqBHy2PQ3xBdKy\/C6Hs4yeop56X2SlYqJdbCNeQvufzxJybKnn7QZjJmNK4p3JaFpVOljfw67b748kllzTIGzCsdXqZWWnQjYINYU29eZ+mIMNdV0GZQ0lfJrSljkaGQ82Sw\/TGVtGafVhTPoGPaXLHghd6eGxldE7q79bYD5Z2er8yyfMyRVU1bHVCWkWXUsb23sVOxJ5X5j0wzTVb5dmcdeJDaqtxxckEm5HPw6HyOCEmbNBmck+YwpU0sndW\/e4Q6WB2v4\/Y7Ya2lQHjb8hOqFac3yrP1y6ZGjj4dXSoml4ms1yo+IXY7jnbzx2eTQ1iHiwSlCObRnUD6Dcf3e3UHnVVFwoniJdbhUuxNlsbDfp5Yi5pG8bUoHWe625DfwwO2ZQpKmN0qVUKvEhlkjEhMKsCCB6dAT+uJeQUxWVFq6ecqd78JgAf4eXIdMN9n6CfMayu1wR1KpMELyyFSguR3QB4C\/TBmspqjKcySauy\/jZKg4aRK2w2HeP+bna+3nfAlXQYtvjyF0yeKuAhkp0ZH2MciXB9QcUb9o+UU2V9r\/Y8vp0ih4MLhIhZQxFmsPUHGqUtVlNFlMMmV1JmWTU6u53jBPu77i3K3S2Mw7dzSVHadWDXtDChNxa9r\/7sDE6lRJpy5YmeBlZQGX3erHHYVXmbiqVJAK3sOm5x2Os56LLllfm2T5KxoZuNCDYw1A1KRq5W6fI4RDmGRTmVhlqZbmMwUFNGuFjfmB068rfPDEVVXQ5a0c8ayIY76gN\/ft09cMrLS1I4cw03+FhjnmdsIptkmTKfbM0TMUnlQUw0aok2HPqeR3OCbT0oyx6KCeKOMxGNSHBABFvHfEaGSsoo70FUFB3AI1D+\/W+ItbT5bmZvm1AaWY86ui5MfFkPP154ly+xtCQmOlp4cqjy78QiPDlWQObdGDWIv4jCM4o4sxsY6qIWjdAbgnvW354FZj2WmpIWqaV4a2kXnNCd1\/8A0p3GBXDA+EfTDp1yjbaYdrsqNWkiI2kN8SjVY3xK\/C6ieEq0lg66XYxXPnbe31viscMHmMJaBCblBg2zOHktNVkTSQRRQ641RgQWUnl\/ziZV5YtS8DNNHHwm1W57+HPyxShEoFgLfLHnAXVffCtBiqNBy+m9irpZ6Grp4Y5yGkjlXUAw6ixHicF6ivkSknpYaqnmhmXS3tKaiL8+RFx5dPG1hjKeEPL54kUUj00yyox7vQbXHhhWB4kywzxwRZcmWxaJI4bsxmPPxY25Yq3CV68Oi8JGluqLuFF+WCFbWvUrpCLGhtcL8VuVz5eHLEWBBx4jb4x+eMnQz6DFdCWkTQzEBADY47CzGr+\/ISQSPTc7Y7FdbOfTEJxVtJJlXEkWSNgLXtqHveX6YajWjnC6JEdj0J3++Ex05bJDpUAA23H+bEKKkAaxuOQ2xplYN82GBRcIkwvIGwtGrBYGNZR6Wb9MRKaOSK7AuFA73e2P92wNqZamouJZpCu\/cvYfQYWMHIGXIoE2srqKjkIiSU1FtxGwW3kSPLpbACnanFUGq4pXgudSxMFb5EjD4prchhwQNCrFIUklIsokF1X67X8jh9FEVnsTUAOsyLlZpghJWVmIIt8Jvz2t88QCME2IaNUDIzuvEdlcMWvtv1B2tY+GGzTbcsFY21YHnp8g7rjw4Iey+WPPZvEYzgwfYRBttywpRbEz2fwGPVg8jhdtm+wQ7YXAv71B4uPzxLMA8MKhpxxY9vjGNts2+ifmFo5hw0Gll1d0ADcnHYm5nS3nUEckA3Fup6Y7D7bJb6G0mqUyhiH7nD31qNzrA2+WIwqp+73I\/Lu4niFfwvSx2K2t\/qviOlECxvfSDzOFdHdBMdppparXEY13GxW+HDl79QcEuz9JE1VawA0nc4PtQRdHHy54vjyQjHk875kcksvBnlAZ8x4gomMMd9JYqNQNzyJ5bdPW\/IXj5nDNDVQ09HefhRRujQSBkbU51MbbNcAD8sWWbsDRyPdK2ZLdNINvTFW7U08uQ1dVAxmmLKJ1neW5ljGwQ7fxHp5Yg56ui0Ipf4SKlaWnzSjqo44JzM3CYA36b3sbqbEG2CbUJuSFsPyxT8okFXm9IY4ZvZXqEB21ENq2uemLV+1JzT09LTQyIIZn\/eRhv3j+G3h+ZIx04Zxgnq7OfPjlKqH1pSOcYI9MJaiudoyMVLKs4zHK8x4lVK1YI6bgpT69kA6t0uLeZN+fXGoZFozfII62EK1QQFdbWAfr8uvPrijzY\/JB4si6AdHQgQ1TsP8A2tK7dSR+n3wyMvPhfGlw0jJTrTlrRABXCeHXAOCmpxJOrggANo9emJRzxb64BKEkv0qRy4\/w\/bDlPlbs3EC2SMgsx9dh64uXsVGFBLCwTvk9GubD1w2YqeUqkboqruq+Hr4nDvLjJqOQBVVJqdSLHu23N8eYs9ZRqJRba4uQcdjbmMGnKVP2VEysu0g90KRty1YZhaLcI+rytfbDVHKJsk\/dQzSkn4V298Y6CCsJ75gpx\/8Aa9z62GOGVKj6GDbsMZZJEtQpF+RB2wWJt1FsAqWljaQCSsnmYnfhJwwPngpHBDAhWNG03uS5v9zgReonlS7ZLXraRfQXvik\/tGNNmUtJl2pmr4yXLKCREh\/i5nc2tb8sHc\/zCLLaMyRLqmIa1vhUcz4eWMynq6ud\/b4Y2KmXhPM2+l25DfnYC5\/rh69Eo+2EOzUNFkud01VmVUBw5TFJoQkI1u7rJ22O9vn0x3bKpkbtdXNWBrof8P11XWyMD4db4D1ECpl09UwY3caSx3JLWJ8zucP5Pldf2qzjL4nMgip4+HJUAco1N7eF9wB6jwxSKvs2SqsFyoYCEFRI0gPfYxAW2ta1ze3j54t3ZHttFkNDUR1NPNUM7F0CuuhDa3LmOQvz5Yh9tMlgyztFGsAeOmlp9QHvaSCdXr0wBanDF7xnSEPucxt1vzv1wZRT4ZFOuTYsq7cZZWu1NITQ1sabpM3dnbck6hte1rXscPzZtTCvWlIdp521K6AuqDwJ5Dnz9MVbJ+xWX1+RUUuZGqFVJFxHkSY7Fje1jccrDl0xachyanyWJwlRPUF7Ayz7kAchsBbmfrhFBLoVtBCWEvGQ3Ie6A21sQRRlmFjfvC+\/ngqxJXd7Eb90YYCkyhwWYnpcD7YtGSOeUH4JVTJUBlAYsNOxA88e4bzBmMy3S1l8fM47D8eiVP2UqGeeXIwSxAJuSvdBGrltj2jp9O7KSL94jE+CKKlyVRK6xR2BGob31dB1xFOcQA2pKcyt\/wDJKLAHyUc8cMk3R7sZ1YShp5LExqNANyzHl6k4dkrqKnUM1S1RI23BpluPD3zsPkDgcsNbmBU1kpCH4bbD0XkMWnJMvpKdFNLGDN1kcamHp0GMuOhJNy7KT2oybM8xjFU6TUkEi2cSeuwv+oGA9R2fo8r7ONU8AO0kgRatxcqSbkLtzsp5f0xstTLl+Vxe2V7rqItxJDdj5L+gxnParMpO1ddTw0UMi08duHCeRve7ED6dfvg20hFy1a4IeTUtJDl8kGtZ+NrjMJW5VQbWJ5C5vsL4ldkcvbJKFqUzCZ3k1sFNtO1tvH+9sWDIuyEUHDNYDKbWKXK7fLf64zjPc4qhmtRl9HTSdxyqpGCzbHlbnth4t+ATlGnZN7fZhDNW09O0eloI3fWOpaw6b8gfqPDFYpoYjV0qVihob6njtc6dgdh474azBqmonVqiKSIKPdlUqRy8fX6kYbH+Fk4sRKiI82bl\/ZGKMh\/hs8E0hVViiflYiMEgfyGJkKVR6aR\/E5t9sNQVUs9FBUmOVBKgbvqRa488LpnNTUxQK+8jBRbfHdD4kVHVKXB58\/mSctMY8jxTRvJKfRB97\/0x4JItSgIDvzffC89pRl3DaN2ZZCR3xyI9MCHnAkjE1wNrqD729vzwu58aMf4Vs218mb\/p0g7X1ZjmClx7vwnljsCquaIyDvsO71scdhd2XhG+uvZVOE34Ufay7SMt7+8T3\/6YdowyMoiAi8PiY+vh6DE2ClZsni1ErcXZjzPeOPDUUuXKoZlDkd1fibxx5srbPcjSTCNJSsq8SV3Zjvc7X\/TEmpz1MtKw0icarO6xKfd828BgXD2iplY8aOWK22p07o3t0xLasimJjhiSaVub6dlHiSOeBygUmKky6Sop5cyziYVFQsTOIgCVWwJACj8sM\/s2RTR1tROytNxlUyEbtZFJ+5P08sE6dnsiq12W2\/UjDEzzUWYceO\/CIA03sPDl0wqk3wM4pclpM3CXUzW\/i088Y\/npqMj\/AGgQ5rGUu1YXj3HeQgk\/IqCPU2xpMNRDUIzlQyj3wy3IGMz7e51l2bT0P4WHYwyMS7AjnawA5+OKY29XRDNGNdmq9o4KTPcrq6F1QS1MYQSaLsNJ1KT5Bt7XxjHb\/sk+Q1EEkc3GhqV1MQPdccxbw32xsOXxMg40hBLKpRR0uOuKdmrDtPnNVTs5NOLQRkHYW+L6gn54CyvUGWFaaRonYeXj9kMokYgs1Kl\/W2DIpYOIJRDHrHJtIuPnjFOx\/arMuyucp2bzJVkovaOHqAOqLUdmB\/h3uQR1xtEU+4Vn3vYbYfVRz6fQDzWKKqh0zqSEe\/pfryxGquyZndXFdIWXkZV1H6ixxOre8s0dvhv9MKgquNGjaTYW7zHbEoTa6Lzx2B6zs3VSSLpkpCFWwuW\/THmLJJPH3beHU47HTuS9nLp\/DP5tD5TFYdeV79fDFYgnjqXkm0gTyG6uy6tKjoDcW\/LfByaRUyMMzWAIv0tucVFJJ+M4BWOkudEhQsD1K+RviTR2qQWqJoJv3dP3VRNLyaCwA6euFZPUrQiopI0ZlBDwi9y+rn6Db74iVOaRUkccdK0ciMvdVe8SNug3+uHcmhNOslTKF9onPun4VHIWwPAfJZaGpladQ\/cAF2Yb6vIYMDRICGGu4235YrVPU8i1rYXmtQPwiQLO0Go21hbkg7WFuRN7XxPTbHukSaTOaRKgxRy2kRrB3XSrjyPL\/jD2a5HlVegl4Q56tCNax8djgFC2XU+hK1TosVug8utumJmRvBBE0gmASXdYmk9wXxVcK0Skr4ZaqKohlgWnlbQ+jhhlNiRa23mMVjLsrbKp5IzFMI+IzKZAbleguOZt4YnPWRuVZHS43FiNueJP4kSAJHR2VRa7C3LnbEmn4KRfVgHtnkkeY0b5pQKVzCBCSANp0A3UjxtsD8sG+wXauLOIYoamZRmAOkgn\/qWHMedufXbww7FMjEaehF7Hbz9MVLsRl8Y7WZjWpAFggd0glK8mLW7v+m4v540XcWpeBMiqS0+TRK7NI0mqIXSUlGa\/u+NvHAnLM5UgQiLvqxAJHTn\/ADxX85rqqHOsyqIM20QGoK8NmkYIQ0bGy2ty28BqPmMCclqqr8UtPVvMhUsEtJpYG3eu3LmB53vhlClYbNPqqwK63Q7qDtbHuB08quwJkA25Wx2HZFUVakiOb5dChd0hvew9b8v54kS5ZDHDw1kJFtKoIQb28r4rpmSnU6dIRfA4hLIZmaZ+myDyw2pPtFNLXTLDF2cipmZlnXXvuIQP+3fDtLlBeTW8zmKPkOEQXPkL74rccTSuETvE87dPE4Jxx6VCqLdBq6eOM3H0GMXXYeGVh9P751vvZowCPI74X7AoGgyM46hotj98BVBQcr6cKV72I94nphLXobS\/YSq+zkUpDo8gfnYR3v8Afn+mJEHZ2gdFYQlLbAGm0n8\/M4Ds0jI8aA3setvLEIwStNxFgcBdrcY3c3HPwFh9z5YZSTElCSLR\/wCl6DiEvAjseQMOx+\/nhR7PUQm7sAAAB3g5G3risCmqV1oqMWYXDGc2Tlbbry+dz448koal1Mj\/APWba+s2tvv\/ACxtUQaJluosvpaKTRE4DOTqVU3H38sSGyxTKAJyjKd7L\/Xrijew1QbURHqvsSxPjcene+gGPTl9QqhouEO7sWcn4r77b7WGEuDDpyF0k7P0VRM8s1NE0jNctw\/eJA3O\/kPpiDUdnYKbMeLEpTubBFJuOW2\/kMVuaKqmZC4VgjAW4jC4FvvsfriPUUtYqwFpUYABT+88Ct+nXvfXyxriwaZou9bMUlVeIfd648xU42KxoGIuAL747A3UFY2f\/9k=\" alt=\"\" width=\"188\" height=\"249\"\/><\/figure><\/div>\n\n\n\n<p>Une premi\u00e8re version du jeu, tronqu\u00e9e et morte dans l&rsquo;\u0153uf, fut r\u00e9alis\u00e9e en 1986 par PB Productions. Une seconde \u00e9dition plus \u00e9toff\u00e9e fut publi\u00e9e en 1988 par l&rsquo;\u00e9diteur de jeux de r\u00f4les Dragon Radieux.<\/p>\n\n\n\n<div class=\"wp-block-image\"><figure class=\"aligncenter size-large\"><img decoding=\"async\" src=\"https:\/\/cdn2.trictrac.net\/documents\/formats\/thumb_300_300\/documents\/originals\/63\/14\/8c3e152992571d318b8cac5f2c5363abb390.jpeg\" alt=\"\"\/><\/figure><\/div>\n\n\n\n<p class=\"has-text-align-right\">Le Conservatoire du Jeu &#8211; avril 2022<\/p>\n\n\n\n<p><\/p>\n","protected":false},"excerpt":{"rendered":"<p>De magazine, Dragon radieux est aussi devenu \u00e9diteur de jeux de r\u00f4les dont Empires &amp; dynasties, de Patrick Durand-Peyroles (1988) et Hurlements, de Jean-Luc et Val\u00e9rie Bizien. Mais aussi d&rsquo;univers de jeu comme le monde de Tr\u00e9gor (1987) et des &hellip; <a href=\"https:\/\/leconservatoiredujeu.fr\/index.php\/dragon-radieux\/\">Continuer la lecture <span class=\"meta-nav\">&rarr;<\/span><\/a><\/p>\n","protected":false},"author":1,"featured_media":0,"parent":0,"menu_order":0,"comment_status":"closed","ping_status":"closed","template":"","meta":{"footnotes":""},"_links":{"self":[{"href":"https:\/\/leconservatoiredujeu.fr\/index.php\/wp-json\/wp\/v2\/pages\/8246"}],"collection":[{"href":"https:\/\/leconservatoiredujeu.fr\/index.php\/wp-json\/wp\/v2\/pages"}],"about":[{"href":"https:\/\/leconservatoiredujeu.fr\/index.php\/wp-json\/wp\/v2\/types\/page"}],"author":[{"embeddable":true,"href":"https:\/\/leconservatoiredujeu.fr\/index.php\/wp-json\/wp\/v2\/users\/1"}],"replies":[{"embeddable":true,"href":"https:\/\/leconservatoiredujeu.fr\/index.php\/wp-json\/wp\/v2\/comments?post=8246"}],"version-history":[{"count":4,"href":"https:\/\/leconservatoiredujeu.fr\/index.php\/wp-json\/wp\/v2\/pages\/8246\/revisions"}],"predecessor-version":[{"id":12909,"href":"https:\/\/leconservatoiredujeu.fr\/index.php\/wp-json\/wp\/v2\/pages\/8246\/revisions\/12909"}],"wp:attachment":[{"href":"https:\/\/leconservatoiredujeu.fr\/index.php\/wp-json\/wp\/v2\/media?parent=8246"}],"curies":[{"name":"wp","href":"https:\/\/api.w.org\/{rel}","templated":true}]}}