{"id":8130,"date":"2020-05-30T16:25:07","date_gmt":"2020-05-30T14:25:07","guid":{"rendered":"http:\/\/leconservatoiredujeu.fr\/?page_id=8130"},"modified":"2022-05-04T10:45:04","modified_gmt":"2022-05-04T08:45:04","slug":"playbac","status":"publish","type":"page","link":"https:\/\/leconservatoiredujeu.fr\/index.php\/playbac\/","title":{"rendered":"PlayBac"},"content":{"rendered":"\n<div class=\"wp-block-image\"><figure class=\"aligncenter size-large is-resized\"><img loading=\"lazy\" decoding=\"async\" src=\"data:image\/jpeg;base64,\/9j\/4AAQSkZJRgABAQAAAQABAAD\/2wCEAAkGBwgHBgkIBwgKCgkLDRYPDQwMDRsUFRAWIB0iIiAdHx8kKDQsJCYxJx8fLT0tMTU3Ojo6Iys\/RD84QzQ5OjcBCgoKDQwNGg8PGjclHyU3Nzc3Nzc3Nzc3Nzc3Nzc3Nzc3Nzc3Nzc3Nzc3Nzc3Nzc3Nzc3Nzc3Nzc3Nzc3Nzc3N\/\/AABEIAGsAlwMBEQACEQEDEQH\/xAAcAAACAwEBAQEAAAAAAAAAAAAGBwAFCAQDAQL\/xABJEAABAwMBBAQJBgsIAwEAAAABAgMEAAURBgcSITETQWGBIjZRcXSRobGyFBUyc8LRFjVCUlVicoKSlKIXIzNDVJPB0jREZCT\/xAAaAQACAwEBAAAAAAAAAAAAAAADBAACBQEG\/8QALhEAAgIBAwMDAwQCAwEAAAAAAAECAxEEEjEhMlETM0EFFIFSYXHBIrFCkaEj\/9oADAMBAAIRAxEAPwBr6ygS7ppqfCt69yU61hs72MnIOM9WeVFpmoWKUuCs03FpC5laY1Rfoci43RmTHkQo6GrfEbfG8pScZVkk8+JznJPXwp6N9NTUY9U31YBwnJNsaVlblt2WC3cV78xMdsPq8q90b3tzWdZtcnt4GI5wsiJ1xPmt6wu6GpspCEyCEpS+oAcB1A1s6eEXTFtCdje9lGbnP\/KuEvvkL++jbI+EUz+\/+ztgamvtvcC4l3mJwc7qnitJ7lZFVlRXLmKLKcl8ja2fa6Go1KgXBtDVxQneBRwS8kcyB1EdYrL1Om9L\/KPAzXZu6MoNtUqTHuFnEeS+yFMvFQacUnPhI54NH0EYuMsrwUvfVAxoCdNd1paW3ZspaFOqylbylA+ArqJpjUwiqZYQKtveh\/1ijpKhDwmyW4cR+S8cNstqcWfIAMmupbmkjjeFkzS9d7lIfdfVPlpU6tSyBIWAMnOBx5V6D04LphCLbfXIb7ILxI\/CR6HKlPvJksHd6VxSsKSc8MnhwKvVSetrXpppcBaZf5YHG4hK2yhYBSoYI8orKGjOeqoEqw3+Zbi++UNr3miXD4TZ4pPPycO41vUzVkFMSknF4GXscvhmWd+1vuKW\/DXvIKlZJbVx9isjzYrP11e2akvkPRLKwcO2m7rbTb7Uy4pJUTId3TjgMpSPafVVtBXnM2Vvlwga2ZWpd91F\/wDrW6uJFaLjqSs4UTlKR7z+7TOrmq6+nLKVLdIejzrbDanXlpQ2kZUtRwAO01jJZ6IbKz8JbF+mIH8wn76J6Nn6WV3x8lk062+yh1laVtLSFIWk5CgeRFDaw8MsZ315453j0k+4Vu6b2YiVnewp2LxY8udeEyo7TyQ0zgOoCgMlflpfXyajHD8l6Em2fja5pyBaXoU+2sNxkyVKbcabTuo3gMhQHV15qaK6U04y+Dt0UuqBHSstcHU9qkNnCkym0nHWFHdI9RNNXR3VyX7AovEkw224\/jGzfUvfEilPp\/bL8f2Fv5QLbO\/He0fXK+BVMar2ZA6+9Gh6wx0lQgI7U5\/yHRk1KT4crdjpHlCj4X9O9TOkjuuX7dQdrxBiIZZce3w0ne6NsuK7Ejma2m0hM79MXD5q1FbpxOEsyElZ\/VPgq9hNDujvrcS0XiSZpXqrAHhb7ZbH8otzF5YR\/exD0b2OttXI9ysfxGntDbtk4P5AXRysi\/0FdzZdVQpBOGXVdA92pXw9it091Pamv1KmgNctsj866uZu2rLjJCstpc6Fr9lHg+\/J767p4bKkiTe6TGnsktHzdpgS3Bh6evpTnqQOCR7z31na2zdZhfAxTHEcl5raG5P0tcYrEVUp1xrCGUq3So5GMH20CiW2xNvBaxNxeBUxNO3JiK009s\/MhxKQFvKmOJLh6yQF4HdWm7oN5VuPwLKEsY2DjsbamrHAbXG+SqRGbSY+9noiEjwc9eOXdWVZ1m+ueo3HgQWvPHO8ekn3CtrTezETs72XGzHUlt03KuTt1dcQl9ttLe42VkkFWeXnFC1dM7VFR+C1U1HOTn2hawRqiVHRFaW1Ci7xQXMBS1HmSByGBw767ptO6U2+Wcss3PocOhLW5dtV29lCCUNOpfdPUlKDn2nA76JqJqFTZyuO6SCzbj+MbN9S98SKW+ndsvx\/YS\/lAts78d7R9cr4FUxqvZkDr70aHrDHSVCCo23XDLtstqTyCn1j+lP2q0vp8e6Qve+EDezm0\/O0m9N4yRa3Wx2KXwHuNH1VmxRf7\/6B1x3Z\/gDxhxviOCk++m+GD5NJ6QuJuumbZNUcuOR09J+2BhXtBrz90dljiPQeYplhPhsz4T8SSkKZebKFpPWCMVSMnF5R1rKwZqu9uetF1lW+RnpI7hRn84dR7xg16CE1OKkvkRksPB9stuXdrvDtzX0pLwQT5E81HuAJ7q5ZNQg5P4IluaRpiOy3HYbZZSEttoCEAdQAwKwG8vLH+D9qISMkgAcya4Qqm9S2NyR8nbu8BT2cbgkJyT5OdEdViWXF4K74+S1zwoZYzprvxzvHpJ9wrd03sxErO9nNYtP3TUDj7dpjB9bASpwFxKMBWcfSI8hq1lsK8bmcjFy4Ca3bK9QSVj5auLCb6ypfSK7gnh7aXnrqlx1CKmT5GlpTStu0xDU1CClvOY6aQ59Nwj3DsFZ110rXlh4QUV0F9tx\/GNm+pe+JFPfT+2X4\/sDfygW2d+O9o+uV8CqY1XsyB196ND1hjp8PKoQz9tKuHzhrK4KByhjdYT+6OP8AUVVt6SO2lCdrzNhnsQiBMK6zSOK3kM5\/ZTn7VKfUJdYxCULo2LXUML5tv1xhAYSxJWlI8ic5HsIrQqlugpAJLEmhrbF5\/T6fkwSfCiyCQD+avj7wqszXQxYpeRmh5jgYdJBhK7Z2W29TRnEICVuxElZH5RCiB7K1tA263\/Ird3HjsdaQ5q5a1pBU3EcUgnqOUjPqJHfXdd0q\/JynuHhWQNlNrG3yrppq4QYCt2S80Uo8Ldz2Z6s8u+i0zjCxSlwVmm4tIUa7FOftqbY1oN5qfuhJml1YBUOauPg92cVp+rFS3u3p4FtraxtHPZIz8OywYst3pZDEdtt1zOd5QSAT66ybGpSbQzFNLDEDrzxyvPpJ9wrb03sxFLO9hfsO\/GF5+pZ+JdK\/UO2P5\/oJRyxu1mDJKhBQ7cfxjZvqXviRWp9P7Zfj+xa\/lAts78d7R9cr4FUxqfZkDr70aHrDHTnnykQoMiU6QEMNKcUT5AM12MdzSON4RmF95cmQ7IdzvvLU4rPlUcn316FLCwIFxZdWXuxwzEtcwMMFZWU9EhWVHGTkjsoU9PXY8yRaM5RWEV1znybpOdmznA5IeIK1hITnAxyHYKJCChHbHg4228sMtjlw+S6ndiKOES45A7VJ4j2b1Ka6Oa8+AtLxIdnVWSNCa21+MUH0T7aq1dB7b\/kVu5PDYz41v+hL+JFW1\/tfk5T3DtrIGzgN5taX5LCrhFS7FSFPoLyQWgeRVx4d9W2Twnjk5lHj+Elh\/Tds\/m2\/vq3o2fpf\/RzcvJYsutvModZWlba0hSFoIIUDyII5ihtY6MsZ315453j0k+4Vu6b2YiVnewv2HfjG8\/Us\/EulfqHbH8\/0Eo5Y3azBklQgoduP4xs31L3xIrU+n9svx\/Ytfyhcxn3or6H4zrjLyDlDjat0pPYafaTWGALD8JL9+mbh\/ML++h+jX+lFt8vIyL\/dnmtj8VbzynJM5lpkrcVlS945Vx\/ZCqz6q1920uEHlL\/5CjShTi0ttjw1kJSPKTwFanCyLD9jbPdMojtoetbbjiUAKWVryo44nnWI9Xbnoxz0o+AI2q6Vt1lhwJloiJjoU4pp4JUSCSMpPE9h9dOaO+c24yYK2CSTQFabn\/Nd\/t04nCWX0lR\/VPBXsJpu2G+txBReJJmlgcjhWAPCa21+MUH0T7aq1dB7b\/kVv5PDYz41v+hL+JFW1\/tfk5T3DtrIGwde0bY3plxlORVF24o3JH94oBQyCceTOBnHkoy1FiUVngp6cct+Ti\/s10p+jl\/77n31f7y7yV9GHgKIcVqFDYiR0lLLDaW205zhIGAM+YUvJuTywiWOgOXHQGnblPfnS4rq331761B9YyfMDR46u2C2p9EUdUW8s7tPaVtGnHH3LUwttT6UpcKnVLyBnHM9pqll87UlL4Oxgo8F3kUIufahCk1DpW0aidYcusdbqmEqS2UuqTgHGeR7BRa77Ku1lZQUuSo\/sz0t\/oXf5lf30X767yV9GBP7M9Lf6J7+ZX99T727yT0YFnM0hZZ1rhWyTGWuJC\/wEdKobvDHMHJ4HroUb7Iyck+rOuEWsHJF2e6ZiymZLNvUHWXEuIJeWcKScjhnyirvV3NYbOelDwFVLhCvvVogXyCYVyZ6VgqCt3eKeI5cRV4WSre6JyUVJYYPnZtpU8Db18f\/AKHPvo33l3kp6UPAWstpaaQ2jO6hISMnPAUtnIQpL\/pCzahlNybpHccdbRuJKXVJwM56j20avUWVLESkoRlyfixaOstgmKl2yO428pstkqdUrwSQeRPYKlmostW2RI1xi8oIaCXA3X2oL7ZWQLNay+0WStczBUGFZwPBxxpnT1VWd8sfsDslKPCKqLrHWaorKho5b2UJPSh0p3+H0sbvDPPFF+30+fcKb7P0h9bnn5FujPymDHkOspW6znPRqIBKc9h4UnNJSaXAZdV1ERrm53FnWF2bZuEtttL+EoQ+tIHgjkAa2dNCLpi2hSxveykF5uoORdJwPpK\/vo3pw8L\/AKKbn5L3T+v77Z5CC9JXPigjfYkK3jj9VXMH1jsoFmkrmunRl42yj+48bRco13tzE+EvfYeTvJyOI8oPaKx5wcJbWNpprKO2qnRUbZb1JYnW6BDkvMFLanneicKCcnCeR7FVpaCtOLk0L3SeUhdfPF1HK6TgerMlf30\/6cPCAbn5NG2Gcm52WDNT\/nsIWfORx9tYNkds3Eei8rJ31Q6V19vMOxW5ydPc3WkcgOKlq6kgdZNXrrlZLbE5KSissSeo9oN8vLygxIXAicksx1YUR+svmT5sCterSV189WKStlIFy88VlwvOlf5xWc+umMIplmhdAOuP6NtLrzi3HFRwVLWoqJ4nmTWJqUlbJIbqeYJsIKAEJUISoQ8+kQSobycp5jPKpgh96RH5w9dTDIfrORkcqhDO2vvHO8ekfZFbum9mIlZ3sKNkdot13Yu7dzhMSkgtbvSoBKc73I9XdS2tsnBxcXgJSk85BHWFobsepJtvYUSy2oFvJyQlQBAPmzimqLHZWpPkFOO2WBi7EZbjltuUNZJQy8laOzeByP6fbSGvilKLD0Po0MukA5njaDcPnLWNydByhpzoEeZHgn27x763NNDZTFCVjzNlA60tkpDqd0rQlY\/ZUMg+o0ZNPgoOvY7cPlelPkqlErhPrb4\/mnwx8WO6snXQ2258jVLzHAdnlSYYQ207UC7zqF2M2vMOCotNpzwUv8pXr4d1bOkqUK8vlilst0sHBovSsnVNwU0hfQxGQC+\/jO7nkAPKePmq+ovVMc\/JWEN7G9D2eaXjMBo2xD5xxW+orUfb7qzJau5vuGFVBfAQ2+DHtsNqHDbDcdobqEA53R5KBKTk3J8hEsLCOmqnSVCEqEBN7QdveuN4mrkyt+6t9G6lKwAgZBOOHZ15x1UytTJRjHC6A\/TWW\/JWf2T2TH\/m3H\/dT\/1q\/wB9Z4RX0Y+Q2t8RFvt8aE0pSm47SWklZySEjAz28KUlLc238hUsdDP2vvHO8ekfZFbmm9mInZ3ssdA6wi6VZuPyiK\/IdkbnRhvdCRu730iTkc+oGh6nTyuaw8YO1zUMg3ebk\/eLpJuMvHSyF7xCeSRyAHmGBTFcFCKivgo25PI59lNhfs1hW9MQW5E1YcLauBQgDCQe3me+snWWqyeI8Iaqjtj1Cy6TEW+3Spjn0WGVOHuGaWhHdJII3hZMwuuOOKW65xcWStR8qjxPtr0KSXQQCvaLavmqZaEAYCrWyjlzKBun\/iltLPepfywlkcNfwXGxW4dBfJsBR8GSx0iR+sg\/co+qha+GYKXgtQ+uBtXaWINrmTDyYYW7\/Ckn\/isyEd0khmTwmzMO8pRKnCStXFRPWTzr0QgPjZTARD0dGdCRvy1KeWfLk4HsArF1k3K5rwN1LEAxpUKSoQlQhKhCVCC3lay1pDjOSZek22WG07y3FvgBI9dPrT6eTwrBf1LFzE8ntdauYtYuj2l2UQVICw+XuG6eRxnOO6urS0OWxT6kdk0s4GDaJTk60QpbyEodfjocWhKshJUkEgHr50jNbZNIPF5WRA6+8c7x6R9kVt6b2Yidnez5pnSdw1MzMXbXGAuLu5Q6op3855HB8nXUtvjVjd8khBy4KpaZdquJSpK402K5yIG82seyif4zj5TK9Ux7bPtTnUtnLkgBM2OrcfCeAV5FDsPvBrG1NHpTwuGN1z3I5trNw+RaQeaSrC5biWB5uZ9gNW0cN1qfg5c8RErZYhnXmDFHHppDaCPKN4Z9la1ktsG\/2FYrLSGhtthb1ttk5Kf8J9TJPkC0596B66z\/AKfL\/KUQ966Ji80ZP+bNV2uUThAfCFn9VfgH4qevhvqkgMHtkmP7UcdUrTt0jI+k7DebHnKCKxKnicX+45NZi0ZnScpBHXxr0L5ETQOzOQiRoq2bhz0aC0rzpURWHqli6Q5U8wQU0uEJUISoQlQhKhDju1tjXa3vQJqCuO8ndWAcHuPlq0JuElKPJxpNYYFI2U2gKCXJ9xXHByGC4kD3U399Z4QL0Yh1DiswobESK2G2GG0ttoH5KQMAeqk5NyeWGXQz5r7xzvHpH2RW5pvZiJWd7DXYf9G8edn7dJ\/UP+IWj5Bjam6w7raZ8nKTuNtocKfzwOPsxTOjTVKyDt7y62IqWL1c0gncMZBUO0KOPeaD9Q7IstRyz0223DpLhbbclXBppTy09qjhPwq9dTQRxFyO3vqkL23Tn7bPYmxClMhhW82pSd4A4xy76dlBTi4v5AptPKLe9azvl9gKg3KQ04wpQUQllKTkHI4ihV6auuW6K6l5WSksMH8lPFJwRxB8ho4M0xYJybnY4M0cenYSo+fHH25rz9kXCbj4HovMUzPuqrSuyagmwFJIQ24VNHytnik+rh3Gtymz1K1ITnHbLAWbJtUs2uS7abg6G48lYWy4o4ShzkQfIDw7x20rraHNb4\/ASqeHhjmB4c6yho+1CEqEJUISoQHbjrG1wot3cDhcetX+Ox9FRJxjGeok4zyo0dPOTiv1FHYkm\/APM67vSGbi7MsTKFRI7UpLKJIJU0tXPe5ZABOKO9LXlYlz04B+rLrlBzbJrdztsWcwCGpLKHUBXMBQBGfXSk4uMnF\/AZPKyZ+1746Xj0j7Irb03sxE7O9nJaNQXWytSG7VLVGEjHSFKElRxnGCQcczyq06YWNOazg5GTjwV394+9\/mOvOq7VKWo+0k0TokVyPHZjph6wWp1+cgInTN0rR1toH0Unt4knz1jau5WyxHhDdUNq6is19cPnLWFzfCsobd6BHmR4PvBPfWnpobKkhex5ky+2W6Vt2oE3F+7Ri80yUNtAOKR4RyT9EjsoGsvnXhRL1QUs5Dt3ZrpYtLDduUlZBCVfKXTg\/xUn95d5CumAiX2lx33WHchbS1IV5wcH3Vsp5WRQdOx2f8r0qqKonehyFIwfzVYUPefVWRroYsz5GqXmJ1bRtH\/hHDRJhYTcowPR5OA6nnuE+4\/fVdLqPSeHwy1kNyyuRGSWHYz7keSytp1s7q23E4I84rZTTWUJvpyWcPU19gsBiJd5jTQ4BAcyAOzPLuocqKpPLiiynJcMemg33pWkLW\/JdW664zla1qypRyeJNY2oio2ySG63mCZf0EuSoQlQhwzbZBmofTKitOdO10TpKeKkc8E88V1WSi+j4OOKYioNqhO61TbHGiqGXtwtFxXEDkM5z7a2pWSVW5ciiit2B\/MtNsMIZZQENNpCEJTySBwArEbz1Y5wLfUOmrRMvcyTIilTrjhK1B5YyeXIHFP132RgkmLSgnJs5YujrC46ErhKIyP\/Yd\/wC1W+5t8\/6Iq4h7ZdNWWzJS5bbcyy6QMuYKl\/xHJpOy6yfcw0YRXCLgcqEXFcdG2FxRWuEsqUSpRMl3iT+9WgtTbjn\/AMQv6cchpou1wrTbHGYDPRNqeKlDfUrJwOskmlb7JTlmQWEVFdC+NBLi5u+krHJusx96ES448pSiH3E5JPkCqfhqLIxSTAOEWy60RZYFndmC3MqaDoRvgurWDjOPpE+WgX2SsxuLVxUc4Cw8qXClNqHT9pvMdSrlBafWhJ3XDlKx+8MGiVXWQliLKzgmuoibjAjMXf5O02Q1vgbpUTw85NbUZtwyxRrrgfumozMOxQY0ZG402yAlO8TjvPGsW2TlNtjceCzoZYlQhKhD\/9k=\" alt=\"\" width=\"253\" height=\"175\"\/><\/figure><\/div>\n\n\n\n<h2 class=\"wp-block-heading\"><span style=\"text-decoration: underline;\">Historique :<\/span><\/h2>\n\n\n\n<p>\u00c9ditions Play Bac est une entreprise fran\u00e7aise, cr\u00e9\u00e9e en 1986 par trois amis : Ga\u00ebtan Burrus, Fran\u00e7ois Dufour et J\u00e9r\u00f4me Saltet. L&rsquo;objet de l\u2019entreprise est de d\u00e9velopper des concepts \u00e9ducatifs, originaux, destin\u00e9s aux enfants.<\/p>\n\n\n\n<p>Play Bac est notamment l\u2019inventeur des Incollables (un jeu de questions-r\u00e9ponses sur le programme scolaire, vendu \u00e0 pr\u00e8s de 50 millions d\u2019exemplaires dans le monde), ainsi que des quatre seuls quotidiens pour enfants en Europe Quoti, Le Petit Quotidien, Mon Quotidien et L&rsquo;ACTU, qui comptent ensemble 150 000 abonn\u00e9s.<\/p>\n\n\n\n<p>L\u2019entreprise Play Bac compte aujourd\u2019hui une centaine de personnes dans 3 \u00e9quipes (Editions Play Bac, Play Bac Presse, Play Bac Editions sp\u00e9ciales) rue des Minimes et rue du Petit-Musc, pr\u00e8s de la place des Vosges. Elle propose \u00e9galement des services de communication sponsoris\u00e9e.<\/p>\n\n\n\n<div class=\"wp-block-image\"><figure class=\"aligncenter size-large\"><img decoding=\"async\" src=\"https:\/\/www.playbac.fr\/images\/people.png\" alt=\"\"\/><\/figure><\/div>\n\n\n\n<p><\/p>\n\n\n\n<p>Le saviez-vous ? Le premier produit de Play Bac \u00e9tait un jeu de questions-r\u00e9ponses sur le baccalaur\u00e9at, cr\u00e9\u00e9 par les trois fondateurs de l\u2019entreprise, en 1985.<br>Depuis, nous travaillons avec de nombreux partenaires pour r\u00e9aliser des jeux dr\u00f4les et toujours malins \u00e0 destination de la famille.<\/p>\n\n\n\n<p><\/p>\n\n\n\n<p>Parmi les incontournables : <strong>le Grand jeu des Incollables\u00ae<\/strong> (Ravensburger), <strong>le jeu Harry Potter et celui du Petit Prince<\/strong> (Gallimard), <strong>le Gribouillis Party <\/strong>(Oxybul) ou encore les jeux de l\u2019\u00c9cole des Loisirs.<\/p>\n\n\n\n<figure class=\"wp-block-gallery columns-2 is-cropped wp-block-gallery-1 is-layout-flex wp-block-gallery-is-layout-flex\"><ul class=\"blocks-gallery-grid\"><li class=\"blocks-gallery-item\"><figure><img loading=\"lazy\" decoding=\"async\" width=\"569\" height=\"546\" src=\"http:\/\/leconservatoiredujeu.fr\/wp-content\/uploads\/2020\/05\/Harry-1.jpg\" alt=\"\" data-id=\"8132\" data-full-url=\"http:\/\/leconservatoiredujeu.fr\/wp-content\/uploads\/2020\/05\/Harry-1.jpg\" data-link=\"http:\/\/leconservatoiredujeu.fr\/?attachment_id=8132\" class=\"wp-image-8132\" srcset=\"https:\/\/leconservatoiredujeu.fr\/wp-content\/uploads\/2020\/05\/Harry-1.jpg 569w, https:\/\/leconservatoiredujeu.fr\/wp-content\/uploads\/2020\/05\/Harry-1-300x288.jpg 300w, https:\/\/leconservatoiredujeu.fr\/wp-content\/uploads\/2020\/05\/Harry-1-313x300.jpg 313w\" sizes=\"(max-width: 569px) 100vw, 569px\" \/><\/figure><\/li><li class=\"blocks-gallery-item\"><figure><img loading=\"lazy\" decoding=\"async\" width=\"512\" height=\"491\" src=\"http:\/\/leconservatoiredujeu.fr\/wp-content\/uploads\/2020\/05\/PetitPrince.jpg\" alt=\"\" data-id=\"8133\" data-full-url=\"http:\/\/leconservatoiredujeu.fr\/wp-content\/uploads\/2020\/05\/PetitPrince.jpg\" data-link=\"http:\/\/leconservatoiredujeu.fr\/?attachment_id=8133\" class=\"wp-image-8133\" srcset=\"https:\/\/leconservatoiredujeu.fr\/wp-content\/uploads\/2020\/05\/PetitPrince.jpg 512w, https:\/\/leconservatoiredujeu.fr\/wp-content\/uploads\/2020\/05\/PetitPrince-300x288.jpg 300w, https:\/\/leconservatoiredujeu.fr\/wp-content\/uploads\/2020\/05\/PetitPrince-313x300.jpg 313w\" sizes=\"(max-width: 512px) 100vw, 512px\" \/><\/figure><\/li><\/ul><\/figure>\n\n\n\n<p><strong>Liens<\/strong><\/p>\n\n\n\n<p>Le site officiel de la marque\u00a0<a href=\"https:\/\/www.bioviva.com\/fr\/\">PlayBac<\/a><\/p>\n\n\n\n<p class=\"has-text-align-right\">Le Conservatoire du Jeu &#8211; Mai 2022<\/p>\n","protected":false},"excerpt":{"rendered":"<p>Historique : \u00c9ditions Play Bac est une entreprise fran\u00e7aise, cr\u00e9\u00e9e en 1986 par trois amis : Ga\u00ebtan Burrus, Fran\u00e7ois Dufour et J\u00e9r\u00f4me Saltet. L&rsquo;objet de l\u2019entreprise est de d\u00e9velopper des concepts \u00e9ducatifs, originaux, destin\u00e9s aux enfants. Play Bac est notamment &hellip; <a href=\"https:\/\/leconservatoiredujeu.fr\/index.php\/playbac\/\">Continuer la lecture <span class=\"meta-nav\">&rarr;<\/span><\/a><\/p>\n","protected":false},"author":1,"featured_media":0,"parent":0,"menu_order":0,"comment_status":"closed","ping_status":"closed","template":"","meta":{"footnotes":""},"_links":{"self":[{"href":"https:\/\/leconservatoiredujeu.fr\/index.php\/wp-json\/wp\/v2\/pages\/8130"}],"collection":[{"href":"https:\/\/leconservatoiredujeu.fr\/index.php\/wp-json\/wp\/v2\/pages"}],"about":[{"href":"https:\/\/leconservatoiredujeu.fr\/index.php\/wp-json\/wp\/v2\/types\/page"}],"author":[{"embeddable":true,"href":"https:\/\/leconservatoiredujeu.fr\/index.php\/wp-json\/wp\/v2\/users\/1"}],"replies":[{"embeddable":true,"href":"https:\/\/leconservatoiredujeu.fr\/index.php\/wp-json\/wp\/v2\/comments?post=8130"}],"version-history":[{"count":4,"href":"https:\/\/leconservatoiredujeu.fr\/index.php\/wp-json\/wp\/v2\/pages\/8130\/revisions"}],"predecessor-version":[{"id":13074,"href":"https:\/\/leconservatoiredujeu.fr\/index.php\/wp-json\/wp\/v2\/pages\/8130\/revisions\/13074"}],"wp:attachment":[{"href":"https:\/\/leconservatoiredujeu.fr\/index.php\/wp-json\/wp\/v2\/media?parent=8130"}],"curies":[{"name":"wp","href":"https:\/\/api.w.org\/{rel}","templated":true}]}}