{"id":8043,"date":"2020-05-28T18:05:57","date_gmt":"2020-05-28T16:05:57","guid":{"rendered":"http:\/\/leconservatoiredujeu.fr\/?page_id=8043"},"modified":"2022-04-27T16:30:11","modified_gmt":"2022-04-27T14:30:11","slug":"ferriot-production","status":"publish","type":"page","link":"https:\/\/leconservatoiredujeu.fr\/index.php\/ferriot-production\/","title":{"rendered":"Ferriot Production"},"content":{"rendered":"\n<figure class=\"wp-block-image size-large\"><img decoding=\"async\" src=\"http:\/\/www.ferriotcric.com\/images\/bandeaux\/bandeau-logo.jpg\" alt=\"\"\/><figcaption>Ferriot Cric est un \u00e9diteur de jeux qui cible tous les domaines pour les utilisateurs.<\/figcaption><\/figure>\n\n\n\n<p><strong><u>Historique<\/u><\/strong><\/p>\n\n\n\n<p>Editeur &#8211; Fabricant fran\u00e7ais des jeux de soci\u00e9t\u00e9 traditionnels sous la marque FERRIOT CRIC : Mallettes de jeux de soci\u00e9t\u00e9, Coffrets de jeux de soci\u00e9t\u00e9, loto &amp; nain jaune, jeux sur la France, jeux de plateau, jeux de magie, puzzles, cartes \u00e0 jouer.<\/p>\n\n\n\n<p>La soci\u00e9t\u00e9 Ferriot Cric met \u00e0 la disposition des \u00e9diteurs de jeux, des annonceurs et des agences de communication son savoir-faire et son exp\u00e9rience pour la fabrication de produit sur mesure.<\/p>\n\n\n\n<div class=\"wp-block-image\"><figure class=\"aligncenter size-large is-resized\"><img loading=\"lazy\" decoding=\"async\" src=\"http:\/\/www.ferriotcric.com\/images\/diaporama\/jeu-de-magie.jpg\" alt=\"\" width=\"584\" height=\"439\"\/><\/figure><\/div>\n\n\n\n<p>Le but est d&rsquo;\u00eatre le premier a poss\u00e9der cinq certificats de civisme, qu&rsquo;on obtient en participant aux \u00e9v\u00e9nements sportifs de l&rsquo;\u00e9poque : prise de la Bastille, f\u00eate de la F\u00e9d\u00e9ration, prise des Tuileries etc.<\/p>\n\n\n\n<p>Le parcours est sem\u00e9 d&#8217;emb\u00fbches, que vous aurez parfois pos\u00e9es vous-m\u00eame : brigands, barricades\u2026<\/p>\n\n\n\n<p>1789 &#8211; Le Jeu de la R\u00e9volution fran\u00e7aise a connu une \u00e9dition sp\u00e9ciale \u00ab L\u2019\u00c9v\u00e9nement du jeudi \u00bb, en plus de son \u00e9dition normale par Ferriot Cric.<\/p>\n\n\n\n<div class=\"wp-block-image\"><figure class=\"aligncenter size-large is-resized\"><img loading=\"lazy\" decoding=\"async\" src=\"https:\/\/jeuxsoc.fr\/h\/holdi.jpg\" alt=\"\" width=\"261\" height=\"189\"\/><\/figure><\/div>\n\n\n\n<p>Vous voulez jouer en bourse, mais n&rsquo;en avez pas les moyens&nbsp;?&nbsp;Holding&nbsp;est fait pour vous&nbsp;!<\/p>\n\n\n\n<p>Vous subirez tous les tracas des sp\u00e9culateurs, les calculs interminables, les coups du hasard. En fait&nbsp;Holding&nbsp;parvient, \u00e0 force de r\u00e9alisme, \u00e0 \u00eatre aussi ennuyeux que la lecture des cours de la Bourse \u00e0 la t\u00e9l\u00e9vision.<\/p>\n\n\n\n<p><strong><u>Liens<\/u><\/strong><\/p>\n\n\n\n<p>Le site officiel de la marque\u00a0<a href=\"http:\/\/www.ferriotcric.com\/\">Ferriot Production<\/a><\/p>\n\n\n\n<p class=\"has-text-align-right\">Le Conservatoire du Jeu &#8211; Avril 2022<\/p>\n","protected":false},"excerpt":{"rendered":"<p>Historique Editeur &#8211; Fabricant fran\u00e7ais des jeux de soci\u00e9t\u00e9 traditionnels sous la marque FERRIOT CRIC : Mallettes de jeux de soci\u00e9t\u00e9, Coffrets de jeux de soci\u00e9t\u00e9, loto &amp; nain jaune, jeux sur la France, jeux de plateau, jeux de magie, &hellip; <a href=\"https:\/\/leconservatoiredujeu.fr\/index.php\/ferriot-production\/\">Continuer la lecture <span class=\"meta-nav\">&rarr;<\/span><\/a><\/p>\n","protected":false},"author":1,"featured_media":0,"parent":0,"menu_order":0,"comment_status":"closed","ping_status":"closed","template":"","meta":{"footnotes":""},"_links":{"self":[{"href":"https:\/\/leconservatoiredujeu.fr\/index.php\/wp-json\/wp\/v2\/pages\/8043"}],"collection":[{"href":"https:\/\/leconservatoiredujeu.fr\/index.php\/wp-json\/wp\/v2\/pages"}],"about":[{"href":"https:\/\/leconservatoiredujeu.fr\/index.php\/wp-json\/wp\/v2\/types\/page"}],"author":[{"embeddable":true,"href":"https:\/\/leconservatoiredujeu.fr\/index.php\/wp-json\/wp\/v2\/users\/1"}],"replies":[{"embeddable":true,"href":"https:\/\/leconservatoiredujeu.fr\/index.php\/wp-json\/wp\/v2\/comments?post=8043"}],"version-history":[{"count":7,"href":"https:\/\/leconservatoiredujeu.fr\/index.php\/wp-json\/wp\/v2\/pages\/8043\/revisions"}],"predecessor-version":[{"id":12922,"href":"https:\/\/leconservatoiredujeu.fr\/index.php\/wp-json\/wp\/v2\/pages\/8043\/revisions\/12922"}],"wp:attachment":[{"href":"https:\/\/leconservatoiredujeu.fr\/index.php\/wp-json\/wp\/v2\/media?parent=8043"}],"curies":[{"name":"wp","href":"https:\/\/api.w.org\/{rel}","templated":true}]}}