{"id":8040,"date":"2020-05-25T08:24:11","date_gmt":"2020-05-25T06:24:11","guid":{"rendered":"http:\/\/leconservatoiredujeu.fr\/?page_id=8040"},"modified":"2022-04-27T15:30:29","modified_gmt":"2022-04-27T13:30:29","slug":"editoy","status":"publish","type":"page","link":"https:\/\/leconservatoiredujeu.fr\/index.php\/editoy\/","title":{"rendered":"Editoy"},"content":{"rendered":"\n<div class=\"wp-block-image\"><figure class=\"aligncenter size-large is-resized\"><img loading=\"lazy\" decoding=\"async\" src=\"http:\/\/leconservatoiredujeu.fr\/wp-content\/uploads\/2020\/05\/editoy.gif\" alt=\"\" class=\"wp-image-8285\" width=\"257\" height=\"281\"\/><\/figure><\/div>\n\n\n\n<p><strong><u>Historique<\/u><\/strong><\/p>\n\n\n\n<p>Editoy est un \u00e9diteur de jeux de soci\u00e9t\u00e9 assez ancien ( 1867 ) Tous leurs jeux de plateau sont destin\u00e9s a un public assez enfantin. <\/p>\n\n\n\n<div class=\"wp-block-image\"><figure class=\"aligncenter size-large is-resized\"><img loading=\"lazy\" decoding=\"async\" src=\"https:\/\/upload.wikimedia.org\/wikipedia\/commons\/thumb\/5\/52\/Parchis.jpg\/220px-Parchis.jpg\" alt=\"L\u2019attribut alt de cette image est vide, son nom de fichier est 2Q==.\" width=\"308\" height=\"288\"\/><\/figure><\/div>\n\n\n\n<p>Le Parcheesi est l&rsquo;adaptation am\u00e9ricaine du jeu indien pachisi.<\/p>\n\n\n\n<p>John Hamilton l&rsquo;a tout d&rsquo;abord enregistr\u00e9 sous le nom de Patchessi en 1867. En 1870, il a vendu les droits \u00e0 un \u00e9diteur de jeux de soci\u00e9t\u00e9 de New York qui deviendra par la suite Selchow and Richter et qui renregistrera la marque en 1874. Le jeu reste toujours un grand succ\u00e8s aux \u00c9tats-Unis ainsi que dans beaucoup d&rsquo;autres pays. Il appara\u00eet notamment dans le film La Maison du lac.<\/p>\n\n\n\n<div class=\"wp-block-image\"><figure class=\"aligncenter size-large is-resized\"><img loading=\"lazy\" decoding=\"async\" src=\"https:\/\/mytoys.scene7.com\/is\/image\/myToys\/ext\/1499069-01.jpg?$rtf_mt_prod-main_xl$\" alt=\"\" width=\"393\" height=\"398\"\/><\/figure><\/div>\n\n\n\n<p>Le jeu est de la m\u00eame famille que le Jeu des petits chevaux fran\u00e7ais, le Pachisi indien et que le jeu allemand Mensch \u00e4rgere Dich nicht. Le jeu est \u00e9galement connu sous les noms de \u00ab H\u00e2te-toi lentement \u00bb ou de \u00ab Rira bien qui rira le dernier \u00bb. Les r\u00e8gles du Parcheesi sont un peu plus \u00e9labor\u00e9es et tactiques que celles du Jeu des petits chevaux, ce qui explique que le jeu connaisse toujours le succ\u00e8s, m\u00eame aupr\u00e8s de publics adultes.<\/p>\n\n\n\n<p class=\"has-text-align-right\">Le Conservatoire du Jeu &#8211; Avril 2022<\/p>\n","protected":false},"excerpt":{"rendered":"<p>Historique Editoy est un \u00e9diteur de jeux de soci\u00e9t\u00e9 assez ancien ( 1867 ) Tous leurs jeux de plateau sont destin\u00e9s a un public assez enfantin. Le Parcheesi est l&rsquo;adaptation am\u00e9ricaine du jeu indien pachisi. John Hamilton l&rsquo;a tout d&rsquo;abord &hellip; <a href=\"https:\/\/leconservatoiredujeu.fr\/index.php\/editoy\/\">Continuer la lecture <span class=\"meta-nav\">&rarr;<\/span><\/a><\/p>\n","protected":false},"author":1,"featured_media":0,"parent":0,"menu_order":0,"comment_status":"closed","ping_status":"closed","template":"","meta":{"footnotes":""},"_links":{"self":[{"href":"https:\/\/leconservatoiredujeu.fr\/index.php\/wp-json\/wp\/v2\/pages\/8040"}],"collection":[{"href":"https:\/\/leconservatoiredujeu.fr\/index.php\/wp-json\/wp\/v2\/pages"}],"about":[{"href":"https:\/\/leconservatoiredujeu.fr\/index.php\/wp-json\/wp\/v2\/types\/page"}],"author":[{"embeddable":true,"href":"https:\/\/leconservatoiredujeu.fr\/index.php\/wp-json\/wp\/v2\/users\/1"}],"replies":[{"embeddable":true,"href":"https:\/\/leconservatoiredujeu.fr\/index.php\/wp-json\/wp\/v2\/comments?post=8040"}],"version-history":[{"count":4,"href":"https:\/\/leconservatoiredujeu.fr\/index.php\/wp-json\/wp\/v2\/pages\/8040\/revisions"}],"predecessor-version":[{"id":12913,"href":"https:\/\/leconservatoiredujeu.fr\/index.php\/wp-json\/wp\/v2\/pages\/8040\/revisions\/12913"}],"wp:attachment":[{"href":"https:\/\/leconservatoiredujeu.fr\/index.php\/wp-json\/wp\/v2\/media?parent=8040"}],"curies":[{"name":"wp","href":"https:\/\/api.w.org\/{rel}","templated":true}]}}