{"id":8006,"date":"2020-05-22T16:51:08","date_gmt":"2020-05-22T14:51:08","guid":{"rendered":"http:\/\/leconservatoiredujeu.fr\/?page_id=8006"},"modified":"2022-03-08T09:11:16","modified_gmt":"2022-03-08T08:11:16","slug":"darwin-project","status":"publish","type":"page","link":"https:\/\/leconservatoiredujeu.fr\/index.php\/darwin-project\/","title":{"rendered":"Darwin Project"},"content":{"rendered":"\n<div class=\"wp-block-image\"><figure class=\"aligncenter size-large is-resized\"><img loading=\"lazy\" decoding=\"async\" src=\"https:\/\/jeuxsoc.fr\/editeurlogo\/darwin.gif\" alt=\"\" width=\"280\" height=\"212\"\/><figcaption>Logo de la marque<\/figcaption><\/figure><\/div>\n\n\n\n<p>Darwin Project \u00e9tait un \u00e9diteur de jeux de soci\u00e9t\u00e9, de jeux de r\u00f4le et de magazines de jeu bas\u00e9 en France cr\u00e9\u00e9e le 23 ao\u00fbt 2001 par d&rsquo;anciens salari\u00e9s d&rsquo;Halloween Concept dont ils avaient repris une partie du catalogue. La soci\u00e9t\u00e9 \u00e9ponyme a \u00e9t\u00e9 mise en liquidation judiciaire le 30 mai 2005. Certains des magazines et des jeux de soci\u00e9t\u00e9 ont \u00e9t\u00e9 repris par la soci\u00e9t\u00e9 Play Factory.<\/p>\n\n\n\n<div class=\"wp-block-image\"><figure class=\"aligncenter size-full is-resized\"><img loading=\"lazy\" decoding=\"async\" src=\"http:\/\/leconservatoiredujeu.fr\/wp-content\/uploads\/2022\/03\/play-factory.jpg\" alt=\"\" class=\"wp-image-12592\" width=\"312\" height=\"308\"\/><figcaption>Logo de Play Factory<\/figcaption><\/figure><\/div>\n\n\n\n<p class=\"has-text-align-right\">M.a.J &#8211; Mars 2022<\/p>\n","protected":false},"excerpt":{"rendered":"<p>Darwin Project \u00e9tait un \u00e9diteur de jeux de soci\u00e9t\u00e9, de jeux de r\u00f4le et de magazines de jeu bas\u00e9 en France cr\u00e9\u00e9e le 23 ao\u00fbt 2001 par d&rsquo;anciens salari\u00e9s d&rsquo;Halloween Concept dont ils avaient repris une partie du catalogue. La &hellip; <a href=\"https:\/\/leconservatoiredujeu.fr\/index.php\/darwin-project\/\">Continuer la lecture <span class=\"meta-nav\">&rarr;<\/span><\/a><\/p>\n","protected":false},"author":1,"featured_media":0,"parent":0,"menu_order":0,"comment_status":"closed","ping_status":"closed","template":"","meta":{"footnotes":""},"_links":{"self":[{"href":"https:\/\/leconservatoiredujeu.fr\/index.php\/wp-json\/wp\/v2\/pages\/8006"}],"collection":[{"href":"https:\/\/leconservatoiredujeu.fr\/index.php\/wp-json\/wp\/v2\/pages"}],"about":[{"href":"https:\/\/leconservatoiredujeu.fr\/index.php\/wp-json\/wp\/v2\/types\/page"}],"author":[{"embeddable":true,"href":"https:\/\/leconservatoiredujeu.fr\/index.php\/wp-json\/wp\/v2\/users\/1"}],"replies":[{"embeddable":true,"href":"https:\/\/leconservatoiredujeu.fr\/index.php\/wp-json\/wp\/v2\/comments?post=8006"}],"version-history":[{"count":9,"href":"https:\/\/leconservatoiredujeu.fr\/index.php\/wp-json\/wp\/v2\/pages\/8006\/revisions"}],"predecessor-version":[{"id":12593,"href":"https:\/\/leconservatoiredujeu.fr\/index.php\/wp-json\/wp\/v2\/pages\/8006\/revisions\/12593"}],"wp:attachment":[{"href":"https:\/\/leconservatoiredujeu.fr\/index.php\/wp-json\/wp\/v2\/media?parent=8006"}],"curies":[{"name":"wp","href":"https:\/\/api.w.org\/{rel}","templated":true}]}}