{"id":7996,"date":"2020-05-22T16:21:12","date_gmt":"2020-05-22T14:21:12","guid":{"rendered":"http:\/\/leconservatoiredujeu.fr\/?page_id=7996"},"modified":"2022-03-08T09:38:58","modified_gmt":"2022-03-08T08:38:58","slug":"blue-orange","status":"publish","type":"page","link":"https:\/\/leconservatoiredujeu.fr\/index.php\/blue-orange\/","title":{"rendered":"Blue Orange"},"content":{"rendered":"\n<div class=\"wp-block-image\"><figure class=\"aligncenter size-large\"><img decoding=\"async\" src=\"data:image\/jpeg;base64,\/9j\/4AAQSkZJRgABAQAAAQABAAD\/2wCEAAkGBxAQERUREBIWFhUVGBgWFRYWGBgaFRUZGhUXFxgaFxcYHSghGBolGxcXITMhJSorLi4vGB8zODMtNygtLisBCgoKDg0OGhAQGi8lHyYrMC0tLS4tLy01Li0tKy0tMjUtLi0tLS0tLS01Ky0tLS0tLy0tKy0vNS0vLSstLS0tLf\/AABEIALwBDAMBIgACEQEDEQH\/xAAcAAEAAQUBAQAAAAAAAAAAAAAABQEDBAYHAgj\/xABIEAACAQMCAwQHBAYGCQUBAAABAgMABBESIQUTMQYiQVEHFDJhcYGRI0JiglJykqGxwTNDY4OT0RUkRFNzoqOzwiU0RVTDCP\/EABoBAQADAQEBAAAAAAAAAAAAAAABAgQDBQb\/xAAyEQACAgEDAgIJBAEFAAAAAAAAAQIRAwQhMRJBUXEFEzJhgZGxwfAUItHx4SMkQkOh\/9oADAMBAAIRAxEAPwDuNKUoBSlKAUpSgFKUoBSlKAUpSgFKUoDB4zxNLaIyOCTkKiL7Ujn2VX3nzOwAJOACa1u07SXMR1XCrIh3YRKdcX6oJ+2UD3BtiQGyFFjit36xcs+e5CWijHhqBxK\/x1DR7tBx7Rq1Xha30nPHm6MfC59\/9Ho6fSRljuXfg3i1uUlRZI2DIwyrKcgj3Gr1aDYcRNlJzM\/YOftx4Rk\/1y+W+NY8u91Uht9FerptRHPjU4\/0Y82J45dLK0pStByFKUoBSlKAUpSgFKUoBSlKAUpSgFKUoBSlKAUpSgFKUoBSlKAUpSgFKUoBWJxW75EEsx\/q43f9lS38qy6iO13\/ALG5\/wCE+fhjf92aA1KzhMcaoTkqoBPiTjcn3k5Pzq9Q0r4SUnJts+jSpUijKCCCMg7EedT3Ym7LW5hcktbsYsnqUADRnJ3PcZVJ8SrVBVl9kn03ky\/pxIceGY3Iz\/1R9BXreh8rjmcOzX0\/GYtdBOHV4G50pXlnA6kCvpTyT1SqA5qtAKUpQClKUApSlAKUpQClKUApSlAKUpQClKUApSlAKUpQClKUApUZxvj9rZKGuZlTPsruXf3Ii5Zz8Aa0ziHpKlbaysyR4SXLcsfERrqc\/PTXSGKc+EVlNR5Z0asbiNqJoZIm6SIyH4MpX+dciu+0\/G5f9rhh90MAP75SawJL3jB\/+Vl\/w4wP3V3Wjn4o5+vgbhZSl41ZhhsYYeTDZx8QwI+VX61jsrdzIzQ3UvMeRmkSTGnUTu6kDbV1b35byrZ6+E1+llps8sb+HkfR6bMsuNSQrDsuJSQ3bGKMO3KIyzYRNTpu2Nz7DYAG+DuOtZUj4GajeCrqaWb9NtCnzWPI\/wC40vyxVdNklhbyrlLbze38k5oKdQfck7iWeXead2\/DGTFGPgEOoj3MzVif6Lt+phjJ8SUUk\/EkVmUqmTVZsjuUn8y0cMI8IxU4dCpykYQ\/pR\/Zt+0mDWfa8Su4fYk5q\/7uY5P5ZQNQPvbXVqqEgbnpV8Wsz43+2T+pWeDHNbo2zg3GornKqCki41xv7S56EY2ZTg94Ejw6gipOtd7HWZCNcuMGbGgHYiJc8vI82LM\/5wD0rYq+uxOTgnNU63PDmkpNR4FKUroVFKUoBSlKAUpSgFKUoBSlKAUpSgFKUoBSleXYAEk4A3JPQD30AdwoJJAAGSTsAB1JNc87Qdu3lzHw86U3BuSM5\/4CHYj+0bbyDA5qN7VdpDfsY4zi1HQf\/Yx95v7LyXx6nwAiK34NMvan8jLlz9olpIAGMhy0je1I5LSN8XbfHu6Dwq7SlbjK3YpSlCDxLHqHUggggjqpG4IPmDU3wjjIfEc2Fl8D0SXHinkcbleo36jeoevEsSsMMAR5H93zrzvSHo3FrIVLZrh\/nY16TVz08rW67onOJXDSMIIiQzfeH3F6NIfh0UeLEeAOJOCFY1VEGFUBVHkAMAVp9sZISWjbVqxkSEljgYGJN2GB5hvlk1Jxdosf0kbj8usfIx5P1Ar5PV+h9ViSjGPUvFb2\/Lk93B6Qwz3bp+82GlQE\/a60jAMj6c9NSuM\/DK1e4BxwcRkaKxAdkAZi55agE4z3hqIz+ipxtnqKwR9Hap\/9b+VGp6rCv+SJhiBuau8G4Yb0h2H+rDff\/aPID+y8z97p0zmSsOyIJD3j80jcRgaYR+sOsn5tvw1s4GK9fRei1ianl3fZeBh1Gs610w4K0pSvYMApSlAKUpQClKUApSlAKUpQClKUApSlAKUpQCueekbjnMc8PiPdADXRHiDukP5h3mH6OkdHrc+0HFUs7aW5fcRIWwOrHoqj3sxAHvNcbtg+C8pzLIxklPm7HLY9w6AeAAHhWvS4uqXU+xwzz6Y0i7Sq0r0jCKpVaUApSlAUqtKUApSlAYfFLBLiMxt47qfFW8CK0PhnELjh10s0R0ywtuPBh95W81Yfxz5V0itQ7cWGCs4HXuP\/ABU\/xH0qGk1udMcqZ9FdmuNxX9tHdQ+zIM48UYbMre8EEVJ1wj0E9ojDcvYue5OC8efCVRuB+sg\/6Y867vXkZsfRKjfGVqxSlK5FhSlKAUpSgFKUoBSlKAUpSgFKUoBSlKAUpSgOeelq9z6pZg\/0shmkHmkIyAfcZGQ\/lrVKze3k\/M4yy52htUUDyLyM5P00\/SsKvW00axow53cxSlK7nAUpVKArSlKAUqlVoBSlKAVgcdtubbyJ46SR8V7w\/eKz6pihKOXcMv3t5o7iP2onWRffpIOPgcY+dfXdpcLKiyIcq6qynzDAEfuNfH0qaWK+RI+hxX036K7zncJtG\/RQx\/4btH\/BRWHWR2UjbhfY2ulKVgO4pSlAKUpQClKUApSlAKUpQClKUApSlAKUpQHDu0UmeO34PgsAHwEEZ\/i1e6tdt15XaCTP9fChHvwgH\/5Grtezh9heR5+b22UpSldDkVqlKUApSlAVpVKrQClKUApSrN1MI0Zz0VS30GaA5hdHMjnzZj\/zGvob0INnhEfukm\/7jH+dfOlfSXoatynCLfP3jK\/yMz4\/dismr9j4m3FybtSlK800ClKUApSlAKUpQClKUApSlAKUpQClKUApSlAcZ9O1qYbmzvlHgYmP6ja1HzDSfSsWNwwDKcggEHzB3FdF9J\/ADfcOmjQZkTE0Q8S6ZOB72XUv5q4t2L4mHj5LHvJunvQ\/5H9xFenpJ3CvAx6iO9mzUpStRmFKUoClVpSgFKUoBSlKAVA9srzRb6Ad5Dp+Q3b+Q+dTpNc57RcS9YmLD2F7qfDxPzP8qF4K2RmD4DJ8AOpPgK+tezPDfVbO3t\/91EiH3kKAx+ua+ePRXwE3vEogRmOE8+Ty7hGgfN9O3kDX01Xn6ye6ibMS2sUpSsR2FKUoBSlKAUpSgFKUoBSlKAVBWcc9wZJRcyovNkRECwlQI25R9qMscsjN7X3qlr65WGN5X9mNWdvgoLH9wqxwO2aK3ijf21RdZ83wC5+bZPzqVwQYN895AFbnRuDJEmloSGOuRUPeWQAYDE+z4VOVD8d5vMtxFE0ml2dtwqDETqutj0GpwdgTlemxx6fissPeuoQieMkb8xEHnJlVZR+IAgdSQN6cgt2dxeXEayLyIgwyAQ8pHxwY8GqTi5ikgL3GoNJodFjRUIMcmOupgdQX71ZHZxswDHg8yj8s8i\/yqnaKQJGjscBZoST5Ayqh\/c1T3odiUr5z9KHZx+F3\/rEAxDMxkiIGyP1kjPuySQPJsfdNd2h4lcSKGjtSAwBHOkRNiMjPL1kVrvbGB76CezuYolwLV1dXaTl824eIybqm6KjN5HcHYmuuCbhK+xWa6kc74RxNLmMOux6Mvip\/y8jWdU9wn0NwwNr9dnzjB0LGoPxDBs1qPD+Icxzb4LXKOYmiUd53ViraB4jIJz4Dc4AzXowzQndGKeJxJClbXw\/sDO41XE4jz9yJQzD4yPsT7gvzNer\/ALASqM29wHI+5KoXV8JE2X9k\/Kqfqcd1ZPqJ1walSjBlZkdSjodLo3tKeuDjboQQRsQQRtXq3gklkSGFdUjnCjoBjcsx+6gG5PyGSQD3tVZyp3R5pXQ+E9hLWNQbgesP94v\/AEXwWLOkD9bUffWdP2P4c4x6pEvhmNRGw+DR4I+tZHrIXwaFppVycupWwcf7HyWzxmOUtBJLFEzNjmw8yVYx5CRSWCg9QSM6skiXb0dRaWzc3BJBwBylGceYjyPrXR6rHVlPUTOO9reNgA28R3O0jDwH6I9\/n9K1CvoLs\/6L+G2dvzL5FlkC6ppJWPLTbLaVyAFG+5yatQej+1e6hu7K0ECxtq+3LlJDjuMttnUuDgjUydN1OxFf1cDssLSJT0Tdkzw6z1SriefDy56oMdyP8oJJ97NW71GC0uz1uVz+GEBfozsf31alvLi2Gq40PF96WMFDEP0njLNlB4sDt104yR50m5O2aFsiYpUQl9dSPKIo4isb6AWkcE4VWyQIyB7XnVi74zcwPEsturc1mVRC7u+QjP0aNVA7uMswAz1qKYsnqVFesXx3FvAB5NO+r56YSAfgT8au2fE9T8qWNopMEhWwVcDGTG42YAkZGzDIyBkUokkKVEetzXDEWxVI1JVpmGrUwOGESZAODkFycZBAB6j01ndpvHc8w\/ozIgU+4NEqlPiQ2PI0oglaVDWi8QZQzvApOSYzExKjJwvMWXDYGN9O\/lXmXjMkEgS5SMKUdw0bOzEq8SBBGUyWYygAAkkjGKULJulRKeuS97KW6nopXmS4\/EQwRD7gHHvr01veJukySfhlTTq9wkjPc+OhqUSSlKhn42xACxfaCRI5Y3bS0es4DAqrB1PUEbHB3BBA1a99Jbx6P9QkOpA5y+MEkgj2dwCOvjUqDfBDaRt3aLvQiIf1skcRHmrOOYP8MOflUpUVfd+7t0xsglnz5MFEKg\/ETSfs1K1BJG3\/ABqKFyjBzpQSOVRmEaMWAZseHcbpn2TUgCGGRgg\/QitaubqSOW7URO00pRbcaGMbJyVClpQCqqJDKWyQQPA5XOwWNuIokiByEVUB89Kgfyo0QRnZO2WGBokGlUmuFVR0VfWJGUD3AEVZ7eWxlsJowSC3L3HUfapWVwGQFrlQfZuGHzMcTn97VTtbKEsriQ9I42kP5Br\/APGpt9Q7EsBWs8eHevgTp1WSlW\/VN1kj9Usp\/MK2ZTncVjXvDoZ8c2NX05xqAOM4yPgcDI6HAqE6DMiNsgHzANaZ2S7NRRcS4ld4BZplRPwhoYppcfrPJv8Aq1utRHCDpuLuM9TJHMB46HhSMH9uGUflqU2k6DMnjcdw1vItoyJMVIjZ\/ZVjtqOAc4GT06gVEdj+G39pG44jeLcbgo2nSU66gXPtDpjIGN\/lNcVtDPBLEsjRmRGQSISHQspAZSOhHX5VyrgfohnkmduL3HPjAIjCSyszNkYZmcDTtnujPtddt7w6XF26+G5D5JT0iXdk00LxTwtMcxSIsiFymlnVmAOe6wI\/vDWf6MbVWa4uOpBWBfcAiytj4l0z+oK030o9huF8NshJAjrM8iImqR282fuk49lT9RUl\/wDz5xNeTc2hPeVxMo81ZVQ4+BQftCtLf+3\/AGnLp\/1LZ12uYWvpTY8XawlgVYec1sr5PMDhygZh0Ks4xjbAIO9dPrVbz0f2Et8vEGRhMrK5AbEbuuNLsuOowDsRnAzmsuNwV9R1d9iT7Upm3H4ZrZ\/2LqF\/\/GpeovtOcWkzfooX\/Z738qlKp2JOXNw3jFwby8e5PLjmk9WtF0FZBb3O2vI7v9FtvkncnGx3KbtVBpVo++j+zIWRImyMjQ8hHM\/uw1W47ho0eGIgSPdSRoSMhTIWuGbHiQhdgOhIA8aleH8Khg3Re+RhpG3kb9ZzvjyHQdAANqvKV8ohI98MvOfGJNDpnI0uMMMMVzg+BxkHxBBrJkQMCCMgjBB6EHrWtjilxy47tnjWJ5I15QQ6lWSURd+Qt7YLAkBRjBG\/WtmqjRKNZ7By5imUkkxzmFiepaKGGNifmprZqguzVty5b5R0N1rH57a3Y\/8AMWrN4vcSLyo4iFaWTRqIzoAR5GbHicIVHhlgTnGKmW7C4JCoPtjGTbgo2iQSwiKQDJR5JVhyPisrL8GNZXDZ5BJLBK2sxhHV8AEo+oAMBtqDRvuMDGNqxe2Uyx2wdjgLcWhJ9wvYKR5QfBL2tukSLHGAqIoVQOgAGAPoKsX3FLeAgTTRxls6Q7Bc4xkjJ6DI394rMrV+MS8l7sujkzQgROqM4bSjjldwHDB2LAHGeZtnBxCVsM2cGoQ2qzcQ5jDPq0ICeWuZjqOPMJGoB\/tGqWs00xovkqj6AConh94PX7qHBzy4XBPRtnVgPPSOWT5cxfOi7glb8S8p+Tp5uluXrzo14OnVjfTnGcVFcFs7uFi1xMDGVGVLFyHzu4kZUwCM5XTjpjTuDMzR6lK5IyCMg4IyMZB8DWrRdmXcxrNHCNBy8wPNllwpUYE6Ny8khj3iRpwCc5qUGZd9xG39YgeGaNpA3KkRGDM0b7bqp+7JobJ6AP5mthrX+IWbQCLlzS6mmhVVLLhhzFMg0hQCOUshx5A1P1DCIVpnjupZGhlZSkUaMihlwpkZjgHUDmTHT7gr1ddoFVG5cM7yY7iGCdAzHZVMhj0qCcZYnAG9RXaztTNaX1haxojJduyuW1alAaMd3BA++euapc9qZl41Hw0InKeDml+9zM\/abDfGO4PCr9De9dr+RFmw8O4rFNsDpkHtxNtJGfJlO\/z6HqCRvVviPFlQ8uLEk59mJTuM9GkI\/o4x4sfgMkgH1fpaSsIpxC7dVSQIzfJW3qMtuO2cF9\/ouOLlPyhOCqokRBYKFGCDrz4YqqRJXs5Clq1zG8i55qyMxwutngiLvjO2XDHHh0r12o4nataXMbTw96GVcGRN8xsMdayO0dzaWkMl5dIhEa5LFFLnfCquepJIAHvrQbHtVx65T1qy4VALY7orkCWRfNTrXPx07+GavGLl+4hutje+AXQjAtJDh0Ucot1miA7jKfvMowreIIzjDKTMSSKoLMQABkknAA8yT0FRPCZPX7SOS8tOWXAZoJQGKEHY7jY+O4BGdwDVbTh1hIcxrFIUOeok0HwwCTpPwxVGSY1p2mVpJFeN9Pca3KRyO00bZXXhVOBrR9+mko33qpdJdyyxzwwiIxhlPOkAMqHcoViDgZIUhycrj2SCwM2buPXy9a6+ujUNePPT1pDdxuxVHVmX2grAlfiB0qL9wMJOOxDaZZIW8RIjYHwkUFG+TGjccjO0KSyt4BI2Cn+8cCMfNqzHvYlcRtIgc9ELAMfgucmrk06Ju7Ko\/EQP40BCydnYrr7TiEUUzdERlDxwr5IWGSx8XwCcDYAAVjx9ibKBudZQpbzr7EiA496umcMjdCPmCCARsiOCAQQQdwR0Pwo7AAk9BuadbS5FEba8ZQkRzjky9NDnuuf7KTYSDx27wHUKdqkyahHvZLgFUgV484OvBB+R2+W9XW4FYDANtbjyBjTHyBGK44s+PKm48eNbfCzpLHKGzI7tTxD1i1ubezHOZoZUZ13ijyjA5ce1J4BFyc4zpG9So49bfpn5JIf4LUgAqjbAA+QAq3NcARs6kHCkjxGwz4V1lOKW5RJs1xA0jTTxKzcu6SZFKspdfVI4ZAusDLaTLjw1ADIrYbG\/inXVE4YdDjqp8QyndWHiCARTh85kjVyACR4dOtQfEkS4kYi0hl5exaRFZvgCfhXGepxxjGTvfilb4svHFJtrwMm7j4fBLrKR84ksiqoaVmPVkQb6jndgB1yTXu27RwsisVlDEAtGsMsjRt4q3KVhkHIO+NqtcNuIk5SwQxxrIWDBFC4Ix004HjU0ZVBwSM+Wd\/pVsefHkVxf5V\/ciWOUeSCsL4pLcOYJ9Mkish5Z3AhjQ7dRuh64q7PdNNPbaIpQFkYuXQqFUwSrnJ\/EUHzqZdwu7EAeZOKqGBGQdvOunUrKUQUPEVjuLkypMCWRUKwTsrIsakHWiFfbeQdfCvHGbuC7VLfBYSSRh0aN1yobW2dSjbC1PJKreyQfgc1F3XGfsC8Q77MI41bxkchUyAfZycn3A1HrI9SXd8fAnpdNljh\/F+WDHMWl5bGPnxKZQxXYiVYgTHKPvZAXO4O+Bem7RwqUCpMxd0jGIZFGWbHtSBQQN2OCSACcbV7h7PwqqaS6uqhTIjsrvjJzIVOJDkse8DuxPjWRa8Jijfmd55MEB5HZ2APULqOEBwMhcZwKvsRuZta\/FYtJJPLGwWRLjMbH2SBbwxuj4+4xUg+RAPVRUpxTiAhUYGqRzpijHtSN5DyA6lugAJPSq8JszDEqMdTbs7dAzuxdyB4AsxwPAYFQtgYycbVe7PHJC3jqRmj+KyoChHxIPmB0qr8dhO0aySnwEcbkH85ARfzMBUpSmxJF2VnK8nrFxgMARFEpysQPUk\/elIABPRR3R1ZmlKUqAco9L9gLniPCoGZkErSoWQ4dctDupPQ1GcN4B\/o7tBHBBLLMfVJJFaYhn1FJQFyANu6Pqa65e8It5pI5ZYkeSE5idhloySCSp8Og+lH4RbmcXRiQzqugS474XfYHy3P1rus1R6fc0V6e5wOys+Ey8Imu7uf\/ANTzK5LSsJ+aHPLAi1bg93Jxtk7jG05wtYrjjFg\/FCA5sLaVDIxQtciQcs7EZcnV3T1ORiuo3HY7hsk3rD2cLSk6ixQbt+kR0J95FZvEOCWtxJHLNBG8kRBjdlBZCDqGluo3ANWedPx\/jy9xHSaz6YuGS3PCpVhBZkKSFR1ZVbLYHjgZbH4a1y47WcPvuGQAcTeweEIXSIsJSVjKFFVSDIhJyMZ6Dx6dZrXbjsNwqSQyvZQFick6BgnqSVGxPxFc4TilT8yWjjnrnEG4LPPNPcvbz3UUWuR2aQW41h2GScBnMakDYkEbip42PDbPiPC5uDSLplkaCcxymRWGlNnyThsPkjbfBxkCuwS2cTRmFo1MZXQYyoKFcY06cYxjwqLtOyXD4ShitYlMbmRMLjS5ABYeRwo+lX9ene3iR0nEX4TDJwzifE3DG7ivcRzB3DKObD0wcZ+1bfr08qn7fgUHDuI8HayQo1xBIZe8xEjcjV3snYEt0GBsNtq6oOzVkIZLf1aPlStrkj0913yp1MPE5VfoKvPwa2Z4pDCheAYhbG8YxjCnw2GKPUff6DpPne3sbW6tRPdTxJcGSWS+mlkb1tSrdyKC2JAdnHic4IYbaQK2TtxBazLaX5ljnjS1QepXs\/KupI8sVlQo+WkcYP4sDr0HVrzsbw2aYzy2cLSE5LFB3j5sOjH3kVd4n2VsLp+bcWsUrgBQzqCcDOBv4bmrPUK09x0lex9zDLY2z2yGOExJy0YklFC6QpJJJxjGc71IX8ReN1HUqQPpV2GNUUKoCqoAUAYAAGAAB0FeqyTSkmvE6J07IXgt\/GsYjchWUkEHbO5\/zrGSOF2mNw2GDEDJxgeGkeNTktlE51Mik+eN6pPYxOdToCfP\/PzrznpMrhGL6Wo8Xe6qt\/ejSs0OptWr\/NjXxIWjgWUkRlmBPmARpyfrV0hEkkWA5QxMWwcqDg+P0+tT8lujLpZQV8sbfLyrxDZRoCqoAG2Pv+NV\/QTtbp8b99lVeTJ\/UKuPh25+pZ4L\/QJ8P5moqygkfnLG+n7Tc+Y721bBFGqgKowB0FeYbdEyVUDUcnHia0S0rksab9lU\/lWxzWanJrv\/ACQ8lqIZLdF3wXOfM4FYcEULxSNIftu8dyQcgE7Dx6VsjwKzKxAJXofKrb2MRbUUGTkE465GDn5Vwnobbqq8H5JfNVsXjqNt7vx+Lf3IVF5z26yZYGMkjJ3Iz5fAVjsSsboCQgm0t7l3\/wAhWyJaRgqQoBUYX3Ci2sYDAKMMcsPM++oegk97V+PwS+xK1K8Nv8tkHYJGk4IPtEhFjOrbzck+W+KrwSzhlidJFDFtmUnfAIIOPDB3BG+RUzb2UUZyiAE+PjXuO2RWLKoBPUgdavg0cscoy22b28649+3uK5M6kmt+3\/hgJaXUW0cyyIOizg8we7nIdwOneUt5saqUvn+9DEPHSrytj8JYoAfeQ3wqUpXpWZaMGw4WkRL5aSRhhpZDlyPIYACL46VAXO+M1nUpUEilKUApSlAf\/9k=\" alt=\"\"\/><figcaption>Logo de la marque<\/figcaption><\/figure><\/div>\n\n\n\n<p><strong><span style=\"text-decoration: underline;\">Historique <\/span>:<\/strong><\/p>\n\n\n\n<p>Blue Orange est une soci\u00e9t\u00e9 fran\u00e7aise de jeux de soci\u00e9t\u00e9 bas\u00e9e \u00e0 Pont-\u00e0-Mousson, en France. Elle est souvent appel\u00e9e Blue Orange international ou Blue Orange Europe et confondue avec Blue Orange Games.<\/p>\n\n\n\n<p>Cet \u00e9diteur a \u00e9t\u00e9 fond\u00e9 en 2005 par Jalal Amraouza et Timoth\u00e9e Leroy et initialement appel\u00e9e Jactalea. Son nom a chang\u00e9 le 1er septembre 20135 \u00e0 la suite de la rencontre de Timoth\u00e9e et Jalal avec le fondateur de Blue Orange Games, Thierry Denoual.<\/p>\n\n\n\n<figure class=\"wp-block-image size-large\"><img loading=\"lazy\" decoding=\"async\" width=\"1024\" height=\"404\" src=\"http:\/\/leconservatoiredujeu.fr\/wp-content\/uploads\/2022\/03\/jactalea-1024x404.jpg\" alt=\"\" class=\"wp-image-12606\" srcset=\"https:\/\/leconservatoiredujeu.fr\/wp-content\/uploads\/2022\/03\/jactalea-1024x404.jpg 1024w, https:\/\/leconservatoiredujeu.fr\/wp-content\/uploads\/2022\/03\/jactalea-300x118.jpg 300w, https:\/\/leconservatoiredujeu.fr\/wp-content\/uploads\/2022\/03\/jactalea-768x303.jpg 768w, https:\/\/leconservatoiredujeu.fr\/wp-content\/uploads\/2022\/03\/jactalea-500x197.jpg 500w, https:\/\/leconservatoiredujeu.fr\/wp-content\/uploads\/2022\/03\/jactalea.jpg 1152w\" sizes=\"(max-width: 1024px) 100vw, 1024px\" \/><figcaption>Logo de \u00ab\u00a0Jactalea\u00a0\u00bb<\/figcaption><\/figure>\n\n\n\n<p><br>Blue Orange est un \u00e9diteur de jeux de soci\u00e9t\u00e9 dont les jeux sont accessibles \u00e0 tous les publics, sa gamme comprend des jeux pour enfants, adolescents, familles et adultes. Blue Orange sort environ 10 nouveaux jeux de soci\u00e9t\u00e9 chaque ann\u00e9e. Ces jeux sont habituellement faits de bois, d&rsquo;\u00e9tain, de r\u00e9sine et de mat\u00e9riaux recycl\u00e9s\/recyclables.<\/p>\n\n\n\n<figure class=\"wp-block-gallery aligncenter columns-2 is-cropped wp-block-gallery-1 is-layout-flex wp-block-gallery-is-layout-flex\"><ul class=\"blocks-gallery-grid\"><li class=\"blocks-gallery-item\"><figure><img loading=\"lazy\" decoding=\"async\" width=\"225\" height=\"225\" src=\"http:\/\/leconservatoiredujeu.fr\/wp-content\/uploads\/2022\/03\/braverat.jpg\" alt=\"\" data-id=\"12608\" data-link=\"http:\/\/leconservatoiredujeu.fr\/index.php\/blue-orange\/braverat\/\" class=\"wp-image-12608\" srcset=\"https:\/\/leconservatoiredujeu.fr\/wp-content\/uploads\/2022\/03\/braverat.jpg 225w, https:\/\/leconservatoiredujeu.fr\/wp-content\/uploads\/2022\/03\/braverat-150x150.jpg 150w\" sizes=\"(max-width: 225px) 100vw, 225px\" \/><\/figure><\/li><li class=\"blocks-gallery-item\"><figure><img loading=\"lazy\" decoding=\"async\" width=\"225\" height=\"225\" src=\"http:\/\/leconservatoiredujeu.fr\/wp-content\/uploads\/2022\/03\/clouds.jpg\" alt=\"\" data-id=\"12609\" data-full-url=\"http:\/\/leconservatoiredujeu.fr\/wp-content\/uploads\/2022\/03\/clouds.jpg\" data-link=\"http:\/\/leconservatoiredujeu.fr\/index.php\/blue-orange\/clouds\/\" class=\"wp-image-12609\" srcset=\"https:\/\/leconservatoiredujeu.fr\/wp-content\/uploads\/2022\/03\/clouds.jpg 225w, https:\/\/leconservatoiredujeu.fr\/wp-content\/uploads\/2022\/03\/clouds-150x150.jpg 150w\" sizes=\"(max-width: 225px) 100vw, 225px\" \/><\/figure><\/li><\/ul><figcaption class=\"blocks-gallery-caption\">Boite des jeux \u00ab\u00a0BraveRats\u00a0\u00bb et \u00ab\u00a0Clouds\u00a0\u00bb<\/figcaption><\/figure>\n\n\n\n<p><strong><u>Les diff\u00e9rents Blue Orange<\/u>\u00a0:<\/strong><\/p>\n\n\n\n<p>Il existe trois entit\u00e9s distinctes qui partagent la marque Blue Orange et collaborent \u00e9troitement :<\/p>\n\n\n\n<p>Blue Orange Edition (France) qui peut \u00eatre consid\u00e9r\u00e9e comme le bureau d&rsquo;\u00e9tudes. Quatre chefs de projet et un responsable Sourcing de Blue Orange Edition recherchent les perles ludiques de demain. Ils sont en relation avec les auteurs de jeux du monde entier et testent plus de 1000 jeux par an.<\/p>\n\n\n\n<p>Blue Orange Games (\u00c9tats-Unis) est le distributeur des jeux Blue Orange aux \u00c9tats-Unis, au Canada, en Australie et en Nouvelle-Z\u00e9lande.<\/p>\n\n\n\n<p>Blue Orange (France) qui dirige le d\u00e9veloppement, valide et distribue les jeux Blue Orange dans le reste du monde : Europe, Am\u00e9rique du Sud, Afrique et Asie. Les jeux Blue Orange sont distribu\u00e9s sur les 5 continents et dans 59 pays diff\u00e9rents.<\/p>\n\n\n\n<p>Blue Orange se distingue notamment dans les jeux pour enfants. Ou presque chaque ann\u00e9e depuis 2019 il remporte \u00ab&nbsp;L\u2019as d\u2019Or&nbsp;\u00bb qui est le prix d\u00e9cern\u00e9e aux meilleurs jeux de l\u2019ann\u00e9e dans diff\u00e9rentes cat\u00e9gories.<\/p>\n\n\n\n<p>En 2019 il gagne gr\u00e2ce \u00e0 \u00ab&nbsp;Mr. Wolf&nbsp;\u00bb le prix du meilleur jeu pour enfants.<\/p>\n\n\n\n<p>En 2021 il gagne gr\u00e2ce \u00e0 \u00ab\u00a0Dragomino\u00a0\u00bb le m\u00eame prix du meilleur jeu pour enfants.<\/p>\n\n\n\n<p> En 2022 il gagne grace a \u00ab\u00a0Bubble Stories\u00a0\u00bb le prix du meilleurs jeu pour enfants.<\/p>\n\n\n\n<figure class=\"wp-block-gallery columns-3 is-cropped wp-block-gallery-2 is-layout-flex wp-block-gallery-is-layout-flex\"><ul class=\"blocks-gallery-grid\"><li class=\"blocks-gallery-item\"><figure><img loading=\"lazy\" decoding=\"async\" width=\"340\" height=\"340\" src=\"http:\/\/leconservatoiredujeu.fr\/wp-content\/uploads\/2022\/03\/mr.olf_.jpg\" alt=\"\" data-id=\"12610\" data-link=\"http:\/\/leconservatoiredujeu.fr\/index.php\/blue-orange\/mr-olf_\/\" class=\"wp-image-12610\" srcset=\"https:\/\/leconservatoiredujeu.fr\/wp-content\/uploads\/2022\/03\/mr.olf_.jpg 340w, https:\/\/leconservatoiredujeu.fr\/wp-content\/uploads\/2022\/03\/mr.olf_-300x300.jpg 300w, https:\/\/leconservatoiredujeu.fr\/wp-content\/uploads\/2022\/03\/mr.olf_-150x150.jpg 150w\" sizes=\"(max-width: 340px) 100vw, 340px\" \/><\/figure><\/li><li class=\"blocks-gallery-item\"><figure><img loading=\"lazy\" decoding=\"async\" width=\"690\" height=\"900\" src=\"http:\/\/leconservatoiredujeu.fr\/wp-content\/uploads\/2022\/03\/dragomino.jpg\" alt=\"\" data-id=\"12611\" data-link=\"http:\/\/leconservatoiredujeu.fr\/index.php\/blue-orange\/dragomino\/\" class=\"wp-image-12611\" srcset=\"https:\/\/leconservatoiredujeu.fr\/wp-content\/uploads\/2022\/03\/dragomino.jpg 690w, https:\/\/leconservatoiredujeu.fr\/wp-content\/uploads\/2022\/03\/dragomino-230x300.jpg 230w\" sizes=\"(max-width: 690px) 100vw, 690px\" \/><\/figure><\/li><li class=\"blocks-gallery-item\"><figure><img loading=\"lazy\" decoding=\"async\" width=\"667\" height=\"933\" src=\"http:\/\/leconservatoiredujeu.fr\/wp-content\/uploads\/2022\/03\/bubble-stories.jpg\" alt=\"\" data-id=\"12612\" data-full-url=\"http:\/\/leconservatoiredujeu.fr\/wp-content\/uploads\/2022\/03\/bubble-stories.jpg\" data-link=\"http:\/\/leconservatoiredujeu.fr\/index.php\/blue-orange\/bubble-stories\/\" class=\"wp-image-12612\" srcset=\"https:\/\/leconservatoiredujeu.fr\/wp-content\/uploads\/2022\/03\/bubble-stories.jpg 667w, https:\/\/leconservatoiredujeu.fr\/wp-content\/uploads\/2022\/03\/bubble-stories-214x300.jpg 214w\" sizes=\"(max-width: 667px) 100vw, 667px\" \/><\/figure><\/li><\/ul><figcaption class=\"blocks-gallery-caption\">Boite des jeux \u00ab\u00a0MR.Wolf\u00a0\u00bb,\u00a0\u00bbDragomino\u00a0\u00bb et \u00ab\u00a0Bubble Stories\u00a0\u00bb<\/figcaption><\/figure>\n\n\n\n<p><strong><u>Liens<\/u><\/strong> <strong>:<\/strong><\/p>\n\n\n\n<p>Le site officiel de la marque\u00a0<a href=\"https:\/\/blueorangegames.eu\/jeux\/\">BlueOrange<\/a><\/p>\n\n\n\n<p><strong><span style=\"text-decoration: underline;\">Source<\/span> :<\/strong><\/p>\n\n\n\n<p>Wikip\u00e9dia<\/p>\n\n\n\n<p><strong><span style=\"text-decoration: underline;\">Cr\u00e9dits photo<\/span> :<\/strong><\/p>\n\n\n\n<p>Fnac.com, Espritjeu.com, Blue Orange<\/p>\n\n\n\n<p class=\"has-text-align-right\">M.a.J &#8211; Mars 2022<\/p>\n","protected":false},"excerpt":{"rendered":"<p>Historique : Blue Orange est une soci\u00e9t\u00e9 fran\u00e7aise de jeux de soci\u00e9t\u00e9 bas\u00e9e \u00e0 Pont-\u00e0-Mousson, en France. Elle est souvent appel\u00e9e Blue Orange international ou Blue Orange Europe et confondue avec Blue Orange Games. Cet \u00e9diteur a \u00e9t\u00e9 fond\u00e9 en &hellip; <a href=\"https:\/\/leconservatoiredujeu.fr\/index.php\/blue-orange\/\">Continuer la lecture <span class=\"meta-nav\">&rarr;<\/span><\/a><\/p>\n","protected":false},"author":1,"featured_media":0,"parent":0,"menu_order":0,"comment_status":"closed","ping_status":"closed","template":"","meta":{"footnotes":""},"_links":{"self":[{"href":"https:\/\/leconservatoiredujeu.fr\/index.php\/wp-json\/wp\/v2\/pages\/7996"}],"collection":[{"href":"https:\/\/leconservatoiredujeu.fr\/index.php\/wp-json\/wp\/v2\/pages"}],"about":[{"href":"https:\/\/leconservatoiredujeu.fr\/index.php\/wp-json\/wp\/v2\/types\/page"}],"author":[{"embeddable":true,"href":"https:\/\/leconservatoiredujeu.fr\/index.php\/wp-json\/wp\/v2\/users\/1"}],"replies":[{"embeddable":true,"href":"https:\/\/leconservatoiredujeu.fr\/index.php\/wp-json\/wp\/v2\/comments?post=7996"}],"version-history":[{"count":7,"href":"https:\/\/leconservatoiredujeu.fr\/index.php\/wp-json\/wp\/v2\/pages\/7996\/revisions"}],"predecessor-version":[{"id":12615,"href":"https:\/\/leconservatoiredujeu.fr\/index.php\/wp-json\/wp\/v2\/pages\/7996\/revisions\/12615"}],"wp:attachment":[{"href":"https:\/\/leconservatoiredujeu.fr\/index.php\/wp-json\/wp\/v2\/media?parent=7996"}],"curies":[{"name":"wp","href":"https:\/\/api.w.org\/{rel}","templated":true}]}}