{"id":7968,"date":"2020-05-28T16:39:03","date_gmt":"2020-05-28T14:39:03","guid":{"rendered":"http:\/\/leconservatoiredujeu.fr\/?page_id=7968"},"modified":"2022-05-04T10:34:38","modified_gmt":"2022-05-04T08:34:38","slug":"piatnik","status":"publish","type":"page","link":"https:\/\/leconservatoiredujeu.fr\/index.php\/piatnik\/","title":{"rendered":"Piatnik"},"content":{"rendered":"\n<div class=\"wp-block-image\"><figure class=\"aligncenter size-large is-resized\"><img loading=\"lazy\" decoding=\"async\" src=\"data:image\/jpeg;base64,\/9j\/4AAQSkZJRgABAQAAAQABAAD\/2wCEAAkGBwgHBgkIBwgKCgkLDRYPDQwMDRsUFRAWIB0iIiAdHx8kKDQsJCYxJx8fLT0tMTU3Ojo6Iys\/RD84QzQ5OjcBCgoKDQwNGg8PGjclHyU3Nzc3Nzc3Nzc3Nzc3Nzc3Nzc3Nzc3Nzc3Nzc3Nzc3Nzc3Nzc3Nzc3Nzc3Nzc3Nzc3N\/\/AABEIAJcAlwMBEQACEQEDEQH\/xAAcAAACAwEBAQEAAAAAAAAAAAAABgQFBwMBAgj\/xABCEAABAwMBBAcFBgIIBwAAAAABAgMEAAURBhIhMUEHEyJRYXGRFDKBobEjQlJicsEVMzRDgpKy0eHwFiQlU2Nzwv\/EABsBAAEFAQEAAAAAAAAAAAAAAAABAgMEBQYH\/8QANBEAAgIBAwIDBgUFAAMBAAAAAAECAwQREiEFMSJBURMyYXGBoUKRsdHwFDNSweEkRGIj\/9oADAMBAAIRAxEAPwDcaACgAoAKAPM0AV93vduszPW3GUhkcgeJ8hTJ2Rh3J6MW3IelcdRAvPSs22Sm1w9ocnX1YHpVaWS37qNuroaitb56CjP6Q9QzSrZnLbSeAYQEj1xULssl3ZerwsGvtDc\/qVLt3vMs5dkTXP1OmmPnuy1GNcfdqS\/L9jiHriDnD+e\/bNJx6j93\/wAL+fQkM3m9RD9jLmtfpcOKVarsxrrpl79S\/JFxb+kTUMNXbn9en8EhsH5jfT1dZHz1KtnTcKxe7tY3WjpWjuFKLtBU1\/5WFbQ9DvqeOWvxIz7+gy70y1+Y+Wm9W68M9bbpbb6eYSd6fMHeKsxnGS1TMS7HtoelkdCfmnEJ7QAUAFABQAUAFABQBykyGorSnpDiW2kjJUo4ApG0lqx0ISnLbFasy\/VvSfslUaw4xwMlQzn9I5+dVLL2+IHQY3SIQSnkv6GcPvT7rIVIkvLUtXFxxW0fh3fCqza8+TZhuUdta2xOjMJhB2nMuK\/Maa5McqorkloLaPcQkeQpB21n31ueZpOA2li5a5bdjbvDgSmK451aAVdpR37x4bjUns2obyqsit3uhd0V3XeNMLWw+FltfvpCvMUCqLIzkRo72yUeANKmG3ng5sOy7dIRIjvLadRvS60rBFKno9V3FlpZFxsWqNH0n0mkbEbUWNngJaBw\/UB9R6VaryfKZg5nRNVvxvy\/Y09h5uQ0l1lxLjaxlK0nIIq53OdacXo+50oECgAoAKACgCBebrEs8FyZNcCG0D4k9wpspqC1ZNj488iahBcmGav1hO1HJLe9uMk9hgHgO895qhOxz79jrcXEhiLbDmfmyotltkTZSWYrDkqUsZShA3kd9RJOT0iW5KumPtLX9TtLZfhyFxpTS2XmzhTaxgimyTT0ZLXOFkVOD1TL7Sul5F+beluvey26OT1j2ztKJAyQkeXOpaqXNat8FDO6hHFaglrJ\/YuLHb9E3qabbDXchJUglp9xeyF47h88ECpYQok9q11KWTd1PGh7WemgvuNRtNalkxb1DM5mMSA2lewF5wUq9OVRaKuxqS1NDdZl4qnTLa3\/ABmm61udttdlgqn2lEyM6sJQxtBIR2SR8t1XLZRjHlao5rp1F110lXPa15mfWJFmv2rlMOw3o8KUCmPHaVgoWEg5JHLco\/GqkFCyzlcG\/kyycTE3KScl3fwLm69HEkXPqrVIbREKAQuU5v2u4ADJqSeK9fCynR1uPstbY6y+Arai0\/cdOvNt3BCCh3PVOtqylWOI8D4VDZVKvuauJm1Zaezuu+pUbe7fURb0OK0gnKSAedOT8g005QyaM1jL02+Gl7T1vUr7Rjmkn7yfHw51NVa6+PIz8\/p8MxOS4n\/OGbhbbhFucJqZBeS6w6MpUP8AfGtCMlJao422uVU3Ca0aJVKMCgAoA4TJTUKM5JkLCGm07SlHkKRtJasfXCVklCPdmB621TI1HcuySiM2fsW\/wj8R8azrLN718jscTFjiQVcfefdi+hIbTu3d5POoWaNdagtEX+irncYN+aNmSw7JkDqdh49kgnO88uFS0ycZ+EqdSoqtx37bVJc8DdrbRstdrdvipRl3JKtuWEDCNgDggflx5kZqa2l6b\/Myem9SrjaqNNIPhfP4lR0c\/wASujsixMz1xrapBekBsDbIOElKTyzzpuPub2a8Fnq6ppSvlHWfZen1GGyyFQtSrt9psLNvtsFa\/apshslakJzk7Z792OO6pYaxntjHRGfkRU8f2ttu6cuyXlqQeluxu+0fx1hbRZLSGnG89sqycEDuwRTcmH4yz0PLjt\/p2ueX\/wALvUsNjWem7cbbdIbXVkOHrlbvdwQcbwRUlkVbBaMo4ls8DIn7SDfl9yp6K9OPJuKr06tpTDaXGWNlWSVZ2SrGOGAfWo8epqW5lzrObGVaoS5ejf5dhf1Oi4X7Xz0QJebdXISy0CSOqQAO14bgVVHPdO7Qu4bpxsBTej41+Yx9MU9pEa22pJ23UqL6zzSkDZHrk+lS5TWiiUOgUtznb5dv9lTpLSrku1xNQW9SZUqPIUXITqdlDgScbIV38+70qOunWKmizn9Q22yxrFpFpcruir13e4d8ujb0SC5DLTZbe60JClKB54ON28Uy6am+FoW+l4tmPU1OWuvKFocjzqI0WvQadCasc03ODchRXbnlYdR\/2z+MDw599TUW7Ho+xl9SwFlQ3R99ff4G6suoeaS62tK0LAUlSTkEHnWicY009GfdAHh4UAZL0tamLj38GiK+zbOXyD76uSapZE9z2o6XpGKqq3kSXL7GcNII3YJUruGSTVV8m9XHYnJ9zSbVabLoy3MXTVDftFxkb2YgSFFA8EndnvJ3DhVuMIVLdPuYN+TkdQsdONxBd2T9ZMWe86NTqO3NiO81srZcSkIX72Cg48c+WKdaoTr3or9PlfRmf00+U+Gu\/wBSs6JrzLM9+zuockRXkqeKic9WrcDnPJX18zTMab12stdcxq1CN64fb6f8IuoTbtHXxMnS9xK5wcX18dWFtoQrfs5HceWc02e2uWsHySYiuz6dmTHw6LR9nqirv+uLzfYyoshTLEZe5TbCSNvzJJJHhTZ3zktC1i9Jx8eW5atr1Fx151w7T7y1nvWsn61DyzQShDskjltNk8UnPlRyLvj6kqLNlQ1hcSU+wRwLTqk\/SlTkuw2dVdq8cU\/uMGmtaTrJOkSXmW5plLCn1ubnFEDAwr9iKlrucHq+ShmdLryIRjF7dO3oWxt0fpE1FLmwZXsSUoaC2pBCnF7u0UgHcBjxBNP0V09UU1dZ0rHjXOO588rsvT5l1rnUTGmbY1p6wgNPdUEqUn+oQf8A6Pf5mpLrFXHZEp9NwpZljyL+V+r\/AGEbR9huF8ujS4bKFNMOJW66+nabGDnB\/EfCq9UJTlqjc6hmVY9TUny1wl3L\/pXtlsiXFqVEeaRNf\/pEVHHhuXgcO7xqTJjFPVdzP6HfdODhNeFdn\/oQqrG+an0S6kLrZsUteVtpK4pPNPNPw5eFXcazXws5breHsl7ePZ9\/n6mmjhVowCr1LdUWayyZyyMto7A71cqZZLbFss4lDyL41rzPzm885LluSHlbSySpRzneeNZnPdnbwgnLRdojn0bWiK7Mfvl1WhuDbe0C4dxXyJ8APmRU9EFrvl2Rm9YyZxgsepeKX6DZq\/RyNWLZu1ouaVLWlKcKXttFHenHA78+PhU1tKs8SZl4HUngp1WQ\/fX4\/AXNbrfLTel7FFkLhWloOSVJQSVK7z3gZJ8T5VFdrp7OK4Rf6bs3PLvklKb0X8\/nAkxZUiG4XYj7rDhQUbbasEpO4iq6k12NuyuFi2zWqOSEuPPIYYacefcVsoabSVKWfAUqi5PgbdfXRHWTH6wdFk6YhL19mGE2d4jxiFO\/2lEYB8gatQxv8jnMnrk3xUh3gdHeloaAP4U3IUPvyiXSf726rCrivIyp5l83q5Mnr0hptaNhVhtuyO6KgftS7I+hH\/U3f5Mp7p0Z6bmoPUR3ILnJcVzAH9k5T8qY6IMs1dSyavxa\/MQNSdHt3sqFSIp\/iMRO8qaQQ4keKefmKq2Y7jzHk3cTrMLWoWcP7CrFlPRZCJEN5bTrZyhxCsEVAm09UbMoQthtktUx105Gi68ushzUFweRcEpQGWmUpbStse9jjk\/TOfKxBK6XjfJi5c7OmVpY8fC+7fPI7uy2xBl2LRbsRifCGyppaSNkcyORO\/iedWNdE4V90YsYPfHIzNXGXn\/P0M71Fo+5W+xtXma687JccPtiHBkt5OAc78j\/ADFVLKZKKm+50GH1Km2948ElH8Ip1Ca5It81+3To82MrZdYcC0+JHLyIyPjSxk4vVEV9Mbq5Vy7NH6MtM9q522LOjnLUhpLifDI4HxrVT1Wp5\/ZXKubhLuuDOema6lCIltQdxBdcH+GqmTLlRN\/odOinf6cIy9CdlOPWqjOjrjtidEuOJQpCVrCV42khRAV5jnQK4xbTa5LTT+pLnp5\/rbe+erO9cdZJbc+HI+Ip8LJQfBVy8GnKj41z6+Zouv8AVhh2aPEhltFwnsBTqml56lsjfgjmTkD4mrd9ukdF3Zz3S+n+1uc5rwxf5syiPHflymYsNnrZL69hpAHEn9uZPdVOEdz0R02RkRorc5G46I0ZF0zGDzgQ\/c3U\/bSSN4\/IjuT9eJrRrrUEcRlZc8ibbfA11IVTw8KAIAusc3JcDDheRjawkkDIyOHAePge6gCwoA8OKAM36RNCoktu3ezNbMlPafjoG50fiA\/F9arX06+KJt9L6m6pKq1+H19P+GWxJL0OS1KiuKbeaVtIWk70mqSbT1R1U4Rsg4yWqZp\/Ry4mLYLzqSa\/18p1ai6tZyoBAzg+ZPpirlD8Lm+5zHVY7sivGrWkV2+os23Xk5MSXBvbZuMOShaSlZwtJPIK\/Dv+FQxvejUuUaV3R690Z0PbJfz8xRqA2D0b91IBr3Q7czJssi3uKyqI7lH6FDP1zWhjS1joch1uhV5G9fi\/UQukeYZurpnaylpYaA\/SB+9VLXrZJm306rbiVx9eRdqM1AoAOVAB+woE0NQ6HbAkMvagkt\/aOksxdrkgHtKHmd3kPGr2PDRbjkes5Tst9mnwjUKsmMFAHh4UAK1jntP3q4qkFKHG5CmQpeBnBUABnlhI+dAF7cbkxb20l05WrOw2kjaVjj5AcydwoATpt7fe1LHjS5AjgNhzqo6jkJ2gRtkjBycHAxu86AHWJITJZCklJI3HZ4Z8KAMW6SrAmzX3royAmLNBcQkDclQxtD5g\/Gs\/Igoy1Xmdj0fLd9GyXePH7C\/Bu86BCmQ4j5bYmJCXk4ByPDPDjioozcU0vMv241Vs42TWrj2INNLAUAAO+gB16J5Zi6uUwVYbkx1oI8UkKHyCvWrGK9JGH12vdjqXoxUvLxk3mW+eLjq1fOoHy2zTpjtjCPoiLTSyFKAUAfKwpSClHvq7KfM7hSpavQjtlsg5eh+lLFBbtlmhQWhhEdlDY+ArVitFoefWTc5uT8zrcprVvgvS39ooaSVEJGSfADvpRgr2LUFzv8RU55tFnhKeLLIXhx5ZzjJ+6nfnvoAslTLgq2CTbXUyk9oBTyRleCRtDZ5bu6gCkK7O+91s+Ewy+lzZ232AO0s8+Wc43\/HdQBwdt71ugi6XF9E9Oxl0OrUcIB7PiU+7u9c0AS7TYpc2I87PiRXFznC6tyUjrFAEYACT7u7lQAy2e0MWlktRyshWCraOeAoAXulW3pmaWW9gbcVxLiT3AnZPyNV8mOtevoavRrXDLUf8uP2MRqgdmFABQAUAWdimG3X2HMH9WD821D96fS9JlDqMN+LJfL9Svk\/0tz9R+tMLUPL5HxQShQAUAd7eAblBCvdMprPltinQ95FbM\/sT+TP0wnhWqcAJ+vr4IRh2lpJMm4bSWzjdyHr2qAK21SWrJCvsW4LSlVqkPus7ZwNhzKkqz4BWPWgDy03LVUPT7TsOxbcNDYLQLn2ziSM7RQTkeXHfwoAWNSahbv0V1L0RUWR\/LfDiS2pQ4BJScePEfWgQbNPXB++IiQ34aTHKUocWlQ2UhG8jHEdpGD5igUfhwoA9oApNaJSrS10ChkezqqHI\/tyLeA\/\/ACofM\/PavePnWcd6eUAFABQB0cyVthPHZH0pa\/eKuX\/ZkSL4z7NeprGMdW+tPzofDaHUS3Vwl6pEOkLAUAFAHqVlpaXUjKm1BY8wc\/tSrhjLI7oNH6Wt0lEyBHlNEKQ80laSOYIBrVi9VqeeTi4ScX5BIgxJD7Mh+M048wSWnFIBU2fA8qUaIMVpu\/6jW4\/FPs0t7rFrPB1DJwlvyyAo+O7voA0YAdwoA5PxmJGA+w07+tAV9aAFbQcZppD4QUbSHXcpSR2QpwlPDhuAoAb6ACgBX6R5Yi6VlJ2gFPFLY9cn5A1XyXpX8zS6TXvy4\/DkwfjvqgdsFABQAedAFxp2D\/ENSQomNygoK+Daj9cVJQtZGd1OzZiyfxX6k7pJhmHq+buwl8h1J78gZ+eaW6OljGdKt9phw+HAs1EagUAFABQBsPRLfPa7Ou1PKHXwj9mO9o8PQ5HpV\/Hs3R2+hyPWsV1Xe1XaX6j2+4G2lKUoDA5nFWDFFOJOiQ7TZ7gVoS2jPW9oZSHN+f72PWgC9\/4gtO7\/AKgxv\/NQAG\/Wsg7M5n4mgCk0XPjdXJQ4otupKUqU4koCyE4JTneRnO+gBrQ6hfuLSryNAH0eFAGR9LN7TKmtW5lWUMZ28H7xxn04etZ+RPdLavI6roeM4QdsvMzyoDeCgAoA+2k7bqE96qRiMd+iWIZerX5hH2caOo57lLIAHoFVaxY+LUwevWaUxr9WXHTJayqPCujaf5ZLTh8DvH70\/Kj2kV+g3+KVL8+UZbVM6ZdgoFCgAoAm2W6SbNc2Z8NWy40d45LTzSfA06E3B6ogyceGRU659jdLFc7Xqi3JmNoSo+660v3m1Y4H9jzrSrsVi1Rw+Vi2Y1jhNfJ+pMi2G0RU7Ma3RmwCcANjnTysTkR2WxhtltI8EgUAR3bVAeOXYbSz3lNAHJNitKXAtNujhYGAoIGcUATGozDH8ppCMdwxQAu601QzYoSkIWDKWOyB9zx8\/CoLrdi0Xc0en4Esqer91GGSpDkp9b7pytZyd+azztYxUI7UcqBwUAFAHZnsNuO+GynzP+lIxH6GvdENs9k085OcGFznStP\/AK0jA+eT8a0ceOkNTjesX+1yWl2jwNeoLW3eLPKt7pwHkYSr8KuIPripLI74tFDHvdFsbF5H51lR3okl2PJQW3mlFK0nkRxrLaaejPQITjOKlF6pnKgcFABQAUAT7Nd5lmmJlQHlNODccbwoZzgjmKWMnF6xZBkY1eRDZYtUapp7pKgTEJbuqPZXtw6wAlB\/cfPzq3DLi\/e4OYyei2181eJfccotyhzEhUWUy6D+BYNWVOL7MyZ1WVvSUWiQVpAyVDHnTtUR8kOZebfDB9oltJI5bWT6CmOyK7snqxrrfci2I+peklhlCmLUCpzhtnj\/AJD\/AHuqvPJ8omzidFk2pXfkZfcJ8i4SC9KcK1k9\/Cqjer1Z0lVUao7YrgjUhIFABQB6ASQAMmgCxt9teu1ziWiJnbdXsqUPu\/jV8B9KdVFzkU8vIWPTKx\/Q\/Q8KK1ChsRY6dhpltLaEjkAMCtRLRaHCSk5NyfdnY8KUQyzpZ03sLF9iIOycJlADgeAX+x+FU8mr8aOk6Jm\/+vP6fsZnVQ6QKALCwOW1q8Rl3ppTkEK+1SnPduyBxGafDbu8XYrZcbpUyVD0keagctzt2lLsjSm4RV9ihWe7fjPAZpLNu57ewuJG6NK9u\/F5km8WF2HfXbVB62Y4hCV4SjtDKQojA7s06UGpbUR4+ZGyhXWeFasp84URnBHEd1RlzvydW5Lze9Dih8c0iSEcYy4Oxuk3GPaV47uNKM9jX\/icXZD7u5x1ah3Z3UDlCK7I47QGd\/Ab8UDy3vGnbnZ2GX5rA6l1IwttW0Ek7wlRHA7x50+dUocspY+dTkScIPlfzglacf021brki\/RnXZSk\/wDKqSDu3cBjgc8zTq3Xo93cizIZkrIPHekfMXhnAzxqE0T2lAkNgR2faF4CjkNg8u9VINfL0NW6KdNKgwVXmagiTLQAylQ3oa4581cfLFaNFexanIdWzf6i3ZH3Y\/qaEKnMgKAOUhhqSytl9CXGnElK0KGQoHiKRrUWMnFpruYVrbSrump4KAtdueV9i5x2fynx7u+s66r2b47Ha9Oz45cNG\/Gu\/wC4tKSR5d9RGkeUAfcdaUSWVuAlCXEqUBzAIJA+FKu6Yyabg0u7TGnU2p2ZUiWmwNOMpnKBkyFjDr+RgNj8KBuGBxPzmst58HmZWH0+UIReS9dvZeS+PxZ0vlvS3cNO6XQlJdbS37UpI3l11QKhnuA+tE46OMEJjXN13ZjffXT5LscNa2622xT6YNt6oF4pZfbuHWpUkccoOSD8d1F0Ix7If026+\/TfPX1W3T7kybotlpdrcYkOvsuqYTPbyOsY6wjtDd7u+ldC40+pDX1WUozUlo1rt9Hp\/sj2Sy2g3PUcS6tPrbgIWppTSyHEJSohRA4KOMcRSQhHdJS8h+TlZHsqbKmtZd\/Qk3qxo\/4DMiHIamswZBUzJZ4racwCFDiClWONLOv\/APLjyGY2W\/6\/bOLi5LlPya9PmSL3qlm3SUIhRY8v2qIx7Z1zpW2sBONgJG4K8Tk06du16IhxenSui3OTjo3px99REeW2t1a2GupbUolLe2VbA5DJ3mqzerN+CailJ6s+KQeSGWUpbL8jIbBwlIO9w9w8PGgY5eSHDQGk3NRTxdLm2RbWldlBGA+pPBI\/IPnw76s0Va+JmF1bqKrXsKnz5s2dICRgVeOXPaACgAoAiXO3xbpBdhzmUusOjCkn9u40koqS0ZJVbOqSnB6NGKax0fL008XUJVItiz2Xcb2\/BXcfHgaz7aHDldjsMDqUMpbZcT9PX5CwpG4qb7SfmKgT9TReqOeaXQbuAHBBG4g5BHI0obk+5Ng3aZCujVzQ51stpW0FyMuZOMb8nJ3eNOUmnu8yG2muyp1aaRfpwfd3uTNyG0LZEiPlRU47H2vtM8eyScb99LOSkuw3HqdL99tejLJerpiNRN3iI2llSWW2VMFRUhxCRgg+fyp3tXu3IrLp9bx\/YTevLevmQzqCUm9TrpHQ025MS4lbahtJCV+8PlTd73OS8yb+mg6IUyeu3T7FY2+800tpt91Lbgw4lKyAv9Q5\/GmLhaItPbJqTS1XbjsfGcUaC7j1IKlJSlJKlHCQBkk+FJoLu82TlxEwO1ccdcN\/s2d6f193lxpWtO4yNntPd7eo16O0TM1G6i4XhK2baPdbxsqeA5JH3UePPl31Ypob5kYvUOqxrTqo7+bNijsNRmG2WGkNtNpCUISMBIHIVeOZbberOtAgUAFABQAUAc3mm321NuoStCxhSVDII8qBU2nqjN9UdGaVrVK04tLK+JirOEn9J5eR3VVsxteYm9h9blDwXrVevn9TNp8J6FIVHucR6M+OSkbOfEciPEVSlCUHozoa7Kr47q3qiMYyz\/KUlwdyTv8AShSBxaOKwpBwpKk+YxSjG2eZpQ1DNAahmgNTq0y8+cMtOOH8qcj1oDVkhMNDZzMfS3jihvtr\/wAh60DlGT7FnZkT5zpi6Xty+tPZXJSNpafNzggeW+nxU5cRRVyLMenxXy1+BomlOjaLBWiXfVImygdoNYy0g+OfePnu8Kt146jy+TAzOrWX+GHhj9zQEpCRgcKnMk9oAKACgAoAKACgAoAMUARLjbYVzYLFwiMyGj911AOPLupJRTXI+uydct0HoxJu3RZa5Ki5bZL8JR+4e2j0O8etV5Y0H2NanreRBaTW5fcWJnRxqaJnqHYstocNl3ZPooY+dQPFkjSr63jS9+LQvzrNdYBInWtlHjls\/wCFVRumaLcM\/En2l9mV4UdrZENjPiP9aTZImd9CWupa2+x3yfj2G1s45L+yH1VmnqmbK8+o4cO7f5DBF6NtSTSDcJkaM3+HrFOEf2RhPzqSOLLzZTs65TH+3DX5jPaOi+ywylc9b89Y+64Qlv8Aujj8SanjjwiZl\/WMm3hPRfAdYcSPDYSxEYaYZT7rbSAlI+AqZLTsZbk5PVs70ogUAFABQAUAf\/\/Z\" alt=\"\" width=\"247\" height=\"224\"\/><\/figure><\/div>\n\n\n\n<p><strong><u><br>Historique<\/u><\/strong> <strong>:<\/strong><\/p>\n\n\n\n<p>Piatnik est un \u00e9diteur de jeux de soci\u00e9t\u00e9 bas\u00e9 \u00e0 Vienne en Autriche. L&rsquo;\u00e9diteur est surtout r\u00e9put\u00e9 pour son importante gamme de jeux de cartes.<\/p>\n\n\n\n<p><strong><span style=\"text-decoration: underline;\">Dans la gamme nous pouvons retrouver : <\/span><\/strong><\/p>\n\n\n\n<p>Malawi, 1986-2000, Gerhard Kodys<br>Digit, 1987, Gerhard Kodys<br>Activity, 1991, Catty F\u00fchrer<br>Ali Baba, 1996, Dominique Ehrhard <\/p>\n\n\n\n<div class=\"wp-block-image\"><figure class=\"aligncenter size-large\"><img decoding=\"async\" src=\"https:\/\/cdn1.trictrac.net\/documents\/formats\/thumb_300_300\/documents\/originals\/a4\/85\/90f2ee40c0613c0ab745e8aaf30ca2612ff4.jpeg\" alt=\"\"\/><\/figure><\/div>\n\n\n\n<p><br>Countdown, 1997, Fr\u00e9d\u00e9ric Leygonie<br>Der Schatz der Erdgeister, 1998, R\u00fcdiger Dorn<br>Anno 1452, 1999, Gerhard Kodys<br>Alles klar?, 1999, Thorsten Gimmler<br>Buffalo, 1999, Alex Randolph<br>Explosiv, 1999, Michael Schacht<br>Piraten Poker, 1999, Michael Schacht<br>Palam, 1999, Claude Leroy<br>Aber Hallo!, 2000, Thorsten Gimmler<br>Die Weinh\u00e4ndler ou Loire, 2000, Dominique Ehrhard<br>Jakadi, 2000, Dominique Ehrhard<br>Meridian, 2000, Leo Colovini<br>Time Pirate, 2000, Alan R. Moon et Aaron Weissblum<br>Cortez, 2001, Hermann Huber<br>Toscana, 2001, Niek Neuwahl<\/p>\n\n\n\n<div class=\"wp-block-image\"><figure class=\"aligncenter size-large\"><img decoding=\"async\" src=\"https:\/\/cdn3.trictrac.net\/documents\/formats\/thumb_300_300\/documents\/originals\/0f\/5e\/243ddd2ad40fecd5891cdedc09b529bdd42d.jpeg\" alt=\"\"\/><\/figure><\/div>\n\n\n\n<p><br>San Gimignano, 2002, Duilio Carpitella<br>Corsari, 2003, Leo Colovini<br>Ketch Up, 2003, Leo Colovini<br>Charly Quak, 2004, Garrett J. Donner, Michael S. Steer et Brian S. Spence, Schweizer Spielepreis enfants 2005<br>Minestrone, 2004, Leo Colovini<br>Nah Dran!, 2004, Franz-Benno Delonge<\/p>\n\n\n\n<div class=\"wp-block-image\"><figure class=\"aligncenter size-large\"><img decoding=\"async\" src=\"https:\/\/cdn.trictrac.net\/documents\/formats\/thumb_300_300\/documents\/originals\/6d\/70\/08d11ea3afac39795a31328d534cce743d37.jpeg\" alt=\"\"\/><\/figure><\/div>\n\n\n\n<p><strong><u>Liens<\/u><\/strong><\/p>\n\n\n\n<p>Le site ou l&rsquo;historique de l\u2019\u00e9diteur est le plus complet : <a href=\"https:\/\/www.trictrac.net\/jeu-de-societe\/\">https:\/\/www.trictrac.net\/jeu-de-societe\/<\/a><\/p>\n\n\n\n<p class=\"has-text-align-right\">Le Conservatoire du Jeu &#8211; Mai 2022<\/p>\n","protected":false},"excerpt":{"rendered":"<p>Historique : Piatnik est un \u00e9diteur de jeux de soci\u00e9t\u00e9 bas\u00e9 \u00e0 Vienne en Autriche. L&rsquo;\u00e9diteur est surtout r\u00e9put\u00e9 pour son importante gamme de jeux de cartes. Dans la gamme nous pouvons retrouver : Malawi, 1986-2000, Gerhard KodysDigit, 1987, Gerhard &hellip; <a href=\"https:\/\/leconservatoiredujeu.fr\/index.php\/piatnik\/\">Continuer la lecture <span class=\"meta-nav\">&rarr;<\/span><\/a><\/p>\n","protected":false},"author":1,"featured_media":0,"parent":0,"menu_order":0,"comment_status":"closed","ping_status":"closed","template":"","meta":{"footnotes":""},"_links":{"self":[{"href":"https:\/\/leconservatoiredujeu.fr\/index.php\/wp-json\/wp\/v2\/pages\/7968"}],"collection":[{"href":"https:\/\/leconservatoiredujeu.fr\/index.php\/wp-json\/wp\/v2\/pages"}],"about":[{"href":"https:\/\/leconservatoiredujeu.fr\/index.php\/wp-json\/wp\/v2\/types\/page"}],"author":[{"embeddable":true,"href":"https:\/\/leconservatoiredujeu.fr\/index.php\/wp-json\/wp\/v2\/users\/1"}],"replies":[{"embeddable":true,"href":"https:\/\/leconservatoiredujeu.fr\/index.php\/wp-json\/wp\/v2\/comments?post=7968"}],"version-history":[{"count":5,"href":"https:\/\/leconservatoiredujeu.fr\/index.php\/wp-json\/wp\/v2\/pages\/7968\/revisions"}],"predecessor-version":[{"id":13071,"href":"https:\/\/leconservatoiredujeu.fr\/index.php\/wp-json\/wp\/v2\/pages\/7968\/revisions\/13071"}],"wp:attachment":[{"href":"https:\/\/leconservatoiredujeu.fr\/index.php\/wp-json\/wp\/v2\/media?parent=7968"}],"curies":[{"name":"wp","href":"https:\/\/api.w.org\/{rel}","templated":true}]}}