{"id":636,"date":"2017-05-03T17:49:05","date_gmt":"2017-05-03T15:49:05","guid":{"rendered":"http:\/\/leconservatoiredujeu.fr\/?page_id=636"},"modified":"2017-07-06T15:47:49","modified_gmt":"2017-07-06T13:47:49","slug":"2d-sans-faces","status":"publish","type":"page","link":"https:\/\/leconservatoiredujeu.fr\/index.php\/2d-sans-faces\/","title":{"rendered":"2d Sans Faces"},"content":{"rendered":"<p><img loading=\"lazy\" decoding=\"async\" class=\"wp-image-637 aligncenter\" src=\"http:\/\/leconservatoiredujeu.fr\/wp-content\/uploads\/2017\/05\/2d-sans-faces-logo-300x158.gif\" alt=\"\" width=\"492\" height=\"259\" srcset=\"https:\/\/leconservatoiredujeu.fr\/wp-content\/uploads\/2017\/05\/2d-sans-faces-logo-300x158.gif 300w, https:\/\/leconservatoiredujeu.fr\/wp-content\/uploads\/2017\/05\/2d-sans-faces-logo-768x405.gif 768w, https:\/\/leconservatoiredujeu.fr\/wp-content\/uploads\/2017\/05\/2d-sans-faces-logo-1024x540.gif 1024w, https:\/\/leconservatoiredujeu.fr\/wp-content\/uploads\/2017\/05\/2d-sans-faces-logo-1200x632.gif 1200w\" sizes=\"(max-width: 492px) 100vw, 492px\" \/><\/p>\n<p>&nbsp;<\/p>\n<p>2d Sans Faces (ou 2 D\u00e9s Sans Faces ou encore 2dsf) est une maison d&rsquo;\u00e9dition de jeux bas\u00e9e en Suisse romande. Ses buts sont la cr\u00e9ation et l&rsquo;\u00e9dition de contenu \u00e0 aspect ludique, que ce contenu soit des \u0153uvres de fiction, des<a href=\"http:\/\/leconservatoiredujeu.fr\/index.php\/jeux-de-role\/\"> jeux de r\u00f4le<\/a>, ou des documents de r\u00e9f\u00e9rence pour l&rsquo;industrie des loisirs.<\/p>\n<p><a href=\"#histo\">Historique<\/a><br \/>\n<a href=\"#jap\">Jeux actuellement publi\u00e9s<\/a><\/p>\n<p>&nbsp;<\/p>\n<p><a name=\"histo\"><\/a><strong><u>Historique<\/u><\/strong><\/p>\n<p>2d Sans Faces a \u00e9t\u00e9 fond\u00e9 en janvier 2001, pour assurer dans un premier temps la traduction et la publication de la licence Nobilis en langue fran\u00e7aise, et dans un deuxi\u00e8me temps le d\u00e9veloppement et l&rsquo;\u00e9dition des licences Nightprowler et Tigres Volants. La structure l\u00e9gale adopt\u00e9e est la soci\u00e9t\u00e9 coop\u00e9rative selon le droit suisse, qui permet \u00e0 quiconque de devenir membre coop\u00e9rateur.<\/p>\n<p><a name=\"jap\"><\/a><strong><u>Jeux actuellement publi\u00e9s<\/u><\/strong><\/p>\n<p>Nobilis (2001), par R.Sean Borgstrom, o\u00f9 l&rsquo;on joue des \u00eatres semi-divins en guerre contre les forces du n\u00e9ant.<br \/>\nNightprowler Seconde \u00c9dition (2006), par le Team NP2, reprise du jeu m\u00e9di\u00e9val fantastique \u00e0 ambiance urbaine de Croc.<\/p>\n<p>Tigres Volants (2006), par St\u00e9phane \u00ab\u00a0Alias\u00a0\u00bb Gallay, jeu de space-op\u00e9ra multiculturel et d\u00e9cal\u00e9.<\/p>\n<p><a href=\"http:\/\/www.2dsansfaces.com\/\">Site officiel<\/a><\/p>\n","protected":false},"excerpt":{"rendered":"<p>&nbsp; 2d Sans Faces (ou 2 D\u00e9s Sans Faces ou encore 2dsf) est une maison d&rsquo;\u00e9dition de jeux bas\u00e9e en Suisse romande. Ses buts sont la cr\u00e9ation et l&rsquo;\u00e9dition de contenu \u00e0 aspect ludique, que ce contenu soit des \u0153uvres &hellip; <a href=\"https:\/\/leconservatoiredujeu.fr\/index.php\/2d-sans-faces\/\">Continuer la lecture <span class=\"meta-nav\">&rarr;<\/span><\/a><\/p>\n","protected":false},"author":1,"featured_media":0,"parent":0,"menu_order":0,"comment_status":"closed","ping_status":"closed","template":"","meta":{"footnotes":""},"_links":{"self":[{"href":"https:\/\/leconservatoiredujeu.fr\/index.php\/wp-json\/wp\/v2\/pages\/636"}],"collection":[{"href":"https:\/\/leconservatoiredujeu.fr\/index.php\/wp-json\/wp\/v2\/pages"}],"about":[{"href":"https:\/\/leconservatoiredujeu.fr\/index.php\/wp-json\/wp\/v2\/types\/page"}],"author":[{"embeddable":true,"href":"https:\/\/leconservatoiredujeu.fr\/index.php\/wp-json\/wp\/v2\/users\/1"}],"replies":[{"embeddable":true,"href":"https:\/\/leconservatoiredujeu.fr\/index.php\/wp-json\/wp\/v2\/comments?post=636"}],"version-history":[{"count":5,"href":"https:\/\/leconservatoiredujeu.fr\/index.php\/wp-json\/wp\/v2\/pages\/636\/revisions"}],"predecessor-version":[{"id":1455,"href":"https:\/\/leconservatoiredujeu.fr\/index.php\/wp-json\/wp\/v2\/pages\/636\/revisions\/1455"}],"wp:attachment":[{"href":"https:\/\/leconservatoiredujeu.fr\/index.php\/wp-json\/wp\/v2\/media?parent=636"}],"curies":[{"name":"wp","href":"https:\/\/api.w.org\/{rel}","templated":true}]}}