{"id":573,"date":"2017-05-03T16:22:36","date_gmt":"2017-05-03T14:22:36","guid":{"rendered":"http:\/\/leconservatoiredujeu.fr\/?page_id=573"},"modified":"2022-03-17T14:11:31","modified_gmt":"2022-03-17T13:11:31","slug":"playstation-2","status":"publish","type":"page","link":"https:\/\/leconservatoiredujeu.fr\/index.php\/playstation-2\/","title":{"rendered":"Playstation 2"},"content":{"rendered":"\n<div class=\"wp-block-image is-style-default\"><figure class=\"aligncenter size-large\"><img loading=\"lazy\" decoding=\"async\" width=\"768\" height=\"228\" src=\"http:\/\/leconservatoiredujeu.fr\/wp-content\/uploads\/2020\/08\/LOGO-2.png\" alt=\"\" class=\"wp-image-10633\" srcset=\"https:\/\/leconservatoiredujeu.fr\/wp-content\/uploads\/2020\/08\/LOGO-2.png 768w, https:\/\/leconservatoiredujeu.fr\/wp-content\/uploads\/2020\/08\/LOGO-2-300x89.png 300w, https:\/\/leconservatoiredujeu.fr\/wp-content\/uploads\/2020\/08\/LOGO-2-500x148.png 500w\" sizes=\"(max-width: 768px) 100vw, 768px\" \/><\/figure><\/div>\n\n\n\n<p class=\"has-white-color has-text-color\">Ligne<\/p>\n\n\n\n<p>La PlayStation 2 (PS2) est la console de jeux vid\u00e9o de&nbsp;<a href=\"http:\/\/leconservatoiredujeu.fr\/index.php\/sony\/\">Sony&nbsp;<\/a>qui a succ\u00e9d\u00e9 \u00e0 la&nbsp;<a href=\"http:\/\/leconservatoiredujeu.fr\/index.php\/playstation\/\">PlayStation<\/a>. Elle fut lanc\u00e9e le 4 mars 2000 au Japon (le 26 octobre 2000 en Am\u00e9rique du Nord, le 24 novembre 2000 en Europe), et a connu un succ\u00e8s imm\u00e9diat (980 000 exemplaires vendus les premi\u00e8res 48 heures). Sa ludoth\u00e8que comprend de nombreux titres, dont certaines licences connues qui ont fait sa renomm\u00e9e : Tekken 5, Gran Turismo 4, Final Fantasy X, Final Fantasy XII, Pro Evolution Soccer 6, Grand Theft Auto: San Andreas, God of War ou encore Metal Gear Solid 3: Snake Eater.<\/p>\n\n\n\n<figure class=\"wp-block-gallery columns-2 is-cropped wp-block-gallery-1 is-layout-flex wp-block-gallery-is-layout-flex\"><ul class=\"blocks-gallery-grid\"><li class=\"blocks-gallery-item\"><figure><img loading=\"lazy\" decoding=\"async\" width=\"353\" height=\"500\" src=\"http:\/\/leconservatoiredujeu.fr\/wp-content\/uploads\/2020\/08\/GOD-1.jpg\" alt=\"\" data-id=\"10664\" data-full-url=\"http:\/\/leconservatoiredujeu.fr\/wp-content\/uploads\/2020\/08\/GOD-1.jpg\" data-link=\"http:\/\/leconservatoiredujeu.fr\/index.php\/playstation-2\/god-1\/\" class=\"wp-image-10664\" srcset=\"https:\/\/leconservatoiredujeu.fr\/wp-content\/uploads\/2020\/08\/GOD-1.jpg 353w, https:\/\/leconservatoiredujeu.fr\/wp-content\/uploads\/2020\/08\/GOD-1-212x300.jpg 212w\" sizes=\"(max-width: 353px) 100vw, 353px\" \/><\/figure><\/li><li class=\"blocks-gallery-item\"><figure><img loading=\"lazy\" decoding=\"async\" width=\"422\" height=\"600\" src=\"http:\/\/leconservatoiredujeu.fr\/wp-content\/uploads\/2020\/08\/tekken-5-ps2-e8492-1.jpg\" alt=\"\" data-id=\"10665\" data-full-url=\"http:\/\/leconservatoiredujeu.fr\/wp-content\/uploads\/2020\/08\/tekken-5-ps2-e8492-1.jpg\" data-link=\"http:\/\/leconservatoiredujeu.fr\/index.php\/playstation-2\/tekken-5-ps2-e8492-1\/\" class=\"wp-image-10665\" srcset=\"https:\/\/leconservatoiredujeu.fr\/wp-content\/uploads\/2020\/08\/tekken-5-ps2-e8492-1.jpg 422w, https:\/\/leconservatoiredujeu.fr\/wp-content\/uploads\/2020\/08\/tekken-5-ps2-e8492-1-211x300.jpg 211w\" sizes=\"(max-width: 422px) 100vw, 422px\" \/><\/figure><\/li><\/ul><\/figure>\n\n\n\n<p>Depuis la sortie officielle de la PlayStation 2 en mars 2000, plus de 119 millions d&rsquo;unit\u00e9s ont \u00e9t\u00e9 vendues dans le monde (45 millions en Europe, 25 millions au Japon, et 48 millions aux \u00c9tats-Unis) ce qui est le record absolu de vente de console de salon, d\u00e9passant m\u00eame la console portable<a href=\"http:\/\/leconservatoiredujeu.fr\/index.php\/game-boy\/\"> Game Boy<\/a> (118 millions). Pour l&rsquo;anniversaire de la console aux USA,&nbsp;Sony Computer Entertainment&nbsp;a d\u00e9clar\u00e9 avoir franchi la barre des 120 millions.<\/p>\n\n\n\n<p class=\"has-white-color has-text-color\">Ligne<\/p>\n\n\n\n<h2 class=\"wp-block-heading\"><span style=\"text-decoration: underline;\">Sommaire<\/span> :<\/h2>\n\n\n\n<ul><li><strong><a href=\"#Histoire\">L&rsquo;histoire de la console<\/a><\/strong><\/li><li><strong><a href=\"#Pro\">Les processeurs<\/a><\/strong><\/li><li><strong><a href=\"#J\">Les jeux<\/a><\/strong><\/li><li><strong><a href=\"#Ordi\">Semblable \u00e0 un ordinateur ?<\/a><\/strong><\/li><li><strong><a href=\"#Mode\">Mod\u00e8les<\/a><\/strong><\/li><li><strong><a href=\"#A\">Les accessoires<\/a><\/strong><\/li><li><strong><a href=\"#ST\">Sp\u00e9cifications techniques<\/a><\/strong><\/li><li><strong><a href=\"#JR\">Le Jeu en r\u00e9seau<\/a><\/strong><\/li><\/ul>\n\n\n\n<p class=\"has-white-color has-text-color\">Ligne<\/p>\n\n\n\n<h2 class=\"wp-block-heading\" id=\"Histoire\"><strong><u>L&rsquo;histoire de la console<\/u><\/strong> :<\/h2>\n\n\n\n<p class=\"has-text-align-left\"><span class=\"has-inline-color has-black-color\"><strong><span style=\"text-decoration: underline;\">Commercialisation<\/span><\/strong> :<\/span><\/p>\n\n\n\n<p>136 millions d&rsquo;exemplaires se sont vendus depuis la sortie officielle en mars 2000, record absolu au monde concernant une console. La PlayStation 2 est sortie le 4 mars 2000 au Japon, le 26 octobre 2000 en Am\u00e9rique du Nord, le 24 novembre 2000 en Europe et en d\u00e9cembre 2001 \u00e0 Hong Kong, \u00e0 Singapour, en Thailande et en Malaisie, en janvier 2002 \u00e0 Ta\u00efwan et le 22 f\u00e9vrier 2002 en Cor\u00e9e du Sud. La \u00ab Nouvelle PlayStation 2 \u00bb (aussi appel\u00e9 PStwo), une version relook\u00e9e de la console, est introduite le 1er novembre 2004 en Am\u00e9rique du Nord et en Europe et le 3 novembre 2004 au Japon.<\/p>\n\n\n\n<div class=\"wp-block-image is-style-default\"><figure class=\"aligncenter size-large\"><img loading=\"lazy\" decoding=\"async\" width=\"500\" height=\"471\" src=\"http:\/\/leconservatoiredujeu.fr\/wp-content\/uploads\/2020\/08\/NEW.jpg\" alt=\"\" class=\"wp-image-10640\" srcset=\"https:\/\/leconservatoiredujeu.fr\/wp-content\/uploads\/2020\/08\/NEW.jpg 500w, https:\/\/leconservatoiredujeu.fr\/wp-content\/uploads\/2020\/08\/NEW-300x283.jpg 300w, https:\/\/leconservatoiredujeu.fr\/wp-content\/uploads\/2020\/08\/NEW-318x300.jpg 318w\" sizes=\"(max-width: 500px) 100vw, 500px\" \/><\/figure><\/div>\n\n\n\n<p>Le prix de vente initial de la console est fix\u00e9 \u00e0 39,800 \u00a5 au Japon, \u00e0 299 US$ aux \u00c9tats-Unis, \u00e0 869 DM en Allemagne, \u00e0 2 990 F (soit 455 \u20ac) en France et \u00e0 299 \u00a3 au Royaume-Uni. Le prix a progressivement baiss\u00e9 au rythme d&rsquo;une r\u00e9duction par an en moyenne. En 2006, le prix de la console est de 16,000 \u00a5 au Japon, de 129 \u20ac en Europe et de 129 US$ aux \u00c9tats-Unis. En Europe, le prix a \u00e9t\u00e9 ramen\u00e9 \u00e0 2790 F (soit 425 \u20ac) en juin 2001, \u00e0 1999 F (soit 304 \u20ac) en septembre 2001, \u00e0 249 \u20ac en juillet 2002, \u00e0 199 \u20ac en juin 2003, \u00e0 149 \u20ac en ao\u00fbt 2004 et \u00e0 129 \u20ac en ao\u00fbt 2006. Le 31 mars 2009,&nbsp;Sony&nbsp;annonce le nouveau prix europ\u00e9en de la PlayStation 2 : 99 \u20ac (149.90 CHF en Suisse), afin de combler le faible \u00e9cart de prix qui s&rsquo;\u00e9tait \u00e9tabli depuis quelques ann\u00e9es avec la<a href=\"http:\/\/leconservatoiredujeu.fr\/index.php\/xbox-360\/\">&nbsp;Xbox 360<\/a>.<\/p>\n\n\n\n<p>Le nombre de consoles distribu\u00e9es dans le monde s&rsquo;\u00e9l\u00e8vent \u00e0 6,40 millions en d\u00e9cembre 2000, \u00e0 24,99 millions en d\u00e9cembre 2001, \u00e0 49,59 millions en d\u00e9cembre 2002, \u00e0 69,46 millions en d\u00e9cembre 2003, \u00e0 81,39 millions en d\u00e9cembre 2004, \u00e0 101,37 millions en d\u00e9cembre 2005 et \u00e0 115.36 millions en d\u00e9cembre 2006. La PlayStation 2 a atteint la barre symbolique des 100 millions d&rsquo;unit\u00e9s distribu\u00e9s en novembre 2005, soit 5 ans et 9 mois apr\u00e8s son lancement au Japon, battant le pr\u00e9c\u00e9dent record de la&nbsp;<a href=\"http:\/\/leconservatoiredujeu.fr\/index.php\/playstation\/\">PlayStation<\/a>, qui avait atteint ce chiffre apr\u00e8s 9 ann\u00e9es et 6 mois de commercialisation.<\/p>\n\n\n\n<div class=\"wp-block-image is-style-default\"><figure class=\"aligncenter size-large\"><img loading=\"lazy\" decoding=\"async\" width=\"400\" height=\"276\" src=\"http:\/\/leconservatoiredujeu.fr\/wp-content\/uploads\/2020\/08\/1-Commercialisation.jpg\" alt=\"\" class=\"wp-image-10634\" srcset=\"https:\/\/leconservatoiredujeu.fr\/wp-content\/uploads\/2020\/08\/1-Commercialisation.jpg 400w, https:\/\/leconservatoiredujeu.fr\/wp-content\/uploads\/2020\/08\/1-Commercialisation-300x207.jpg 300w\" sizes=\"(max-width: 400px) 100vw, 400px\" \/><\/figure><\/div>\n\n\n\n<p class=\"has-white-color has-text-color\">Ligne<\/p>\n\n\n\n<h2 class=\"wp-block-heading\" id=\"Pro\"><strong><u>Les Processeurs<\/u><\/strong> :<\/h2>\n\n\n\n<p>Le grand nombre de processeurs de la PlayStation 2 (EE, VU, GS, IOP, SPU, DMAC&#8230;) en fait une console assez difficile \u00e0 programmer. Il est indispensable d\u2019utiliser ces diff\u00e9rents processeurs en parall\u00e8le pour tirer les performances maximales de la console.<\/p>\n\n\n\n<ul><li>Emotion Engine (EE), le nom du processeur central de la console.<\/li><li>Vector Units (VU), une unit\u00e9 de calcul vectoriel pr\u00e9sente en double : VU0 et VU1.<\/li><li>Floating Point Unit (FPU), l&rsquo;unit\u00e9 de calcul en virgule flottante.<\/li><li>Graphic Synthesizer (GS), le processeur graphique qui s\u2019occupe de la cr\u00e9ation d&rsquo;images (rast\u00e9risation \u00e0 partir de primitives).<\/li><li>I\/O Processor (IOP), qui g\u00e8re les entr\u00e9es\/sorties et assure la compatibilit\u00e9 avec la <a href=\"http:\/\/leconservatoiredujeu.fr\/index.php\/playstation\/\">PlayStation<\/a>.<\/li><li>Sound Processor Unit (SPU), le processeur sonore de la console.<\/li><li>DMA Controler (DMAC), le processeur qui contr\u00f4le le flux de donn\u00e9es dans le DMA.<\/li><li>Le EE, VU0, VU1 et l&rsquo;IOP sont programmables, sur deux niveaux (microcode et macrocode) pour les unit\u00e9s vectorielles. Le FPU et les VU0 et VU1 permettent \u00e0 la console d&rsquo;atteindre 6,2 GFLOPS. La PS2 est capable de calculer 66 millions de polygones nu par seconde.<\/li><\/ul>\n\n\n\n<div class=\"wp-block-image is-style-default\"><figure class=\"aligncenter size-large\"><img loading=\"lazy\" decoding=\"async\" width=\"500\" height=\"280\" src=\"http:\/\/leconservatoiredujeu.fr\/wp-content\/uploads\/2020\/08\/2-Seconde.jpg\" alt=\"\" class=\"wp-image-10635\" srcset=\"https:\/\/leconservatoiredujeu.fr\/wp-content\/uploads\/2020\/08\/2-Seconde.jpg 500w, https:\/\/leconservatoiredujeu.fr\/wp-content\/uploads\/2020\/08\/2-Seconde-300x168.jpg 300w\" sizes=\"(max-width: 500px) 100vw, 500px\" \/><\/figure><\/div>\n\n\n\n<p class=\"has-white-color has-text-color\">Ligne<\/p>\n\n\n\n<h2 class=\"wp-block-heading\" id=\"J\"><strong><u>Les jeux<\/u><\/strong> :<\/h2>\n\n\n\n<p>En mars 2007, 1 240 millions de copie de&nbsp;jeux PlayStation 2&nbsp;ont \u00e9t\u00e9 distribu\u00e9s \u00e0 travers le monde. Les trois jeux les plus vendus sur la console sont Grand Theft Auto: San Andreas (17 millions d&rsquo;unit\u00e9s), Gran Turismo 3 A-spec (14M) et Grand Theft Auto: Vice City (14M). Onimusha: Warlords est le premier jeu PlayStation 2 a d\u00e9pass\u00e9 le million d&rsquo;unit\u00e9s vendues, un an apr\u00e8s la sortie de la console.<\/p>\n\n\n\n<figure class=\"wp-block-gallery aligncenter columns-3 is-cropped wp-block-gallery-2 is-layout-flex wp-block-gallery-is-layout-flex\"><ul class=\"blocks-gallery-grid\"><li class=\"blocks-gallery-item\"><figure><img loading=\"lazy\" decoding=\"async\" width=\"312\" height=\"445\" src=\"http:\/\/leconservatoiredujeu.fr\/wp-content\/uploads\/2020\/08\/GTA.jpg\" alt=\"\" data-id=\"10644\" data-full-url=\"http:\/\/leconservatoiredujeu.fr\/wp-content\/uploads\/2020\/08\/GTA.jpg\" data-link=\"http:\/\/leconservatoiredujeu.fr\/index.php\/playstation-2\/gta\/\" class=\"wp-image-10644\" srcset=\"https:\/\/leconservatoiredujeu.fr\/wp-content\/uploads\/2020\/08\/GTA.jpg 312w, https:\/\/leconservatoiredujeu.fr\/wp-content\/uploads\/2020\/08\/GTA-210x300.jpg 210w\" sizes=\"(max-width: 312px) 100vw, 312px\" \/><\/figure><\/li><li class=\"blocks-gallery-item\"><figure><img loading=\"lazy\" decoding=\"async\" width=\"317\" height=\"450\" src=\"http:\/\/leconservatoiredujeu.fr\/wp-content\/uploads\/2020\/08\/GTA-VICE.jpg\" alt=\"\" data-id=\"10643\" data-full-url=\"http:\/\/leconservatoiredujeu.fr\/wp-content\/uploads\/2020\/08\/GTA-VICE.jpg\" data-link=\"http:\/\/leconservatoiredujeu.fr\/index.php\/playstation-2\/gta-vice\/\" class=\"wp-image-10643\" srcset=\"https:\/\/leconservatoiredujeu.fr\/wp-content\/uploads\/2020\/08\/GTA-VICE.jpg 317w, https:\/\/leconservatoiredujeu.fr\/wp-content\/uploads\/2020\/08\/GTA-VICE-211x300.jpg 211w\" sizes=\"(max-width: 317px) 100vw, 317px\" \/><\/figure><\/li><li class=\"blocks-gallery-item\"><figure><img loading=\"lazy\" decoding=\"async\" width=\"321\" height=\"450\" src=\"http:\/\/leconservatoiredujeu.fr\/wp-content\/uploads\/2020\/08\/GR3.jpg\" alt=\"\" data-id=\"10642\" data-full-url=\"http:\/\/leconservatoiredujeu.fr\/wp-content\/uploads\/2020\/08\/GR3.jpg\" data-link=\"http:\/\/leconservatoiredujeu.fr\/index.php\/playstation-2\/gr3\/\" class=\"wp-image-10642\" srcset=\"https:\/\/leconservatoiredujeu.fr\/wp-content\/uploads\/2020\/08\/GR3.jpg 321w, https:\/\/leconservatoiredujeu.fr\/wp-content\/uploads\/2020\/08\/GR3-214x300.jpg 214w\" sizes=\"(max-width: 321px) 100vw, 321px\" \/><\/figure><\/li><\/ul><\/figure>\n\n\n\n<p>Les\u00a0jeux PlayStation 2\u00a0sont grav\u00e9s au choix de l&rsquo;\u00e9diteur au format CD-ROM ou DVD-ROM, ce dernier s&rsquo;\u00e9tant rapidement impos\u00e9 dans les faits. La console est r\u00e9trocompatible avec le catalogue de\u00a0jeux PlayStation, tandis que sa propre logith\u00e8que est seulement jouable avec les premiers mod\u00e8les de <a href=\"http:\/\/leconservatoiredujeu.fr\/index.php\/playstation-3\/\" data-type=\"URL\" data-id=\"http:\/\/leconservatoiredujeu.fr\/index.php\/playstation-3\/\">PlayStation 3<\/a>.<\/p>\n\n\n\n<p>Les versions \u00ab \u00e9diteur \u00bb des jeux, r\u00e9serv\u00e9es aux professionnels et notamment destin\u00e9es aux d\u00e9monstrations en magasin, sont commun\u00e9ment appel\u00e9es blue disc.<\/p>\n\n\n\n<p>Voir notre page \u00ab\u00a0Liste des jeux Playstation 2\u00a0\u00bb<\/p>\n\n\n\n<p class=\"has-white-color has-text-color\">Ligne<\/p>\n\n\n\n<h2 class=\"wp-block-heading\" id=\"Ordi\"><strong><u>Semblable \u00e0 un ordinateur ?<\/u><\/strong><\/h2>\n\n\n\n<p>Sony&nbsp;a lanc\u00e9 un kit qui permet d\u2019installer Linux sur cette console. Le kit comprend un disque dur de 20 Go, une souris, un clavier, une carte ethernet et deux DVD, incluant une distribution Linux.<\/p>\n\n\n\n<p>Des universitaires am\u00e9ricains (\u00ab National Center for Supercomputing Applications at the University of Illinois \u00bb) ont d\u2019ailleurs fait une \u00e9tude de faisabilit\u00e9 pour cr\u00e9er une grappe de 70 machines PlayStation 2 pour utiliser cette puissance brute de calcul.<\/p>\n\n\n\n<p class=\"has-white-color has-text-color\">Ligne<\/p>\n\n\n\n<h2 class=\"wp-block-heading\" id=\"Mode\"><strong><u>Mod\u00e8les<\/u><\/strong> :<\/h2>\n\n\n\n<p class=\"has-text-align-center\"><strong>PStwo<\/strong><\/p>\n\n\n\n<p>En novembre 2004, une version remani\u00e9e de la PlayStation 2 est commercialis\u00e9 : la PStwo. Les changements apport\u00e9s sont relativement mineurs et concernent :<br>&#8211; La modification du design pour obtenir une machine plus compacte et nettement plus fine. De dimensions 230 x 28 x 152 mm, le volume a \u00e9t\u00e9 r\u00e9duit d\u2019environ 75% et son poids passe de plus de 2 kg \u00e0 900 grammes.<br>&#8211; L&rsquo;ajout d&rsquo;un port Ethernet pour le jeu en r\u00e9seau (le mod\u00e8le original demandant l&rsquo;ajout d&rsquo;une extension).<br>&#8211; La suppression de la baie d&rsquo;extension 3.5&Prime; qui permettait entre autres d&rsquo;ajouter un disque dur. Pour pallier cette absence, il est possible de brancher un disque dur externe \u00e0 l&rsquo;aide d\u2019un rack USB et d&rsquo;un logiciel sp\u00e9cifique ou bien (encore en d\u00e9veloppement) de r\u00e9ussir \u00e0 r\u00e9implanter le disque en modifiant le BIOS et le hardware de la console, voire de r\u00e9aliser le m\u00eame montage que le disque en USB, mais cette fois-ci en FireWire (Aussi appel\u00e9 : IEEE 1394 ou I-Link.)<br>&#8211; La suppression du bouton ON\/OFF situ\u00e9 derri\u00e8re la machine; celle-ci reste donc constamment en veille si on ne la d\u00e9branche pas.<br>Sony&nbsp;a d\u00e9finitivement arr\u00eat\u00e9 la fabrication de l&rsquo;ancien mod\u00e8le. 43,99 millions exemplaires du mod\u00e8le PStwo ont \u00e9t\u00e9 distribu\u00e9s en mars 2007.<\/p>\n\n\n\n<div class=\"wp-block-image is-style-default\"><figure class=\"aligncenter size-large\"><img loading=\"lazy\" decoding=\"async\" width=\"300\" height=\"300\" src=\"http:\/\/leconservatoiredujeu.fr\/wp-content\/uploads\/2020\/08\/3-Mars-2007.jpg\" alt=\"\" class=\"wp-image-10636\" srcset=\"https:\/\/leconservatoiredujeu.fr\/wp-content\/uploads\/2020\/08\/3-Mars-2007.jpg 300w, https:\/\/leconservatoiredujeu.fr\/wp-content\/uploads\/2020\/08\/3-Mars-2007-150x150.jpg 150w\" sizes=\"(max-width: 300px) 100vw, 300px\" \/><\/figure><\/div>\n\n\n\n<p class=\"has-text-align-center\"><strong>PSX<\/strong><\/p>\n\n\n\n<p>La PSX est une station multim\u00e9dia qui fait office de console de jeu (<a href=\"http:\/\/leconservatoiredujeu.fr\/index.php\/playstation\/\">PlayStation&nbsp;<\/a>et PlayStation 2), de graveur DVD, de tuner TV et de magn\u00e9toscope num\u00e9rique gr\u00e2ce \u00e0 un disque dur int\u00e9gr\u00e9. La PSX a \u00e9t\u00e9 lanc\u00e9 le 13 d\u00e9cembre 2003 au Japon, au prix initial de \u00a579,800 (160 GB) et 99,800 \u00a5 (250 GB). Malgr\u00e9 des baisses de prix successives, les ventes sont rest\u00e9s confidentielles et la production fut stopp\u00e9e en f\u00e9vrier 2005.<\/p>\n\n\n\n<div class=\"wp-block-image is-style-default\"><figure class=\"aligncenter size-large\"><img loading=\"lazy\" decoding=\"async\" width=\"640\" height=\"352\" src=\"http:\/\/leconservatoiredujeu.fr\/wp-content\/uploads\/2020\/08\/4-F\u00e9vrier-2005.jpg\" alt=\"\" class=\"wp-image-10637\" srcset=\"https:\/\/leconservatoiredujeu.fr\/wp-content\/uploads\/2020\/08\/4-F\u00e9vrier-2005.jpg 640w, https:\/\/leconservatoiredujeu.fr\/wp-content\/uploads\/2020\/08\/4-F\u00e9vrier-2005-300x165.jpg 300w, https:\/\/leconservatoiredujeu.fr\/wp-content\/uploads\/2020\/08\/4-F\u00e9vrier-2005-500x275.jpg 500w\" sizes=\"(max-width: 640px) 100vw, 640px\" \/><\/figure><\/div>\n\n\n\n<p class=\"has-white-color has-text-color\">Ligne<\/p>\n\n\n\n<h2 class=\"wp-block-heading\" id=\"A\"><strong><u>Les accessoires<\/u><\/strong> :<\/h2>\n\n\n\n<p>L&rsquo;EyeToy est une petite cam\u00e9ra d\u00e9velopp\u00e9 par&nbsp;<a href=\"http:\/\/leconservatoiredujeu.fr\/index.php\/sony\/\">Sony&nbsp;<\/a>qui se connecte au port USB de la PlayStation 2 et permet d&rsquo;interagir avec l&rsquo;univers de jeu en r\u00e9alisant des mouvements avec le corps. Lanc\u00e9 en Europe le 9 juillet 2003 en bundle avec le jeu Eye Toy: Play, l&rsquo;accessoire connait un certain succ\u00e8s (plus d&rsquo;un million de vente en octobre 2003) et tout une gamme de jeu sp\u00e9cialement con\u00e7u pour le p\u00e9riph\u00e9rique voit le jour par la suite. La cam\u00e9ra peut aussi \u00eatre utilis\u00e9e comme webcam sur un ordinateur gr\u00e2ce \u00e0 sa connectique USB et les pilotes appropri\u00e9s.<\/p>\n\n\n\n<div class=\"wp-block-image is-style-default\"><figure class=\"aligncenter size-large\"><img loading=\"lazy\" decoding=\"async\" width=\"496\" height=\"264\" src=\"http:\/\/leconservatoiredujeu.fr\/wp-content\/uploads\/2020\/08\/EYE.jpg\" alt=\"\" class=\"wp-image-10646\" srcset=\"https:\/\/leconservatoiredujeu.fr\/wp-content\/uploads\/2020\/08\/EYE.jpg 496w, https:\/\/leconservatoiredujeu.fr\/wp-content\/uploads\/2020\/08\/EYE-300x160.jpg 300w\" sizes=\"(max-width: 496px) 100vw, 496px\" \/><\/figure><\/div>\n\n\n\n<p>Sony&nbsp;sortit \u00e9galement dans le cadre de la lign\u00e9e de jeux \u00ab\u00a0Buzz\u00a0\u00bb, des buzzers, vendus par quatre, qui sont munis de cinq boutons, dont quatre de couleur, qui permettaient d&rsquo;interagir dans le jeu comme dans un jeu televis\u00e9.<\/p>\n\n\n\n<div class=\"wp-block-image is-style-default\"><figure class=\"aligncenter size-large\"><img loading=\"lazy\" decoding=\"async\" width=\"300\" height=\"300\" src=\"http:\/\/leconservatoiredujeu.fr\/wp-content\/uploads\/2020\/08\/BUZZ.jpg\" alt=\"\" class=\"wp-image-10647\" srcset=\"https:\/\/leconservatoiredujeu.fr\/wp-content\/uploads\/2020\/08\/BUZZ.jpg 300w, https:\/\/leconservatoiredujeu.fr\/wp-content\/uploads\/2020\/08\/BUZZ-150x150.jpg 150w\" sizes=\"(max-width: 300px) 100vw, 300px\" \/><\/figure><\/div>\n\n\n\n<p>Pour les plus bricoleurs, il est possible de monter un disque dur manuellement pour y stocker ses sauvegardes ou des fichiers audios, vid\u00e9os et photos.<\/p>\n\n\n\n<p>Voir notre page \u00ab\u00a0<a href=\"http:\/\/leconservatoiredujeu.fr\/index.php\/sony-playstation-2-accessoires\/\" data-type=\"URL\" data-id=\"http:\/\/leconservatoiredujeu.fr\/index.php\/sony-playstation-2-accessoires\/\">Liste des accessoires de la playstation 2<\/a>\u00ab\u00a0<\/p>\n\n\n\n<p class=\"has-white-color has-text-color\">Ligne<\/p>\n\n\n\n<h2 class=\"wp-block-heading\" id=\"ST\"><strong><u>Sp\u00e9cifications techniques<\/u><\/strong> :<\/h2>\n\n\n\n<ul><li><em>Processeur principal<\/em> : (128-bit Emotion Engine) <\/li><li><em>Fr\u00e9quence de l\u2019horloge<\/em> : 294,912 MHz&nbsp; <\/li><li><em>M\u00e9moire <\/em>: 32 Mo  <\/li><li><em>Vid\u00e9o <\/em>: (Graphic Synthesizer) <\/li><li>Fr\u00e9quence de l\u2019horloge : 147,456 MHz  <\/li><li><em>M\u00e9moire VRAM<\/em> Cache : 4 Mo  <\/li><li><em>Nombre de polygones\/s<\/em> : 66 M (annonc\u00e9s par Sony), 4 M en situation de jeu <\/li><li><em>Son <\/em>(en ADPCM 44100Hz &#8211; SPU2) : Nombre de voix &#8211; 48 canaux,&nbsp;M\u00e9moire de son &#8211; 2 Mo  <\/li><li><em>IOP <\/em>: (Processeur d\u2019entr\u00e9e\/sortie) <\/li><li><em>CPU <\/em>Core : PlayStation CPU+ (R3000A) <\/li><li><em>Fr\u00e9quence de l\u2019horloge <\/em>: 33,8688 MHz ou 36,864 MHz (s\u00e9lectionnable) <\/li><li><em>Lecteur<\/em> de disque : (DVD-ROM) <\/li><li><em>Vitesse <\/em>: 24X (3600 Ko\/s) en lecture CD, 4X (5400 Ko\/s) en lecteur DVD.<\/li><\/ul>\n\n\n\n<div class=\"wp-block-image is-style-default\"><figure class=\"aligncenter size-large\"><img loading=\"lazy\" decoding=\"async\" width=\"994\" height=\"497\" src=\"http:\/\/leconservatoiredujeu.fr\/wp-content\/uploads\/2020\/08\/TECH.png\" alt=\"\" class=\"wp-image-10651\" srcset=\"https:\/\/leconservatoiredujeu.fr\/wp-content\/uploads\/2020\/08\/TECH.png 994w, https:\/\/leconservatoiredujeu.fr\/wp-content\/uploads\/2020\/08\/TECH-300x150.png 300w, https:\/\/leconservatoiredujeu.fr\/wp-content\/uploads\/2020\/08\/TECH-768x384.png 768w, https:\/\/leconservatoiredujeu.fr\/wp-content\/uploads\/2020\/08\/TECH-500x250.png 500w\" sizes=\"(max-width: 994px) 100vw, 994px\" \/><\/figure><\/div>\n\n\n\n<p class=\"has-white-color has-text-color\">Ligne<\/p>\n\n\n\n<h2 class=\"wp-block-heading\" id=\"JR\"><strong><u>Le Jeu en r\u00e9seau<\/u><\/strong> :<\/h2>\n\n\n\n<p>La PlayStation 2 poss\u00e8de un adaptateur r\u00e9seau que l&rsquo;on branche par le biais d&rsquo;un cable ethernet, cela permet de partager d&rsquo;autres sensations comme sur Battlefied 2 Modern Combat, l&rsquo;un des jeux le plus populaire sur PS2 \u00e0 ce jour. Il n&rsquo;est plus fabriqu\u00e9 par\u00a0<a href=\"http:\/\/leconservatoiredujeu.fr\/index.php\/sony\/\" data-type=\"URL\" data-id=\"http:\/\/leconservatoiredujeu.fr\/index.php\/sony\/\">Sony<\/a>\u00a0depuis 2006.<\/p>\n\n\n\n<p>Sur tous les mod\u00e8les PStwo, un port Ethernet est d\u00e9j\u00e0 int\u00e9gr\u00e9 avec la console.<\/p>\n\n\n\n<p><strong><span style=\"text-decoration: underline;\">Source<\/span> :<\/strong> Wikip\u00e9dia<\/p>\n\n\n\n<p class=\"has-text-align-right\">Le Conservatoire du Jeu &#8211; Mars 2022<\/p>\n","protected":false},"excerpt":{"rendered":"<p>Ligne La PlayStation 2 (PS2) est la console de jeux vid\u00e9o de&nbsp;Sony&nbsp;qui a succ\u00e9d\u00e9 \u00e0 la&nbsp;PlayStation. Elle fut lanc\u00e9e le 4 mars 2000 au Japon (le 26 octobre 2000 en Am\u00e9rique du Nord, le 24 novembre 2000 en Europe), et &hellip; <a href=\"https:\/\/leconservatoiredujeu.fr\/index.php\/playstation-2\/\">Continuer la lecture <span class=\"meta-nav\">&rarr;<\/span><\/a><\/p>\n","protected":false},"author":1,"featured_media":12485,"parent":0,"menu_order":0,"comment_status":"closed","ping_status":"closed","template":"","meta":{"footnotes":""},"_links":{"self":[{"href":"https:\/\/leconservatoiredujeu.fr\/index.php\/wp-json\/wp\/v2\/pages\/573"}],"collection":[{"href":"https:\/\/leconservatoiredujeu.fr\/index.php\/wp-json\/wp\/v2\/pages"}],"about":[{"href":"https:\/\/leconservatoiredujeu.fr\/index.php\/wp-json\/wp\/v2\/types\/page"}],"author":[{"embeddable":true,"href":"https:\/\/leconservatoiredujeu.fr\/index.php\/wp-json\/wp\/v2\/users\/1"}],"replies":[{"embeddable":true,"href":"https:\/\/leconservatoiredujeu.fr\/index.php\/wp-json\/wp\/v2\/comments?post=573"}],"version-history":[{"count":17,"href":"https:\/\/leconservatoiredujeu.fr\/index.php\/wp-json\/wp\/v2\/pages\/573\/revisions"}],"predecessor-version":[{"id":12702,"href":"https:\/\/leconservatoiredujeu.fr\/index.php\/wp-json\/wp\/v2\/pages\/573\/revisions\/12702"}],"wp:featuredmedia":[{"embeddable":true,"href":"https:\/\/leconservatoiredujeu.fr\/index.php\/wp-json\/wp\/v2\/media\/12485"}],"wp:attachment":[{"href":"https:\/\/leconservatoiredujeu.fr\/index.php\/wp-json\/wp\/v2\/media?parent=573"}],"curies":[{"name":"wp","href":"https:\/\/api.w.org\/{rel}","templated":true}]}}