{"id":4712,"date":"2019-06-27T13:16:41","date_gmt":"2019-06-27T11:16:41","guid":{"rendered":"http:\/\/leconservatoiredujeu.fr\/?page_id=4712"},"modified":"2022-05-04T11:29:16","modified_gmt":"2022-05-04T09:29:16","slug":"space-cowboy","status":"publish","type":"page","link":"https:\/\/leconservatoiredujeu.fr\/index.php\/space-cowboy\/","title":{"rendered":"Space Cowboy"},"content":{"rendered":"\n<div class=\"wp-block-image\"><figure class=\"aligncenter is-resized\"><img loading=\"lazy\" decoding=\"async\" src=\"http:\/\/leconservatoiredujeu.fr\/wp-content\/uploads\/2019\/06\/t\u00e9l\u00e9chargement-18.jpg\" alt=\"\" class=\"wp-image-4713\" width=\"206\" height=\"192\"\/><\/figure><\/div>\n\n\n\n<p><span style=\"text-decoration: underline;\"><strong>Historique<\/strong><\/span><strong> :<\/strong><\/p>\n\n\n\n<h6 class=\"font_6 wp-block-heading\">SPACE Cowboys est un studio d\u2019\u00e9dition de jeux de soci\u00e9t\u00e9 cr\u00e9\u00e9 en 2014 par des v\u00e9t\u00e9rans de l\u2019industrie. Fort de son premier succ\u00e8s Splendor, finaliste du fameux Spiel des Jahres, le studio a depuis encha\u00een\u00e9 les sorties et les succ\u00e8s : Unlock! (Jeu de l\u2019ann\u00e9e 2017).<\/h6>\n\n\n\n<h6 class=\"font_6 wp-block-heading\">Le studio propose des jeux pour la famille (10 ans et +) ou pour joueurs chevronn\u00e9s, avec deux objectifs : amuser et surprendre avec des jeux de qualit\u00e9.<\/h6>\n\n\n\n<p>Space Cowboys est un nouvel \u00e9diteur aux grandes ambitions. Ce studio de cr\u00e9ation ludique a \u00e9t\u00e9 cr\u00e9e en 2014 par les fondateurs et piliers d\u2019Asmodee (le leader du march\u00e9 ludique fran\u00e7ais), Marc Nunes, Philippe Mouret et Croc. Acteurs du march\u00e9 du jeu depuis plusieurs ann\u00e9es, ils ont su cr\u00e9er une synergie qui a contribu\u00e9 \u00e0 la croissance et \u00e0 l\u2019\u00e9volution du monde du jeu en France. Avec Space Cowboys, ils ont souhait\u00e9 retrouver une structure plus petite, qui leur permettrait de faire aboutir des projets plus personnels et audacieux. Les Space Cowboys ont \u00e9galement \u00ab\u00a0recrut\u00e9\u00a0\u00bb Cyril Demaegd et S\u00e9bastien Pauchon, respectivement fondateurs d\u2019Ystari et Gameworks afin de former une alliance de talents et de consultants pouvant proposer des jeux sur un spectre qui va du jeu \u00e0 l\u2019am\u00e9ricaine aux jeux \u00e0 base de cube en bois, en passant par le \u00ab\u00a0familial plus \u00bb.<\/p>\n\n\n\n<p>Dans Splendor, vous dirigez une guilde de marchands. A l\u2019aide de jetons symbolisant des pierres pr\u00e9cieuses, vous allez acqu\u00e9rir des d\u00e9veloppements qui produisent de nouvelles pierres (les bonus). Ces bonus r\u00e9duisent le co\u00fbt de vos achats et attirent les nobles m\u00e9c\u00e8nes.<br>A chaque tour, une action et une seule ! Observez vos adversaires, anticipez et r\u00e9servez les bonnes cartes. Le premier joueur \u00e0 parvenir \u00e0 quinze points de prestige en cumulant nobles et d\u00e9veloppements d\u00e9clenche la fin de la partie.<\/p>\n\n\n\n<div class=\"wp-block-image\"><figure class=\"aligncenter\"><img loading=\"lazy\" decoding=\"async\" width=\"226\" height=\"300\" src=\"http:\/\/leconservatoiredujeu.fr\/wp-content\/uploads\/2019\/06\/51PkNafN6jL._SY355_-226x300.jpg\" alt=\"\" class=\"wp-image-4714\" srcset=\"https:\/\/leconservatoiredujeu.fr\/wp-content\/uploads\/2019\/06\/51PkNafN6jL._SY355_-226x300.jpg 226w, https:\/\/leconservatoiredujeu.fr\/wp-content\/uploads\/2019\/06\/51PkNafN6jL._SY355_.jpg 267w\" sizes=\"(max-width: 226px) 100vw, 226px\" \/><\/figure><\/div>\n\n\n\n<p>Unlock! est un syst\u00e8me de jeu de cartes coop\u00e9ratif inspir\u00e9 des escape rooms. Unlock! vous fait vivre ces exp\u00e9riences chez vous, autour d&rsquo;une table.<\/p>\n\n\n\n<p>Apr\u00e8s avoir pris connaissance du contexte du sc\u00e9nario, vous commencez votre aventure dans une pi\u00e8ce (une carte de lieu qui indique divers num\u00e9ros). Fouillez-la pour trouver des objets ! Attention : certains peuvent \u00eatre cach\u00e9s !<\/p>\n\n\n\n<p>Vous pouvez combiner les objets pour obtenir des r\u00e9sultats :<br>Par exemple, la carte \u00ab\u00a011\u00a0\u00bb est une clef et la carte \u00ab\u00a035\u00a0\u00bb est une porte.<br>11+35 = 46 : cherchez la carte 46 dans le deck.<br>Elle s&rsquo;y trouve ? La clef ouvre la porte : retournez la carte et avancez dans l&rsquo;aventure ! Sinon, c&rsquo;est que la clef n&rsquo;est pas la bonne.<\/p>\n\n\n\n<p>Attention : il arrive que des associations se traduisent par des p\u00e9nalit\u00e9s (un c\u00e2ble \u00e9lectrique &#8211; carte \u00ab\u00a022\u00a0\u00bb &#8211; avec une flaque d&rsquo;eau &#8211; carte \u00ab\u00a075\u00a0\u00bb &#8211; pourrait donner la carte \u00ab\u00a097\u00a0\u00bb&#8230; un court-circuit qui vous enl\u00e8verait du temps !).<\/p>\n\n\n\n<p>Des \u00e9nigmes visuelles ou audio ralentissent votre progression&#8230; \u00e0 vous de coop\u00e9rer avec vos partenaires pour avancer et terminer dans les temps !<\/p>\n\n\n\n<p>L&rsquo;application gratuite Unlock!, compatible avec les t\u00e9l\u00e9phones et tablettes Android et iOS, est n\u00e9cessaire pour jouer. Elle permet d&rsquo;obtenir des indices, de rep\u00e9rer des objets cach\u00e9s, mais aussi d&rsquo;entrer les codes d\u00e9couverts. Elle contribue \u00e9galement \u00e0 l&rsquo;ambiance avec ses musiques d\u00e9di\u00e9es \u00e0 chaque aventure, ses \u00e9nigmes audio, ses terribles p\u00e9nalit\u00e9s et son compte \u00e0 rebours fatal !<\/p>\n\n\n\n<div class=\"wp-block-image\"><figure class=\"aligncenter\"><img loading=\"lazy\" decoding=\"async\" width=\"195\" height=\"300\" src=\"http:\/\/leconservatoiredujeu.fr\/wp-content\/uploads\/2019\/06\/unlock-p-image-61073-grande-195x300.jpg\" alt=\"\" class=\"wp-image-4715\" srcset=\"https:\/\/leconservatoiredujeu.fr\/wp-content\/uploads\/2019\/06\/unlock-p-image-61073-grande-195x300.jpg 195w, https:\/\/leconservatoiredujeu.fr\/wp-content\/uploads\/2019\/06\/unlock-p-image-61073-grande.jpg 379w\" sizes=\"(max-width: 195px) 100vw, 195px\" \/><\/figure><\/div>\n\n\n\n<p><span style=\"text-decoration: underline;\"><strong>Liens<\/strong><\/span><\/p>\n\n\n\n<p>Site de <a href=\"https:\/\/www.spacecowboys.fr\/\">Space Cowboy<\/a><\/p>\n\n\n\n<p class=\"has-text-align-right\">Le Conservatoire du Jeu &#8211; Mai 2022<\/p>\n","protected":false},"excerpt":{"rendered":"<p>Historique : SPACE Cowboys est un studio d\u2019\u00e9dition de jeux de soci\u00e9t\u00e9 cr\u00e9\u00e9 en 2014 par des v\u00e9t\u00e9rans de l\u2019industrie. Fort de son premier succ\u00e8s Splendor, finaliste du fameux Spiel des Jahres, le studio a depuis encha\u00een\u00e9 les sorties et &hellip; <a href=\"https:\/\/leconservatoiredujeu.fr\/index.php\/space-cowboy\/\">Continuer la lecture <span class=\"meta-nav\">&rarr;<\/span><\/a><\/p>\n","protected":false},"author":1,"featured_media":0,"parent":0,"menu_order":0,"comment_status":"closed","ping_status":"closed","template":"","meta":{"footnotes":""},"_links":{"self":[{"href":"https:\/\/leconservatoiredujeu.fr\/index.php\/wp-json\/wp\/v2\/pages\/4712"}],"collection":[{"href":"https:\/\/leconservatoiredujeu.fr\/index.php\/wp-json\/wp\/v2\/pages"}],"about":[{"href":"https:\/\/leconservatoiredujeu.fr\/index.php\/wp-json\/wp\/v2\/types\/page"}],"author":[{"embeddable":true,"href":"https:\/\/leconservatoiredujeu.fr\/index.php\/wp-json\/wp\/v2\/users\/1"}],"replies":[{"embeddable":true,"href":"https:\/\/leconservatoiredujeu.fr\/index.php\/wp-json\/wp\/v2\/comments?post=4712"}],"version-history":[{"count":2,"href":"https:\/\/leconservatoiredujeu.fr\/index.php\/wp-json\/wp\/v2\/pages\/4712\/revisions"}],"predecessor-version":[{"id":13084,"href":"https:\/\/leconservatoiredujeu.fr\/index.php\/wp-json\/wp\/v2\/pages\/4712\/revisions\/13084"}],"wp:attachment":[{"href":"https:\/\/leconservatoiredujeu.fr\/index.php\/wp-json\/wp\/v2\/media?parent=4712"}],"curies":[{"name":"wp","href":"https:\/\/api.w.org\/{rel}","templated":true}]}}