{"id":4651,"date":"2019-06-26T16:53:17","date_gmt":"2019-06-26T14:53:17","guid":{"rendered":"http:\/\/leconservatoiredujeu.fr\/?page_id=4651"},"modified":"2022-05-02T17:49:01","modified_gmt":"2022-05-02T15:49:01","slug":"miro-company","status":"publish","type":"page","link":"https:\/\/leconservatoiredujeu.fr\/index.php\/miro-company\/","title":{"rendered":"Miro Company"},"content":{"rendered":"\n<div class=\"wp-block-image\"><figure class=\"aligncenter\"><img loading=\"lazy\" decoding=\"async\" width=\"300\" height=\"206\" src=\"http:\/\/leconservatoiredujeu.fr\/wp-content\/uploads\/2019\/06\/auteur1517-300x206.jpg\" alt=\"\" class=\"wp-image-4653\" srcset=\"https:\/\/leconservatoiredujeu.fr\/wp-content\/uploads\/2019\/06\/auteur1517-300x206.jpg 300w, https:\/\/leconservatoiredujeu.fr\/wp-content\/uploads\/2019\/06\/auteur1517-436x300.jpg 436w, https:\/\/leconservatoiredujeu.fr\/wp-content\/uploads\/2019\/06\/auteur1517.jpg 500w\" sizes=\"(max-width: 300px) 100vw, 300px\" \/><\/figure><\/div>\n\n\n\n<p><span style=\"text-decoration: underline;\"><strong>Historique<\/strong><\/span> <strong>:<\/strong><\/p>\n\n\n\n<p>Miro Company&nbsp;\u00e9tait un c\u00e9l\u00e8bre&nbsp;\u00e9diteur de jeux de soci\u00e9t\u00e9&nbsp;fran\u00e7ais, diffusant des jeux tr\u00e8s connus comme&nbsp;Monopoly,&nbsp;Cluedo&nbsp;ou&nbsp;Risk.<\/p>\n\n\n\n<p>La soci\u00e9t\u00e9 Miro Company a \u00e9t\u00e9 fond\u00e9e \u00e0&nbsp;Paris&nbsp;en 1936 par un Russe de&nbsp;Riga, Fred Mirowitch, et un Am\u00e9ricain de&nbsp;Londres, Leo J. Frankenthal. En 1950, Miro change de mains&nbsp;: Mirowitch et Frankenthal revendent l&rsquo;affaire \u00e0 Michel Habourdin et Jean Boisseau. Elle \u00e9dite des jeux originaux et, \u00e0 partir des ann\u00e9es 1950, diffuse en France des jeux de Waddington Ltd. et de&nbsp;Parker Brothers, tandis que Parker diffuse aux \u00c9tats-Unis les jeux de Miro Company, comme&nbsp;<i>La Conqu\u00eate du Monde<\/i>, devenu&nbsp;Risk.<\/p>\n\n\n\n<p>Miro Company devient en 1961 une soci\u00e9t\u00e9 anonyme et en 1969, le g\u00e9ant de l&rsquo;agroalimentaire am\u00e9ricain General Mills en devient actionnaire majoritaire. En 1972, Miro Company acquiert Meccano France S.A.<\/p>\n\n\n\n<p>En 1980, Miro Company fusionne avec les soci\u00e9t\u00e9s&nbsp;Meccano France,&nbsp;Parker Brothers France,&nbsp;Capi\u00e9pa, Lines Brothers France et S.G.C.T. et prend le nom de&nbsp;Miro-Meccano S.A.&nbsp;qui est absorb\u00e9e en 1986 par&nbsp;Hasbro.<\/p>\n\n\n\n<p><strong>Quelques Jeux<\/strong><\/p>\n\n\n\n<p>Le&nbsp;Long Cours&nbsp;est un&nbsp;jeu de soci\u00e9t\u00e9&nbsp;ou jeu de plateau sur le th\u00e8me de la&nbsp;marine marchande. Le but du jeu est de vendre et acheter des marchandises entre diff\u00e9rents ports. Le but poursuivi est d&rsquo;acqu\u00e9rir, avant les autres joueurs, une fortune assez solide pour acheter le navire corsaire et en rester propri\u00e9taire, ce qui assure le gain de la partie. Le corsaire, en effet, \u00e9limine les bateaux adverses.<\/p>\n\n\n\n<p>Le jeu consiste \u00e0 naviguer de port en port au quatre coins du monde pour acheter des marchandises afin de les revendre avec b\u00e9n\u00e9fice. Mais naviguer sur l&rsquo;oc\u00e9an n&rsquo;est pas sans risque, il vous faudra affronter les temp\u00eates, vous battre avec les autres capitaines, et surtout \u00e9viter le bateau corsaire.<\/p>\n\n\n\n<p>Publi\u00e9 initialement par Croset Fr\u00e8res \u00e0 Lyon en 1945, Long Cours a \u00e9t\u00e9 r\u00e9\u00e9dit\u00e9 en 1959, puis, avec de nouvelles r\u00e8gles, dans les ann\u00e9es 1970 par&nbsp;Miro<sup id=\"cite_ref-1\" class=\"reference\"><\/sup>.<\/p>\n\n\n\n<div class=\"wp-block-image\"><figure class=\"aligncenter\"><img loading=\"lazy\" decoding=\"async\" width=\"300\" height=\"232\" src=\"http:\/\/leconservatoiredujeu.fr\/wp-content\/uploads\/2019\/06\/s-l300-300x232.jpg\" alt=\"\" class=\"wp-image-4661\"\/><\/figure><\/div>\n\n\n\n<p>Ascot est la version fran\u00e7aise d\u2019un jeu de course de chevaux anglais nomm\u00e9 Totopoly. Totopoly fut cr\u00e9\u00e9 en 1937, puis \u00e9dit\u00e9 en 1938 par Waddingtons. Cette m\u00eame soci\u00e9t\u00e9 a commercialis\u00e9 le Monopoly version UK (et plein d\u2019autres jeux) qui \u00e9tait apparu trois ans auparavant.<br>Totopoly s\u2019inspire donc un peu de son pr\u00e9d\u00e9cesseur sur bien des points, tout en enrichissant les m\u00e9canismes avec une course \u00e0 paris.<br>Repris juste apr\u00e8s guerre par la soci\u00e9t\u00e9 Miro, Ascot permet aux fran\u00e7ais de d\u00e9couvrir ce jeu aux m\u00e9canismes tr\u00e8s modernes pour l\u2019\u00e9poque. Diverses versions ont vu le jour au fil des ans et ce, jusqu\u2019aux ann\u00e9es 80.<br>Bien que beaucoup plus confidentiel (et plus anglais) que le Monopoly, quelques passionn\u00e9s le font vivre toujours au gr\u00e9 de leurs parties.<\/p>\n\n\n\n<p>Ascot, n\u2019est pas une simple simulation de course. Le jeu se d\u00e9roule en deux phases distinctes sur deux plateaux de jeu diff\u00e9rents : L\u2019entra\u00eenement et la course.<\/p>\n\n\n\n<div class=\"wp-block-image\"><figure class=\"aligncenter\"><img loading=\"lazy\" decoding=\"async\" width=\"300\" height=\"215\" src=\"http:\/\/leconservatoiredujeu.fr\/wp-content\/uploads\/2019\/06\/ascot-300x215.jpg\" alt=\"\" class=\"wp-image-4663\" srcset=\"https:\/\/leconservatoiredujeu.fr\/wp-content\/uploads\/2019\/06\/ascot-300x215.jpg 300w, https:\/\/leconservatoiredujeu.fr\/wp-content\/uploads\/2019\/06\/ascot-768x550.jpg 768w, https:\/\/leconservatoiredujeu.fr\/wp-content\/uploads\/2019\/06\/ascot-419x300.jpg 419w, https:\/\/leconservatoiredujeu.fr\/wp-content\/uploads\/2019\/06\/ascot.jpg 1019w\" sizes=\"(max-width: 300px) 100vw, 300px\" \/><\/figure><\/div>\n\n\n\n<p class=\"has-text-align-right\">Le Conservatoire du Jeu &#8211; Mai 2022<\/p>\n\n\n\n<p><\/p>\n","protected":false},"excerpt":{"rendered":"<p>Historique : Miro Company&nbsp;\u00e9tait un c\u00e9l\u00e8bre&nbsp;\u00e9diteur de jeux de soci\u00e9t\u00e9&nbsp;fran\u00e7ais, diffusant des jeux tr\u00e8s connus comme&nbsp;Monopoly,&nbsp;Cluedo&nbsp;ou&nbsp;Risk. La soci\u00e9t\u00e9 Miro Company a \u00e9t\u00e9 fond\u00e9e \u00e0&nbsp;Paris&nbsp;en 1936 par un Russe de&nbsp;Riga, Fred Mirowitch, et un Am\u00e9ricain de&nbsp;Londres, Leo J. Frankenthal. En 1950, &hellip; <a href=\"https:\/\/leconservatoiredujeu.fr\/index.php\/miro-company\/\">Continuer la lecture <span class=\"meta-nav\">&rarr;<\/span><\/a><\/p>\n","protected":false},"author":1,"featured_media":0,"parent":0,"menu_order":0,"comment_status":"closed","ping_status":"closed","template":"","meta":{"footnotes":""},"_links":{"self":[{"href":"https:\/\/leconservatoiredujeu.fr\/index.php\/wp-json\/wp\/v2\/pages\/4651"}],"collection":[{"href":"https:\/\/leconservatoiredujeu.fr\/index.php\/wp-json\/wp\/v2\/pages"}],"about":[{"href":"https:\/\/leconservatoiredujeu.fr\/index.php\/wp-json\/wp\/v2\/types\/page"}],"author":[{"embeddable":true,"href":"https:\/\/leconservatoiredujeu.fr\/index.php\/wp-json\/wp\/v2\/users\/1"}],"replies":[{"embeddable":true,"href":"https:\/\/leconservatoiredujeu.fr\/index.php\/wp-json\/wp\/v2\/comments?post=4651"}],"version-history":[{"count":5,"href":"https:\/\/leconservatoiredujeu.fr\/index.php\/wp-json\/wp\/v2\/pages\/4651\/revisions"}],"predecessor-version":[{"id":13050,"href":"https:\/\/leconservatoiredujeu.fr\/index.php\/wp-json\/wp\/v2\/pages\/4651\/revisions\/13050"}],"wp:attachment":[{"href":"https:\/\/leconservatoiredujeu.fr\/index.php\/wp-json\/wp\/v2\/media?parent=4651"}],"curies":[{"name":"wp","href":"https:\/\/api.w.org\/{rel}","templated":true}]}}