{"id":4644,"date":"2019-06-26T15:41:46","date_gmt":"2019-06-26T13:41:46","guid":{"rendered":"http:\/\/leconservatoiredujeu.fr\/?page_id=4644"},"modified":"2022-05-02T17:36:48","modified_gmt":"2022-05-02T15:36:48","slug":"meccano","status":"publish","type":"page","link":"https:\/\/leconservatoiredujeu.fr\/index.php\/meccano\/","title":{"rendered":"Meccano"},"content":{"rendered":"\n<div class=\"wp-block-image\"><figure class=\"aligncenter\"><img loading=\"lazy\" decoding=\"async\" width=\"300\" height=\"86\" src=\"http:\/\/leconservatoiredujeu.fr\/wp-content\/uploads\/2019\/06\/Meccano_logo-300x86.gif\" alt=\"\" class=\"wp-image-4645\"\/><\/figure><\/div>\n\n\n\n<p><span style=\"text-decoration: underline;\"><strong>Historique :<\/strong><\/span><\/p>\n\n\n\n<p>Meccano Ltd. est une soci\u00e9t\u00e9 britannique fabriquant le jeu Meccano, les trains Hornby, les Dinky Toys et distribuant d&rsquo;autres types de jouets. La filiale fran\u00e7aise Meccano SA fut cr\u00e9\u00e9e en 1912 \u00e0 Paris et devint la maison m\u00e8re, dont le si\u00e8ge et la principale usine sont situ\u00e9s \u00e0 Calais.<\/p>\n\n\n\n<p>Meccano est un jeu de construction \u00e0 base d&rsquo;\u00e9l\u00e9ments \u00e0 l&rsquo;origine enti\u00e8rement m\u00e9talliques. Meccano est un syst\u00e8me de construction mod\u00e8le cr\u00e9\u00e9 en 1898 par Frank Hornby \u00e0 Liverpool, au Royaume-Uni. Le syst\u00e8me comprend des bandes de m\u00e9tal , des plaques, des poutres d&rsquo; angle , des roues , des essieux et des engrenages r\u00e9utilisables, ainsi que des pi\u00e8ces en plastique reli\u00e9es entre elles \u00e0 l&rsquo;aide d&rsquo;\u00e9crous et de boulons. Il permet la construction de mod\u00e8les de travail et de dispositifs m\u00e9caniques. Meccano poss\u00e8de une usine de fabrication \u00e0 Calais, en France.<\/p>\n\n\n\n<div class=\"wp-block-image\"><figure class=\"aligncenter\"><img loading=\"lazy\" decoding=\"async\" width=\"300\" height=\"230\" src=\"http:\/\/leconservatoiredujeu.fr\/wp-content\/uploads\/2019\/06\/bakelite-300x230.jpg\" alt=\"\" class=\"wp-image-4647\" srcset=\"https:\/\/leconservatoiredujeu.fr\/wp-content\/uploads\/2019\/06\/bakelite-300x230.jpg 300w, https:\/\/leconservatoiredujeu.fr\/wp-content\/uploads\/2019\/06\/bakelite-391x300.jpg 391w, https:\/\/leconservatoiredujeu.fr\/wp-content\/uploads\/2019\/06\/bakelite.jpg 425w\" sizes=\"(max-width: 300px) 100vw, 300px\" \/><\/figure><\/div>\n\n\n\n<p>Les modules standard pr\u00e9fabriqu\u00e9s \u00e9taient des lames m\u00e9talliques perfor\u00e9es de trous circulaires au pas de \u00bd&nbsp;pouce&nbsp;(1,27&nbsp;<abbr class=\"abbr\" title=\"centim\u00e8tre\">cm<\/abbr>). D\u00e8s le d\u00e9but, la collection de ces lames fut tr\u00e8s \u00e9tendue car le but initial \u00e9tait l&rsquo;initiation \u00e0 la&nbsp;m\u00e9canique&nbsp;: elle comportait des corni\u00e8res, des plaques, des axes, des roues et des&nbsp;engrenages&nbsp;en laiton. L&rsquo;originalit\u00e9 de l&rsquo;invention est le pas constant des trous pour l&rsquo;assemblage qui se fait au moyen de vis et d&rsquo;\u00e9crous.<\/p>\n\n\n\n<p>En 1913, un ensemble de construction tr\u00e8s similaire a \u00e9t\u00e9 introduit aux \u00c9tats-Unis sous la marque&nbsp;Erector&nbsp;.&nbsp;En 2000, Meccano a achet\u00e9 la marque Erector et a unifi\u00e9 sa pr\u00e9sence sur tous les continents.<\/p>\n\n\n\n<div class=\"wp-block-image\"><figure class=\"aligncenter\"><img loading=\"lazy\" decoding=\"async\" width=\"300\" height=\"300\" src=\"http:\/\/leconservatoiredujeu.fr\/wp-content\/uploads\/2019\/06\/91Zq11CJHdL._SY355_-300x300.jpg\" alt=\"\" class=\"wp-image-4646\" srcset=\"https:\/\/leconservatoiredujeu.fr\/wp-content\/uploads\/2019\/06\/91Zq11CJHdL._SY355_-300x300.jpg 300w, https:\/\/leconservatoiredujeu.fr\/wp-content\/uploads\/2019\/06\/91Zq11CJHdL._SY355_-150x150.jpg 150w, https:\/\/leconservatoiredujeu.fr\/wp-content\/uploads\/2019\/06\/91Zq11CJHdL._SY355_.jpg 355w\" sizes=\"(max-width: 300px) 100vw, 300px\" \/><\/figure><\/div>\n\n\n\n<p>Au bord de la faillite, Meccano a \u00e9t\u00e9 rachet\u00e9 en&nbsp;2000&nbsp;par le groupe japonais&nbsp;Nikko (leader de la voiture radiocommand\u00e9e en France). Le groupe est alors redress\u00e9 par Alain Ingberg, qui fait entrer dans le capital un fonds d&rsquo;investissement,&nbsp;<i>21 Capital Partners<\/i>, propri\u00e9t\u00e9 d&rsquo;Alessandro Benetton. Les Japonais sortiront d\u00e9finitivement du capital en 2007, la soci\u00e9t\u00e9 \u00e9tant alors d\u00e9tenue \u00e0 parts \u00e9gales par Alain Ingberg et le fonds 21 Capital Partners. En 2005, le site de Calais, qui a subi un plan social r\u00e9duisant ses effectifs de cent cinquante \u00e0 quatre-vingts salari\u00e9s, a \u00e9t\u00e9 enti\u00e8rement modernis\u00e9 et largement automatis\u00e9. En 2007, Meccano a ouvert des filiales en Espagne et en Grande-Bretagne.<\/p>\n\n\n\n<p>De nouvelles gammes ont fait leur apparition en&nbsp;2005&nbsp;: Speed Play \u00e0 partir de sept ans, Tuning, et Kids Play \u00e0 partir de deux ans. La soci\u00e9t\u00e9 est \u00e9galement distributrice des jouets WowWee (Robosapien, etc.), Crayola, Nikko, et Maisto. Dans les ann\u00e9es 1970 et 1980, Meccano France a par ailleurs \u00e9t\u00e9 le distributeur de jouets issus de films ou de s\u00e9ries import\u00e9s des&nbsp;\u00c9tats-Unis&nbsp;comme&nbsp;<i>l&rsquo;Homme qui valait trois milliards<\/i>&nbsp;ou&nbsp;<i>Star Wars<\/i>.<\/p>\n\n\n\n<p>Lors du&nbsp;Consumer Electronics Show&nbsp;de Las Vegas en janvier 2007, Erector, filiale de Meccano aux&nbsp;\u00c9tats-Unis, pr\u00e9sente&nbsp;Spykee, robot communiquant par l&rsquo;interm\u00e9diaire du&nbsp;Wi-Fi&nbsp;et pouvant \u00eatre contr\u00f4l\u00e9 par le biais d&rsquo;Internet, \u00e0 monter soi-m\u00eame, et lance pour No\u00ebl 2008 une gamme de robots \u00e9lectroniques. En 2010, l&rsquo;usine de Calais est encore le site de production principal du Meccano, une partie de la production effectu\u00e9e en Chine est relocalis\u00e9e \u00e0 Calais.<\/p>\n\n\n\n<div class=\"wp-block-image\"><figure class=\"aligncenter\"><img loading=\"lazy\" decoding=\"async\" width=\"243\" height=\"300\" src=\"http:\/\/leconservatoiredujeu.fr\/wp-content\/uploads\/2019\/06\/Spykee-243x300.jpg\" alt=\"\" class=\"wp-image-4648\" srcset=\"https:\/\/leconservatoiredujeu.fr\/wp-content\/uploads\/2019\/06\/Spykee-243x300.jpg 243w, https:\/\/leconservatoiredujeu.fr\/wp-content\/uploads\/2019\/06\/Spykee.jpg 287w\" sizes=\"(max-width: 243px) 100vw, 243px\" \/><\/figure><\/div>\n\n\n\n<p><time class=\"nowrap date-lien\" datetime=\"2013-08-13\" data-sort-value=\"2013-08-13\">En 2013<\/time>, la soci\u00e9t\u00e9 Meccano est rachet\u00e9e par le Canadien Spin Master, un groupe canadien sp\u00e9cialiste des engins radiocommand\u00e9s et des figurines pour enfant.<\/p>\n\n\n\n<p><strong><span style=\"text-decoration: underline;\">Liens<\/span><\/strong><\/p>\n\n\n\n<p>Site de <a href=\"http:\/\/www.meccano.com\/?locale=fr_FR\">Meccano<\/a><\/p>\n\n\n\n<p class=\"has-text-align-right\">Le Conservatoire du Jeu &#8211; Mai 2022<\/p>\n","protected":false},"excerpt":{"rendered":"<p>Historique : Meccano Ltd. est une soci\u00e9t\u00e9 britannique fabriquant le jeu Meccano, les trains Hornby, les Dinky Toys et distribuant d&rsquo;autres types de jouets. La filiale fran\u00e7aise Meccano SA fut cr\u00e9\u00e9e en 1912 \u00e0 Paris et devint la maison m\u00e8re, &hellip; <a href=\"https:\/\/leconservatoiredujeu.fr\/index.php\/meccano\/\">Continuer la lecture <span class=\"meta-nav\">&rarr;<\/span><\/a><\/p>\n","protected":false},"author":1,"featured_media":0,"parent":0,"menu_order":0,"comment_status":"closed","ping_status":"closed","template":"","meta":{"footnotes":""},"_links":{"self":[{"href":"https:\/\/leconservatoiredujeu.fr\/index.php\/wp-json\/wp\/v2\/pages\/4644"}],"collection":[{"href":"https:\/\/leconservatoiredujeu.fr\/index.php\/wp-json\/wp\/v2\/pages"}],"about":[{"href":"https:\/\/leconservatoiredujeu.fr\/index.php\/wp-json\/wp\/v2\/types\/page"}],"author":[{"embeddable":true,"href":"https:\/\/leconservatoiredujeu.fr\/index.php\/wp-json\/wp\/v2\/users\/1"}],"replies":[{"embeddable":true,"href":"https:\/\/leconservatoiredujeu.fr\/index.php\/wp-json\/wp\/v2\/comments?post=4644"}],"version-history":[{"count":3,"href":"https:\/\/leconservatoiredujeu.fr\/index.php\/wp-json\/wp\/v2\/pages\/4644\/revisions"}],"predecessor-version":[{"id":13048,"href":"https:\/\/leconservatoiredujeu.fr\/index.php\/wp-json\/wp\/v2\/pages\/4644\/revisions\/13048"}],"wp:attachment":[{"href":"https:\/\/leconservatoiredujeu.fr\/index.php\/wp-json\/wp\/v2\/media?parent=4644"}],"curies":[{"name":"wp","href":"https:\/\/api.w.org\/{rel}","templated":true}]}}