{"id":4464,"date":"2019-06-24T14:14:01","date_gmt":"2019-06-24T12:14:01","guid":{"rendered":"http:\/\/leconservatoiredujeu.fr\/?page_id=4464"},"modified":"2022-03-03T15:17:23","modified_gmt":"2022-03-03T14:17:23","slug":"days-of-wonder","status":"publish","type":"page","link":"https:\/\/leconservatoiredujeu.fr\/index.php\/days-of-wonder\/","title":{"rendered":"Days of Wonder"},"content":{"rendered":"\n<div class=\"wp-block-image is-style-default\"><figure class=\"aligncenter size-large is-resized\"><img loading=\"lazy\" decoding=\"async\" src=\"http:\/\/leconservatoiredujeu.fr\/wp-content\/uploads\/2020\/07\/1.jpeg\" alt=\"\" class=\"wp-image-9599\" width=\"302\" height=\"155\"\/><figcaption>Logo de la marque<\/figcaption><\/figure><\/div>\n\n\n\n<p class=\"has-white-color has-text-color\">Saut de page<\/p>\n\n\n\n<p><strong><span style=\"text-decoration: underline;\">Historique<\/span><\/strong> :<\/p>\n\n\n\n<p>Days of Wonder&nbsp;est un&nbsp;\u00e9diteur&nbsp;fran\u00e7ais de&nbsp;jeux de soci\u00e9t\u00e9.&nbsp; La soci\u00e9t\u00e9, fond\u00e9e en 2002 \u00e0 San Francisco (Etats-Unis) par Eric Hautemont, Pierre Gaubil, Mark Kaufmann, et Yann Corno, a d\u00e9sormais son si\u00e8ge \u00e0&nbsp;Paris. Les jeux Days of Wonder sont distribu\u00e9s dans 40 pays.<\/p>\n\n\n\n<p>Days of Wonder&nbsp;est un&nbsp;\u00e9diteur de&nbsp;jeux de soci\u00e9t\u00e9. Fond\u00e9 en 2002, Days of Wonder distribue ses jeux dans 25 pays.&nbsp;Elle est sp\u00e9cialis\u00e9e dans&nbsp;les jeux de soci\u00e9t\u00e9 de style allemand&nbsp;et s&rsquo;est diversifi\u00e9e pour inclure certains jeux en ligne.&nbsp;Days of Wonder a publi\u00e9 des jeux en anglais, fran\u00e7ais, allemand, espagnol, italien, n\u00e9erlandais, hongrois, finnois, polonais, danois, tch\u00e8que, su\u00e9dois, norv\u00e9gien, cor\u00e9en, japonais, portugais, russe et grec.&nbsp;<\/p>\n\n\n\n<p>Days of Wonder a \u00e9t\u00e9 co-fond\u00e9 par Eric Hautemont, Pierre Gaubil, Mark Kaufman et Yann Corno.&nbsp;Sous la direction de son directeur de la cr\u00e9ation, Cyrille Daujean, la soci\u00e9t\u00e9 s&rsquo;est rapidement impos\u00e9e en tant qu&rsquo;\u00e9diteur de jeux de soci\u00e9t\u00e9 avec des composants de premier ordre et des designs magnifiques.<\/p>\n\n\n\n<p>En 2004, Days of Wonder a re\u00e7u le&nbsp;Spiel des Jahres&nbsp;pour son jeu de soci\u00e9t\u00e9,&nbsp;<em>Ticket to Ride<\/em>&nbsp;, d\u2019&nbsp;Alan R. Moon&nbsp;.&nbsp;C&rsquo;\u00e9tait le plus jeune \u00e9diteur \u00e0 remporter ce prix.&nbsp;Ticket to Ride est la s\u00e9rie la plus vendue de la soci\u00e9t\u00e9 selon&nbsp;Boardgamegeek.com&nbsp;.&nbsp;<em>Shadows Over Camelot a<\/em>&nbsp;remport\u00e9 un prix sp\u00e9cial Spiel des Jahres du&nbsp;<em>meilleur jeu de fantasy<\/em> en 2006.&nbsp;En 2009, Smallworld a re\u00e7u trois prix, notamment: \u00ab\u00a0Meilleur jeu de l&rsquo;ann\u00e9e\u00a0\u00bb, \u00ab\u00a0Meilleur jeu familial\u00a0\u00bb et \u00ab\u00a0Meilleure oeuvre de jeu\u00a0\u00bb de la&nbsp;Dice Tower Gaming Awards&nbsp;.<\/p>\n\n\n\n<figure class=\"wp-block-gallery columns-2 is-cropped wp-block-gallery-1 is-layout-flex wp-block-gallery-is-layout-flex\"><ul class=\"blocks-gallery-grid\"><li class=\"blocks-gallery-item\"><figure><img loading=\"lazy\" decoding=\"async\" width=\"974\" height=\"1024\" src=\"http:\/\/leconservatoiredujeu.fr\/wp-content\/uploads\/2022\/03\/ticket-to-ride-974x1024.jpg\" alt=\"\" data-id=\"12542\" data-link=\"http:\/\/leconservatoiredujeu.fr\/index.php\/days-of-wonder\/ticket-to-ride\/\" class=\"wp-image-12542\" srcset=\"https:\/\/leconservatoiredujeu.fr\/wp-content\/uploads\/2022\/03\/ticket-to-ride-974x1024.jpg 974w, https:\/\/leconservatoiredujeu.fr\/wp-content\/uploads\/2022\/03\/ticket-to-ride-285x300.jpg 285w, https:\/\/leconservatoiredujeu.fr\/wp-content\/uploads\/2022\/03\/ticket-to-ride-768x807.jpg 768w, https:\/\/leconservatoiredujeu.fr\/wp-content\/uploads\/2022\/03\/ticket-to-ride.jpg 1427w\" sizes=\"(max-width: 974px) 100vw, 974px\" \/><figcaption class=\"blocks-gallery-item__caption\">Boite du jeu \u00ab\u00a0Ticket to Ride\u00a0\u00bb<\/figcaption><\/figure><\/li><li class=\"blocks-gallery-item\"><figure><img loading=\"lazy\" decoding=\"async\" width=\"1024\" height=\"980\" src=\"http:\/\/leconservatoiredujeu.fr\/wp-content\/uploads\/2022\/03\/smallworld-1024x980.jpeg\" alt=\"\" data-id=\"12543\" data-full-url=\"http:\/\/leconservatoiredujeu.fr\/wp-content\/uploads\/2022\/03\/smallworld.jpeg\" data-link=\"http:\/\/leconservatoiredujeu.fr\/index.php\/days-of-wonder\/smallworld\/\" class=\"wp-image-12543\" srcset=\"https:\/\/leconservatoiredujeu.fr\/wp-content\/uploads\/2022\/03\/smallworld-1024x980.jpeg 1024w, https:\/\/leconservatoiredujeu.fr\/wp-content\/uploads\/2022\/03\/smallworld-300x287.jpeg 300w, https:\/\/leconservatoiredujeu.fr\/wp-content\/uploads\/2022\/03\/smallworld-768x735.jpeg 768w, https:\/\/leconservatoiredujeu.fr\/wp-content\/uploads\/2022\/03\/smallworld-313x300.jpeg 313w, https:\/\/leconservatoiredujeu.fr\/wp-content\/uploads\/2022\/03\/smallworld.jpeg 1200w\" sizes=\"(max-width: 1024px) 100vw, 1024px\" \/><figcaption class=\"blocks-gallery-item__caption\">Mat\u00e9riel du jeu \u00ab\u00a0Smallworld\u00a0\u00bb<\/figcaption><\/figure><\/li><\/ul><\/figure>\n\n\n\n<p>En 2004, Days of Wonder a obtenu avec&nbsp;<em>Les Aventuriers du rail<\/em>&nbsp;un succ\u00e8s international et des prix aux&nbsp;\u00c9tats-Unis, en&nbsp;Europe&nbsp;et au&nbsp;Japon. En Ao\u00fbt 2014, la soci\u00e9t\u00e9 est rachet\u00e9e par l&rsquo;\u00e9diteur et distributeur fran\u00e7ais de jeux de soci\u00e9t\u00e9 Asmodee.<\/p>\n\n\n\n<p>Les jeux Days of Wonder \u00e9taient traditionnellement disponibles \u00e9galement en version num\u00e9rique sur plusieurs plateformes. \u00c0 l&rsquo;issue du rachat, Days of Wonder devient le p\u00f4le du groupe Asmod\u00e9e pour l&rsquo;adaptation des jeux des soci\u00e9t\u00e9s du groupe sur les diff\u00e9rents supports num\u00e9riques.<\/p>\n\n\n\n<div class=\"wp-block-image\"><figure class=\"aligncenter size-full is-resized\"><img loading=\"lazy\" decoding=\"async\" src=\"http:\/\/leconservatoiredujeu.fr\/wp-content\/uploads\/2022\/03\/Asmodee-Logo.jpg\" alt=\"\" class=\"wp-image-12544\" width=\"478\" height=\"342\"\/><figcaption>Logo d&rsquo;AsmOdee<\/figcaption><\/figure><\/div>\n\n\n\n<p>Les Aventuriers du Rail&nbsp;est un&nbsp;jeu de soci\u00e9t\u00e9&nbsp;cr\u00e9\u00e9 par&nbsp;Alan R. Moon. Il a \u00e9t\u00e9 publi\u00e9 par&nbsp;Days of Wonder en 2004.<br>Entre septembre 2009 et juin 2010, pour f\u00eater le cinqui\u00e8me anniversaire du jeu, l&rsquo;\u00e9diteur a organis\u00e9 le premier championnat du monde de la s\u00e9rie de jeux Les Aventuriers du rail. Ce championnat a r\u00e9uni huit champions nationaux d&rsquo;Am\u00e9rique du nord (Canada et \u00c9tats-Unis), du Benelux, d&rsquo;Allemagne, de Pologne, d&rsquo;Espagne, du Royaume-Uni et de France.<\/p>\n\n\n\n<p>Le principe consiste \u00e0 prendre possession des lignes de chemins de fer entre des villes d&rsquo;un\u00a0continent,\u00a0sous-continent\u00a0ou\u00a0pays, avec des wagons.<\/p>\n\n\n\n<figure class=\"wp-block-image size-full\"><img loading=\"lazy\" decoding=\"async\" width=\"924\" height=\"616\" src=\"http:\/\/leconservatoiredujeu.fr\/wp-content\/uploads\/2022\/03\/aventururiers.jpeg\" alt=\"\" class=\"wp-image-12545\" srcset=\"https:\/\/leconservatoiredujeu.fr\/wp-content\/uploads\/2022\/03\/aventururiers.jpeg 924w, https:\/\/leconservatoiredujeu.fr\/wp-content\/uploads\/2022\/03\/aventururiers-300x200.jpeg 300w, https:\/\/leconservatoiredujeu.fr\/wp-content\/uploads\/2022\/03\/aventururiers-768x512.jpeg 768w, https:\/\/leconservatoiredujeu.fr\/wp-content\/uploads\/2022\/03\/aventururiers-450x300.jpeg 450w\" sizes=\"(max-width: 924px) 100vw, 924px\" \/><figcaption>Contenu du jeu \u00ab\u00a0Les Aventuriers du Rail\u00a0\u00bb<\/figcaption><\/figure>\n\n\n\n<p><\/p>\n\n\n\n<p>Small World\u00a0est un\u00a0jeu de soci\u00e9t\u00e9\u00a0cr\u00e9\u00e9 par\u00a0Philippe Keyaerts\u00a0en 2009 et \u00e9dit\u00e9 par\u00a0Days of Wonder.          <\/p>\n\n\n\n<p>Ce\u00a0jeu de strat\u00e9gie propose de prendre en main l&rsquo;\u00e9volution et l&rsquo;expansion de Peuples fantastiques (g\u00e9ants, nains, elfes, trolls, etc). Ceux-ci ont chacun leur particularit\u00e9, et sont de plus associ\u00e9s \u00e0 un Pouvoir sp\u00e9cial (marchands, volants, des collines, etc) qui leur conf\u00e8re une comp\u00e9tence suppl\u00e9mentaire (par exemple\u00a0: gagner des points de victoires suppl\u00e9mentaires sous certaines conditions). Au cours du jeu, \u00e0 la suite de nombreuses conqu\u00eates ou de conflits importants, un peuple a tendance \u00e0 s&rsquo;affaiblir, et le joueur qui le contr\u00f4le peut alors d\u00e9cider de le faire passer en d\u00e9clin, et de choisir une nouvelle civilisation \u00e0 faire \u00e9voluer.<\/p>\n\n\n\n<div class=\"wp-block-image\"><figure class=\"aligncenter size-large\"><img loading=\"lazy\" decoding=\"async\" width=\"1024\" height=\"980\" src=\"http:\/\/leconservatoiredujeu.fr\/wp-content\/uploads\/2022\/03\/smallworld-1-1024x980.jpeg\" alt=\"\" class=\"wp-image-12546\" srcset=\"https:\/\/leconservatoiredujeu.fr\/wp-content\/uploads\/2022\/03\/smallworld-1-1024x980.jpeg 1024w, https:\/\/leconservatoiredujeu.fr\/wp-content\/uploads\/2022\/03\/smallworld-1-300x287.jpeg 300w, https:\/\/leconservatoiredujeu.fr\/wp-content\/uploads\/2022\/03\/smallworld-1-768x735.jpeg 768w, https:\/\/leconservatoiredujeu.fr\/wp-content\/uploads\/2022\/03\/smallworld-1-313x300.jpeg 313w, https:\/\/leconservatoiredujeu.fr\/wp-content\/uploads\/2022\/03\/smallworld-1.jpeg 1200w\" sizes=\"(max-width: 1024px) 100vw, 1024px\" \/><figcaption>Mat\u00e9riel du jeu \u00ab\u00a0Smallworld\u00a0\u00bb<\/figcaption><\/figure><\/div>\n\n\n\n<p>M\u00e9moire 44\u00a0est un\u00a0jeu de soci\u00e9t\u00e9\u00a0cr\u00e9\u00e9 par\u00a0Richard Borg\u00a0en 2004 et \u00e9dit\u00e9 par\u00a0Days of Wonder. Il fut d\u00e9velopp\u00e9 sous le haut patronage de la Mission du\u00a060<sup>e<\/sup>\u00a0Anniversaire des D\u00e9barquements et de la Lib\u00e9ration de la France dans le but de transmettre le souvenir des \u00e9v\u00e9nements marquants de la\u00a0Seconde Guerre mondiale que sont les d\u00e9barquements de 1944\u00a0et la\u00a0Lib\u00e9ration de la France\u00a0en cr\u00e9ant un produit \u00e0 la fois ludique et p\u00e9dagogique. Gr\u00e2ce \u00e0 des sc\u00e9narios d\u00e9taill\u00e9s et \u00e0 un syst\u00e8me de jeu \u00e0 la fois simple et r\u00e9aliste, les joueurs peuvent reproduire les batailles d\u00e9cisives de la guerre.<\/p>\n\n\n\n<div class=\"wp-block-image\"><figure class=\"aligncenter size-full\"><img loading=\"lazy\" decoding=\"async\" width=\"522\" height=\"550\" src=\"http:\/\/leconservatoiredujeu.fr\/wp-content\/uploads\/2022\/03\/memoire-44-p-image-64216-grande.jpg\" alt=\"\" class=\"wp-image-12547\" srcset=\"https:\/\/leconservatoiredujeu.fr\/wp-content\/uploads\/2022\/03\/memoire-44-p-image-64216-grande.jpg 522w, https:\/\/leconservatoiredujeu.fr\/wp-content\/uploads\/2022\/03\/memoire-44-p-image-64216-grande-285x300.jpg 285w\" sizes=\"(max-width: 522px) 100vw, 522px\" \/><figcaption>Boite du jeu \u00ab\u00a0M\u00e9moire 44\u00a0\u00bb<\/figcaption><\/figure><\/div>\n\n\n\n<p class=\"has-white-color has-text-color\">Saut de page<\/p>\n\n\n\n<p class=\"has-white-color has-text-color\">Saut de ligne<\/p>\n\n\n\n<p><span class=\"has-inline-color has-white-color\">Saut de ligne<\/span><\/p>\n\n\n\n<p><strong><span style=\"text-decoration: underline;\">Liens<\/span><\/strong> <strong>:<\/strong><\/p>\n\n\n\n<p>Site de\u00a0<a href=\"https:\/\/www.daysofwonder.com\/fr\/\">Days of Wonder<\/a><\/p>\n\n\n\n<p><strong><span style=\"text-decoration: underline;\">Source<\/span> :<\/strong> Wikip\u00e9dia<\/p>\n\n\n\n<p><strong><span style=\"text-decoration: underline;\">Cr\u00e9dit<\/span> :<\/strong> Espritdujeu.com<\/p>\n\n\n\n<p class=\"has-text-align-right\">M.a.J &#8211; F\u00e9vrier 2022<\/p>\n","protected":false},"excerpt":{"rendered":"<p>Saut de page Historique : Days of Wonder&nbsp;est un&nbsp;\u00e9diteur&nbsp;fran\u00e7ais de&nbsp;jeux de soci\u00e9t\u00e9.&nbsp; La soci\u00e9t\u00e9, fond\u00e9e en 2002 \u00e0 San Francisco (Etats-Unis) par Eric Hautemont, Pierre Gaubil, Mark Kaufmann, et Yann Corno, a d\u00e9sormais son si\u00e8ge \u00e0&nbsp;Paris. Les jeux Days of &hellip; <a href=\"https:\/\/leconservatoiredujeu.fr\/index.php\/days-of-wonder\/\">Continuer la lecture <span class=\"meta-nav\">&rarr;<\/span><\/a><\/p>\n","protected":false},"author":1,"featured_media":9599,"parent":0,"menu_order":0,"comment_status":"closed","ping_status":"closed","template":"","meta":{"footnotes":""},"_links":{"self":[{"href":"https:\/\/leconservatoiredujeu.fr\/index.php\/wp-json\/wp\/v2\/pages\/4464"}],"collection":[{"href":"https:\/\/leconservatoiredujeu.fr\/index.php\/wp-json\/wp\/v2\/pages"}],"about":[{"href":"https:\/\/leconservatoiredujeu.fr\/index.php\/wp-json\/wp\/v2\/types\/page"}],"author":[{"embeddable":true,"href":"https:\/\/leconservatoiredujeu.fr\/index.php\/wp-json\/wp\/v2\/users\/1"}],"replies":[{"embeddable":true,"href":"https:\/\/leconservatoiredujeu.fr\/index.php\/wp-json\/wp\/v2\/comments?post=4464"}],"version-history":[{"count":6,"href":"https:\/\/leconservatoiredujeu.fr\/index.php\/wp-json\/wp\/v2\/pages\/4464\/revisions"}],"predecessor-version":[{"id":12548,"href":"https:\/\/leconservatoiredujeu.fr\/index.php\/wp-json\/wp\/v2\/pages\/4464\/revisions\/12548"}],"wp:featuredmedia":[{"embeddable":true,"href":"https:\/\/leconservatoiredujeu.fr\/index.php\/wp-json\/wp\/v2\/media\/9599"}],"wp:attachment":[{"href":"https:\/\/leconservatoiredujeu.fr\/index.php\/wp-json\/wp\/v2\/media?parent=4464"}],"curies":[{"name":"wp","href":"https:\/\/api.w.org\/{rel}","templated":true}]}}