{"id":3874,"date":"2019-06-19T10:08:56","date_gmt":"2019-06-19T08:08:56","guid":{"rendered":"http:\/\/leconservatoiredujeu.fr\/?page_id=3874"},"modified":"2022-04-28T16:30:46","modified_gmt":"2022-04-28T14:30:46","slug":"jumbo","status":"publish","type":"page","link":"https:\/\/leconservatoiredujeu.fr\/index.php\/jumbo\/","title":{"rendered":"Jumbo"},"content":{"rendered":"\n<figure class=\"wp-block-image\"><img decoding=\"async\" src=\"http:\/\/leconservatoiredujeu.fr\/wp-content\/uploads\/2019\/06\/official-jumbo-games-logo-300x300.gif\" alt=\"\" class=\"wp-image-3875\"\/><\/figure>\n\n\n\n<div class=\"wp-block-image\"><figure class=\"aligncenter\"><img loading=\"lazy\" decoding=\"async\" width=\"300\" height=\"300\" src=\"http:\/\/leconservatoiredujeu.fr\/wp-content\/uploads\/2019\/06\/logo_jumbo300.gif\" alt=\"\" class=\"wp-image-3877\"\/><\/figure><\/div>\n\n\n\n<p><span style=\"text-decoration: underline;\"><strong>Historique<\/strong><\/span><strong> :<\/strong><\/p>\n\n\n\n<p>Le groupe Royal Jumbo d\u00e9veloppe, fabrique et vend des jeux, des puzzles et des jouets.&nbsp;Elle distribue \u00e9galement plusieurs lignes pour d\u2019autres soci\u00e9t\u00e9s sur ses march\u00e9s nationaux.<\/p>\n\n\n\n<p>Engelbert Haussmann, un repr\u00e9sentant des ventes allemand, fonda en 1853 \u00e0 Amsterdam, une boutique \u00abAgence et Commission \u00e0 Kramerijen\u00bb.&nbsp;Cette affaire \u00e9tait le pr\u00e9curseur des \u00e9diteurs et fabricants de jeux actuels Hausemann &amp; H\u00f6tte.&nbsp;Les affaires ont prosp\u00e9r\u00e9.<\/p>\n\n\n\n<p>En 1860, Wilhelm H\u00f6tte (1843), fils de la soeur d&rsquo;Engelbert Hausemann, entra dans les rangs comme employ\u00e9.&nbsp;En 1873, il fonda sa propre entreprise.&nbsp;Le 27 d\u00e9cembre 1882, Hausemann &amp; H\u00f6tte d\u00e9cida de travailler ensemble sous le nom de soci\u00e9t\u00e9 Hausemann &amp; H\u00f6tte.&nbsp;Cette collaboration a dur\u00e9 cinq ans, Engelbert Hausemann s&rsquo;est retir\u00e9 le 31 d\u00e9cembre 1887, alors qu&rsquo;il \u00e9tait \u00e2g\u00e9.&nbsp;La soci\u00e9t\u00e9 a \u00e9t\u00e9 dissoute et il a \u00e9t\u00e9 convenu que Wilhelm H\u00f6tte poursuivrait ses activit\u00e9s sous le nom actuel de la soci\u00e9t\u00e9.<\/p>\n\n\n\n<p>Le premier jouet que la marque Jumbo a commenc\u00e9 \u00e0 vendre \u00e9tait un jouet en bois import\u00e9 d\u2019Allemagne au d\u00e9but des ann\u00e9es 1930.&nbsp;Le jouet a annonc\u00e9 une nouvelle \u00e8re. Le vieux&nbsp;grossiste&nbsp;\u00e9tait incapable de faire face au flot d&rsquo;articles tr\u00e8s bon march\u00e9 qui&nbsp;inondaient l&rsquo;Europe du Japon&nbsp;apr\u00e8s les&nbsp;ann\u00e9es de crise.&nbsp;Le parcours a \u00e9t\u00e9 adapt\u00e9 aux jouets et aux jeux.&nbsp;Entre-temps, on s&rsquo;est rendu compte que les enfants apprenaient en jouant et que les jouets contribuaient \u00e0 l&rsquo;\u00e9ducation et au d\u00e9veloppement.&nbsp;La demande de jouets de qualit\u00e9 et responsables a augment\u00e9.&nbsp;En plus des jouets en bois Jumbo, la collection contenait des poup\u00e9es de toutes formes et tailles imaginables, mais aussi des trains de&nbsp;Hornby&nbsp;et&nbsp;Dinky Toys.<\/p>\n\n\n\n<p>Historiquement, le jeu a \u00e9t\u00e9 cr\u00e9\u00e9 aux&nbsp;Pays-Bas&nbsp;par&nbsp;<i>Jacques Johan Mogendorff<\/i>&nbsp;apr\u00e8s la&nbsp;Seconde Guerre mondiale. La premi\u00e8re \u00e9dition date de&nbsp;1947.&nbsp;Le jeu est tr\u00e8s fortement inspir\u00e9 du jeu de&nbsp;L&rsquo;Attaque&nbsp;invent\u00e9 par&nbsp;Hermance Edan&nbsp;en&nbsp;1909.<\/p>\n\n\n\n<p>Stratego&nbsp;est un&nbsp;jeu de soci\u00e9t\u00e9&nbsp;de strat\u00e9gie et de&nbsp;bluff, cr\u00e9\u00e9 en 1947.<\/p>\n\n\n\n<p>Originellement, les pi\u00e8ces \u00e9taient en bois peint mais elles sont d\u00e9sormais remplac\u00e9es par du plastique. Une des raisons du changement \u00e9tait que les pi\u00e8ces en bois avaient plus tendance \u00e0 tomber que les pi\u00e8ces en plastique sp\u00e9cialement \u00e9tudi\u00e9es pour leur stabilit\u00e9.<\/p>\n\n\n\n<div class=\"wp-block-image\"><figure class=\"aligncenter\"><img loading=\"lazy\" decoding=\"async\" width=\"300\" height=\"173\" src=\"http:\/\/leconservatoiredujeu.fr\/wp-content\/uploads\/2019\/06\/8f7b2929a363534bee822eca8ab33ccb-300x173.jpg\" alt=\"\" class=\"wp-image-3887\" srcset=\"https:\/\/leconservatoiredujeu.fr\/wp-content\/uploads\/2019\/06\/8f7b2929a363534bee822eca8ab33ccb-300x173.jpg 300w, https:\/\/leconservatoiredujeu.fr\/wp-content\/uploads\/2019\/06\/8f7b2929a363534bee822eca8ab33ccb-500x288.jpg 500w, https:\/\/leconservatoiredujeu.fr\/wp-content\/uploads\/2019\/06\/8f7b2929a363534bee822eca8ab33ccb.jpg 625w\" sizes=\"(max-width: 300px) 100vw, 300px\" \/><\/figure><\/div>\n\n\n\n<p>Le&nbsp;<i><span class=\"lang-en\" lang=\"en\">Rubik\u2019s Cube<\/span><\/i>&nbsp;(ou&nbsp;Cube de Rubik) est un&nbsp;casse-t\u00eate&nbsp;invent\u00e9 par&nbsp;Ern\u0151 Rubik&nbsp;en&nbsp;1974, et qui s\u2019est rapidement r\u00e9pandu sur toute la plan\u00e8te au cours des&nbsp;ann\u00e9es 1980.<\/p>\n\n\n\n<p>Il s&rsquo;agit d&rsquo;un casse-t\u00eate g\u00e9om\u00e9trique \u00e0 trois dimensions compos\u00e9 ext\u00e9rieurement de 26 \u00e9l\u00e9ments qui, \u00e0 premi\u00e8re vue, semblent \u00eatre des cubes pouvant se d\u00e9placer sur toutes les faces et paraissant libres de toute attache sans tomber pour autant. Un syst\u00e8me d\u2019axes, dont le m\u00e9canisme a \u00e9t\u00e9 brevet\u00e9 par son auteur, Ern\u0151 Rubik, se cache au centre du cube.<\/p>\n\n\n\n<div class=\"wp-block-image\"><figure class=\"aligncenter\"><img loading=\"lazy\" decoding=\"async\" width=\"300\" height=\"290\" src=\"http:\/\/leconservatoiredujeu.fr\/wp-content\/uploads\/2019\/06\/71vkwCLsEL._SX679_-300x290.jpg\" alt=\"\" class=\"wp-image-3883\" srcset=\"https:\/\/leconservatoiredujeu.fr\/wp-content\/uploads\/2019\/06\/71vkwCLsEL._SX679_-300x290.jpg 300w, https:\/\/leconservatoiredujeu.fr\/wp-content\/uploads\/2019\/06\/71vkwCLsEL._SX679_-310x300.jpg 310w, https:\/\/leconservatoiredujeu.fr\/wp-content\/uploads\/2019\/06\/71vkwCLsEL._SX679_.jpg 679w\" sizes=\"(max-width: 300px) 100vw, 300px\" \/><\/figure><\/div>\n\n\n\n<p><span style=\"text-decoration: underline;\"><strong>Logo de 1947 &#8211; 1948<\/strong><\/span><\/p>\n\n\n\n<div class=\"wp-block-image\"><figure class=\"aligncenter\"><img loading=\"lazy\" decoding=\"async\" width=\"277\" height=\"209\" src=\"http:\/\/leconservatoiredujeu.fr\/wp-content\/uploads\/2019\/06\/Hausemann-1947-Katalog2.jpg\" alt=\"\" class=\"wp-image-3878\"\/><\/figure><\/div>\n\n\n\n<p><span style=\"text-decoration: underline;\"><strong>Liens<\/strong><\/span><strong> :<\/strong><\/p>\n\n\n\n<p>Site de <a href=\"https:\/\/www.jumbo.eu\/fr-be\/\">Jumbo<\/a><\/p>\n\n\n\n<p class=\"has-text-align-right\">Le Conservatoire du Jeu &#8211; Avril 2022<\/p>\n","protected":false},"excerpt":{"rendered":"<p>Historique : Le groupe Royal Jumbo d\u00e9veloppe, fabrique et vend des jeux, des puzzles et des jouets.&nbsp;Elle distribue \u00e9galement plusieurs lignes pour d\u2019autres soci\u00e9t\u00e9s sur ses march\u00e9s nationaux. Engelbert Haussmann, un repr\u00e9sentant des ventes allemand, fonda en 1853 \u00e0 Amsterdam, &hellip; <a href=\"https:\/\/leconservatoiredujeu.fr\/index.php\/jumbo\/\">Continuer la lecture <span class=\"meta-nav\">&rarr;<\/span><\/a><\/p>\n","protected":false},"author":1,"featured_media":0,"parent":0,"menu_order":0,"comment_status":"closed","ping_status":"closed","template":"","meta":{"footnotes":""},"_links":{"self":[{"href":"https:\/\/leconservatoiredujeu.fr\/index.php\/wp-json\/wp\/v2\/pages\/3874"}],"collection":[{"href":"https:\/\/leconservatoiredujeu.fr\/index.php\/wp-json\/wp\/v2\/pages"}],"about":[{"href":"https:\/\/leconservatoiredujeu.fr\/index.php\/wp-json\/wp\/v2\/types\/page"}],"author":[{"embeddable":true,"href":"https:\/\/leconservatoiredujeu.fr\/index.php\/wp-json\/wp\/v2\/users\/1"}],"replies":[{"embeddable":true,"href":"https:\/\/leconservatoiredujeu.fr\/index.php\/wp-json\/wp\/v2\/comments?post=3874"}],"version-history":[{"count":9,"href":"https:\/\/leconservatoiredujeu.fr\/index.php\/wp-json\/wp\/v2\/pages\/3874\/revisions"}],"predecessor-version":[{"id":12956,"href":"https:\/\/leconservatoiredujeu.fr\/index.php\/wp-json\/wp\/v2\/pages\/3874\/revisions\/12956"}],"wp:attachment":[{"href":"https:\/\/leconservatoiredujeu.fr\/index.php\/wp-json\/wp\/v2\/media?parent=3874"}],"curies":[{"name":"wp","href":"https:\/\/api.w.org\/{rel}","templated":true}]}}