{"id":13162,"date":"2022-05-12T18:11:40","date_gmt":"2022-05-12T16:11:40","guid":{"rendered":"http:\/\/leconservatoiredujeu.fr\/?page_id=13162"},"modified":"2022-05-12T18:11:40","modified_gmt":"2022-05-12T16:11:40","slug":"flechettes-danoise","status":"publish","type":"page","link":"https:\/\/leconservatoiredujeu.fr\/index.php\/flechettes-danoise\/","title":{"rendered":"Fl\u00e9chettes Danoise"},"content":{"rendered":"\n<div class=\"wp-block-image\"><figure class=\"aligncenter size-full is-resized\"><img loading=\"lazy\" decoding=\"async\" src=\"http:\/\/leconservatoiredujeu.fr\/wp-content\/uploads\/2022\/05\/flechettes-danoise-1.jpg\" alt=\"\" class=\"wp-image-13163\" width=\"309\" height=\"315\"\/><\/figure><\/div>\n\n\n\n<p><strong><u>Historique<\/u>&nbsp;:<\/strong><\/p>\n\n\n\n<p>L\u2019origine des fl\u00e9chettes Danoises n\u2019est pas tr\u00e8s bien connue. Le jeu serai aussi appel\u00e9 selon certaines r\u00e9gions \u00ab&nbsp; Fl\u00e9chettes de Pelouse&nbsp;\u00bb.<\/p>\n\n\n\n<p><strong><u>Mat\u00e9riel de jeu<\/u>&nbsp;:<\/strong><\/p>\n\n\n\n<p>6 fl\u00e9chettes golf, longueur 40 cm<\/p>\n\n\n\n<p>3 cordes,<\/p>\n\n\n\n<p>9 piquets,<\/p>\n\n\n\n<p>1 sac de rangement<\/p>\n\n\n\n<p><strong><u>R\u00e8gles du jeu<\/u>&nbsp;:<\/strong><\/p>\n\n\n\n<p>Placez les deux triangles l&rsquo;un dans l&rsquo;autre pour former la zone de d\u00e9limitation des points. Il y aura 3 zones de 5, 3 et 1 point (voir photo). Placez-vous \u00e0 10 m\u00e8tres, et placez la zone de lancement \u00e0 l&rsquo;aide de la cordelette jaune. Le but est d&rsquo;envoyer ses fl\u00e9chettes g\u00e9antes vers les meilleures zones de points. L&rsquo;\u00e9quipe ou le joueur marquant le plus de points remporte la partie. Le jeu peut \u00e9galement se jouer en plusieurs manches.<\/p>\n\n\n\n<p>Ce jeu de fl\u00e9chette pour jardin est facilement mis en place est enfants comme adultes se pr\u00eatent facilement au jeu. Pratique, lorsque celui-ci est rang\u00e9 il prend peu de place.<\/p>\n\n\n\n<figure class=\"wp-block-gallery columns-3 is-cropped wp-block-gallery-1 is-layout-flex wp-block-gallery-is-layout-flex\"><ul class=\"blocks-gallery-grid\"><li class=\"blocks-gallery-item\"><figure><img loading=\"lazy\" decoding=\"async\" width=\"527\" height=\"527\" src=\"http:\/\/leconservatoiredujeu.fr\/wp-content\/uploads\/2022\/05\/flechettes-danoise-1-1.jpg\" alt=\"\" data-id=\"13164\" data-link=\"http:\/\/leconservatoiredujeu.fr\/?attachment_id=13164\" class=\"wp-image-13164\" srcset=\"https:\/\/leconservatoiredujeu.fr\/wp-content\/uploads\/2022\/05\/flechettes-danoise-1-1.jpg 527w, https:\/\/leconservatoiredujeu.fr\/wp-content\/uploads\/2022\/05\/flechettes-danoise-1-1-300x300.jpg 300w, https:\/\/leconservatoiredujeu.fr\/wp-content\/uploads\/2022\/05\/flechettes-danoise-1-1-150x150.jpg 150w\" sizes=\"(max-width: 527px) 100vw, 527px\" \/><\/figure><\/li><li class=\"blocks-gallery-item\"><figure><img loading=\"lazy\" decoding=\"async\" width=\"527\" height=\"527\" src=\"http:\/\/leconservatoiredujeu.fr\/wp-content\/uploads\/2022\/05\/flechettes-danoise-2.jpg\" alt=\"\" data-id=\"13165\" data-link=\"http:\/\/leconservatoiredujeu.fr\/?attachment_id=13165\" class=\"wp-image-13165\" srcset=\"https:\/\/leconservatoiredujeu.fr\/wp-content\/uploads\/2022\/05\/flechettes-danoise-2.jpg 527w, https:\/\/leconservatoiredujeu.fr\/wp-content\/uploads\/2022\/05\/flechettes-danoise-2-300x300.jpg 300w, https:\/\/leconservatoiredujeu.fr\/wp-content\/uploads\/2022\/05\/flechettes-danoise-2-150x150.jpg 150w\" sizes=\"(max-width: 527px) 100vw, 527px\" \/><\/figure><\/li><li class=\"blocks-gallery-item\"><figure><img loading=\"lazy\" decoding=\"async\" width=\"527\" height=\"527\" src=\"http:\/\/leconservatoiredujeu.fr\/wp-content\/uploads\/2022\/05\/flechettes-danoise-3.jpg\" alt=\"\" data-id=\"13166\" data-full-url=\"http:\/\/leconservatoiredujeu.fr\/wp-content\/uploads\/2022\/05\/flechettes-danoise-3.jpg\" data-link=\"http:\/\/leconservatoiredujeu.fr\/?attachment_id=13166\" class=\"wp-image-13166\" srcset=\"https:\/\/leconservatoiredujeu.fr\/wp-content\/uploads\/2022\/05\/flechettes-danoise-3.jpg 527w, https:\/\/leconservatoiredujeu.fr\/wp-content\/uploads\/2022\/05\/flechettes-danoise-3-300x300.jpg 300w, https:\/\/leconservatoiredujeu.fr\/wp-content\/uploads\/2022\/05\/flechettes-danoise-3-150x150.jpg 150w\" sizes=\"(max-width: 527px) 100vw, 527px\" \/><\/figure><\/li><\/ul><\/figure>\n\n\n\n<p><strong><span style=\"text-decoration: underline;\">Source <\/span>:<\/strong> Wikip\u00e9dia <\/p>\n\n\n\n<p class=\"has-text-align-right\">Le Conservatoire du Jeu &#8211; Mai 2022<\/p>\n","protected":false},"excerpt":{"rendered":"<p>Historique&nbsp;: L\u2019origine des fl\u00e9chettes Danoises n\u2019est pas tr\u00e8s bien connue. Le jeu serai aussi appel\u00e9 selon certaines r\u00e9gions \u00ab&nbsp; Fl\u00e9chettes de Pelouse&nbsp;\u00bb. Mat\u00e9riel de jeu&nbsp;: 6 fl\u00e9chettes golf, longueur 40 cm 3 cordes, 9 piquets, 1 sac de rangement R\u00e8gles &hellip; <a href=\"https:\/\/leconservatoiredujeu.fr\/index.php\/flechettes-danoise\/\">Continuer la lecture <span class=\"meta-nav\">&rarr;<\/span><\/a><\/p>\n","protected":false},"author":3,"featured_media":0,"parent":0,"menu_order":0,"comment_status":"closed","ping_status":"closed","template":"","meta":{"footnotes":""},"_links":{"self":[{"href":"https:\/\/leconservatoiredujeu.fr\/index.php\/wp-json\/wp\/v2\/pages\/13162"}],"collection":[{"href":"https:\/\/leconservatoiredujeu.fr\/index.php\/wp-json\/wp\/v2\/pages"}],"about":[{"href":"https:\/\/leconservatoiredujeu.fr\/index.php\/wp-json\/wp\/v2\/types\/page"}],"author":[{"embeddable":true,"href":"https:\/\/leconservatoiredujeu.fr\/index.php\/wp-json\/wp\/v2\/users\/3"}],"replies":[{"embeddable":true,"href":"https:\/\/leconservatoiredujeu.fr\/index.php\/wp-json\/wp\/v2\/comments?post=13162"}],"version-history":[{"count":1,"href":"https:\/\/leconservatoiredujeu.fr\/index.php\/wp-json\/wp\/v2\/pages\/13162\/revisions"}],"predecessor-version":[{"id":13167,"href":"https:\/\/leconservatoiredujeu.fr\/index.php\/wp-json\/wp\/v2\/pages\/13162\/revisions\/13167"}],"wp:attachment":[{"href":"https:\/\/leconservatoiredujeu.fr\/index.php\/wp-json\/wp\/v2\/media?parent=13162"}],"curies":[{"name":"wp","href":"https:\/\/api.w.org\/{rel}","templated":true}]}}