{"id":13008,"date":"2022-05-02T15:18:03","date_gmt":"2022-05-02T13:18:03","guid":{"rendered":"http:\/\/leconservatoiredujeu.fr\/?page_id=13008"},"modified":"2022-05-02T15:18:03","modified_gmt":"2022-05-02T13:18:03","slug":"jeu-de-loie","status":"publish","type":"page","link":"https:\/\/leconservatoiredujeu.fr\/index.php\/jeu-de-loie\/","title":{"rendered":"Jeu de l&rsquo;Oie"},"content":{"rendered":"\n<div class=\"wp-block-image\"><figure class=\"aligncenter size-full is-resized\"><img loading=\"lazy\" decoding=\"async\" src=\"http:\/\/leconservatoiredujeu.fr\/wp-content\/uploads\/2022\/05\/regle-jeu-oie-1.jpg\" alt=\"\" class=\"wp-image-13009\" width=\"353\" height=\"357\"\/><\/figure><\/div>\n\n\n\n<p><strong><u>Historique<\/u>&nbsp;:<\/strong><\/p>\n\n\n\n<p>L&rsquo;une des plus anciennes mentions du jeu de l&rsquo;oie date de 1617 et provient de l&rsquo;ouvrage de Pietro Carrera consacr\u00e9 aux \u00e9checs o\u00f9 l&rsquo;auteur affirme que ce jeu fut invent\u00e9 \u00e0 Florence une g\u00e9n\u00e9ration auparavant, et que Fran\u00e7ois Ier de M\u00e9dicis en aurait envoy\u00e9 un exemplaire \u00e0 Philippe II d&rsquo;Espagne. Invent\u00e9 donc probablement \u00e0 la fin du XVIe si\u00e8cle, ce jeu semble conna\u00eetre un succ\u00e8s rapide \u00e0 travers toute l&rsquo;Europe : il est d\u00e9pos\u00e9 au Registre des Libraires de Londres en 1597, imprim\u00e9 en France vers 1600 et mentionn\u00e9 en 1614 dans le Saint-Empire. Certains auteurs, attribuent son succ\u00e8s au caract\u00e8re \u00e9sot\u00e9rique du parcours qu&rsquo;il engendre.<\/p>\n\n\n\n<p>Plateau de jeu de l&rsquo;oie de la fin du XVIIIe si\u00e8cle sous-titr\u00e9 \u00ab sur le plan du jeu d&rsquo;oye renouvel\u00e9 des Grecs<\/p>\n\n\n\n<p>Le titre original du jeu fran\u00e7ais est \u00ab Le jeu de l&rsquo;oye, renouvel\u00e9 des Grecs \u00bb bien qu&rsquo;il soit certain que ce jeu leur ait \u00e9t\u00e9 inconnu, cette r\u00e9f\u00e9rence aux Grecs marquant, selon Claude Aveline, \u00ab le go\u00fbt de l&rsquo;\u00e9poque pour l&rsquo;hell\u00e9nisme et une astuce des marchands pour donner un air ancien \u00e0 un jeu nouveau.<\/p>\n\n\n\n<p>Sur le plan symbolique, l&rsquo;oie renvoie \u00e0 un animal qui annonce le danger. Le jeu de l&rsquo;oie permettrait ainsi de mieux comprendre le monde. Son trac\u00e9 en forme de spirale rappelle le labyrinthe \u00e0 parcourir pour arriver \u00e0 cette connaissance. Pont, puits, prison, mort sont autant de figures du parcours qui font r\u00e9f\u00e9rence \u00e0 la mythologie.<\/p>\n\n\n\n<p>Le trac\u00e9 du jeu, imprim\u00e9 sur une feuille de papier ou de carton, a donn\u00e9 lieu \u00e0 de multiples variantes qui en font un des arch\u00e9types de l&rsquo;imagerie populaire de plusieurs pays. (Mais il est tr\u00e8s peu connu en Grande-Bretagne et ignor\u00e9 aux \u00c9tats-Unis et en Asie.) Il est parfois confondu avec un genre graphique et litt\u00e9raire tr\u00e8s r\u00e9pandu en Catalogne, l&rsquo;auca (\u00ab oie \u00bb), feuille imprim\u00e9e avec une succession d&rsquo;images accompagn\u00e9es de textes rim\u00e9s, qui est au d\u00e9but (XVIIe si\u00e8cle) une loterie et n&rsquo;a rien \u00e0 voir avec le jeu de l&rsquo;oie.<\/p>\n\n\n\n<p>Au XVIIIe si\u00e8cle le parc de certains ch\u00e2teaux fran\u00e7ais d&rsquo;agr\u00e9ment contenaient un jeu de l&rsquo;oie g\u00e9ant o\u00f9 les \u00ab\u00a0oies\u00a0\u00bb \u00e9taient figur\u00e9es par des valets tandis que les invit\u00e9s maniaient un d\u00e9 fait en bois creux. On peut voir de tels jeux dans les parcs de Chamarande et de Chantilly. Il y en avait un \u00e0 Choisy le Roi.<\/p>\n\n\n\n<p>Les collectionneurs de jeux de l&rsquo;oie sont appel\u00e9s ocaludophiles.<\/p>\n\n\n\n<div class=\"wp-block-image\"><figure class=\"aligncenter size-full is-resized\"><img loading=\"lazy\" decoding=\"async\" src=\"http:\/\/leconservatoiredujeu.fr\/wp-content\/uploads\/2022\/05\/ancien-jeu-de-loie.jpg\" alt=\"\" class=\"wp-image-13010\" width=\"393\" height=\"302\" srcset=\"https:\/\/leconservatoiredujeu.fr\/wp-content\/uploads\/2022\/05\/ancien-jeu-de-loie.jpg 330w, https:\/\/leconservatoiredujeu.fr\/wp-content\/uploads\/2022\/05\/ancien-jeu-de-loie-300x232.jpg 300w\" sizes=\"(max-width: 393px) 100vw, 393px\" \/><figcaption> Jeu de l\u2019Oie du XVIIIe si\u00e8cle <\/figcaption><\/figure><\/div>\n\n\n\n<p><strong><u>R\u00e8gles de jeu<\/u>&nbsp;:<\/strong><\/p>\n\n\n\n<p>Chaque joueur joue chacun son tour en lan\u00e7ant les 2 d\u00e9s. Suivant le nombre ou chiffre obtenue, le joueur avance son pion case par case.<\/p>\n\n\n\n<p>Il existe des r\u00e8gles du jeu de l\u2019Oie \u00e0 respecter selon le nombre que l\u2019on fait ou de la case sur laquelle on tombe. Voyons plus en d\u00e9tails ces r\u00e8gles :<\/p>\n\n\n\n<p>Au commencement de la partie, si l\u2019un des joueurs fait 9 par 6 et 3, il doit avancer son pion imm\u00e9diatement au nombre 26. S\u2019il fait 9 par 4 et 5, il ira au nombre 53.<\/p>\n\n\n\n<p>Si lors de la partie, le joueur tombe sur une oie, il avance de nouveau du nombre de points r\u00e9alis\u00e9s.<\/p>\n\n\n\n<p>Si un joueur fait 6, il doit se rendre sur la case 12.<\/p>\n\n\n\n<p>Le joueur qui tombe sur la case 19 correspondant \u00e0 un h\u00f4tel devra passer son tour durant 2 tours.<\/p>\n\n\n\n<p>Le joueur qui tombe sur la case 31 correspondant au puits attendra qu\u2019un autre joueur arrive au m\u00eame num\u00e9ro et prendra sa place.<\/p>\n\n\n\n<p>Celui qui tombe sur la case 42 correspondant au labyrinthe retournera obligatoirement \u00e0 la case 30.<\/p>\n\n\n\n<p>Qui ira en 52 correspondant la prison attendra qu\u2019un autre joueur vienne au m\u00eame num\u00e9ro pour repartir.<\/p>\n\n\n\n<p>Le joueur qui va sur la case 58 correspondant \u00e0 la case T\u00eate de mort recommencera la partie depuis le d\u00e9but<\/p>\n\n\n\n<p>Celui qui est rejoint par un autre joueur sur la m\u00eame case devra se rendre sur la case ou l\u2019autre joueur se situait avant de jouer.<\/p>\n\n\n\n<p>Pour gagner une partie de jeu de l\u2019Oie, il faut \u00eatre le premier \u00e0 arriver sur la derni\u00e8re case 63 mais avec l\u2019obligation d\u2019arriver pile sur cette case. Au cas o\u00f9 le joueur fait un score aux d\u00e9s sup\u00e9rieur au nombre de case le s\u00e9parant de la victoire, il devra reculer d\u2019autant de cases suppl\u00e9mentaires.<\/p>\n\n\n\n<div class=\"wp-block-image\"><figure class=\"aligncenter size-full\"><img loading=\"lazy\" decoding=\"async\" width=\"450\" height=\"245\" src=\"http:\/\/leconservatoiredujeu.fr\/wp-content\/uploads\/2022\/05\/grand-jeu-de-loie.jpg\" alt=\"\" class=\"wp-image-13011\" srcset=\"https:\/\/leconservatoiredujeu.fr\/wp-content\/uploads\/2022\/05\/grand-jeu-de-loie.jpg 450w, https:\/\/leconservatoiredujeu.fr\/wp-content\/uploads\/2022\/05\/grand-jeu-de-loie-300x163.jpg 300w\" sizes=\"(max-width: 450px) 100vw, 450px\" \/><\/figure><\/div>\n\n\n\n<p><strong><u>Source<\/u>&nbsp;:<\/strong> Wikip\u00e9dia<\/p>\n\n\n\n<p><strong><u>Cr\u00e9dits photo<\/u><\/strong>\u00a0: Letemps.fr<\/p>\n\n\n\n<p class=\"has-text-align-right\">Le Conservatoire du Jeu &#8211; Mai 2022<\/p>\n","protected":false},"excerpt":{"rendered":"<p>Historique&nbsp;: L&rsquo;une des plus anciennes mentions du jeu de l&rsquo;oie date de 1617 et provient de l&rsquo;ouvrage de Pietro Carrera consacr\u00e9 aux \u00e9checs o\u00f9 l&rsquo;auteur affirme que ce jeu fut invent\u00e9 \u00e0 Florence une g\u00e9n\u00e9ration auparavant, et que Fran\u00e7ois Ier &hellip; <a href=\"https:\/\/leconservatoiredujeu.fr\/index.php\/jeu-de-loie\/\">Continuer la lecture <span class=\"meta-nav\">&rarr;<\/span><\/a><\/p>\n","protected":false},"author":3,"featured_media":0,"parent":0,"menu_order":0,"comment_status":"closed","ping_status":"closed","template":"","meta":{"footnotes":""},"_links":{"self":[{"href":"https:\/\/leconservatoiredujeu.fr\/index.php\/wp-json\/wp\/v2\/pages\/13008"}],"collection":[{"href":"https:\/\/leconservatoiredujeu.fr\/index.php\/wp-json\/wp\/v2\/pages"}],"about":[{"href":"https:\/\/leconservatoiredujeu.fr\/index.php\/wp-json\/wp\/v2\/types\/page"}],"author":[{"embeddable":true,"href":"https:\/\/leconservatoiredujeu.fr\/index.php\/wp-json\/wp\/v2\/users\/3"}],"replies":[{"embeddable":true,"href":"https:\/\/leconservatoiredujeu.fr\/index.php\/wp-json\/wp\/v2\/comments?post=13008"}],"version-history":[{"count":1,"href":"https:\/\/leconservatoiredujeu.fr\/index.php\/wp-json\/wp\/v2\/pages\/13008\/revisions"}],"predecessor-version":[{"id":13012,"href":"https:\/\/leconservatoiredujeu.fr\/index.php\/wp-json\/wp\/v2\/pages\/13008\/revisions\/13012"}],"wp:attachment":[{"href":"https:\/\/leconservatoiredujeu.fr\/index.php\/wp-json\/wp\/v2\/media?parent=13008"}],"curies":[{"name":"wp","href":"https:\/\/api.w.org\/{rel}","templated":true}]}}