{"id":12998,"date":"2022-05-02T15:12:08","date_gmt":"2022-05-02T13:12:08","guid":{"rendered":"http:\/\/leconservatoiredujeu.fr\/?page_id=12998"},"modified":"2022-05-02T15:12:08","modified_gmt":"2022-05-02T13:12:08","slug":"passe-trappe","status":"publish","type":"page","link":"https:\/\/leconservatoiredujeu.fr\/index.php\/passe-trappe\/","title":{"rendered":"Passe &#8211; Trappe"},"content":{"rendered":"\n<div class=\"wp-block-image\"><figure class=\"aligncenter size-full is-resized\"><img loading=\"lazy\" decoding=\"async\" src=\"http:\/\/leconservatoiredujeu.fr\/wp-content\/uploads\/2022\/05\/jeu-passe-trappe-1-1.jpg\" alt=\"\" class=\"wp-image-12999\" width=\"360\" height=\"367\"\/><\/figure><\/div>\n\n\n\n<p><strong><u>Historique<\/u>&nbsp;:<\/strong><\/p>\n\n\n\n<p>Les jeux traditionnels se sont modifi\u00e9s au fil du temps, au gr\u00e9 des voyages et ont donn\u00e9 lieu \u00e0 de nombreuses variantes. Ils ont \u00e9galement inspir\u00e9 les cr\u00e9ateurs dans leurs inventions de jeux nouveaux&#8230; L&rsquo;origine de la table \u00e0 \u00e9lastique est incertaine, le jeu se trouve aujourd&rsquo;hui un peu partout en France et ailleurs, sous diff\u00e9rents noms : Maxi-Flitzer, Passe-Trappe,&#8230; Et, il est sans doute une \u00e9volution de jeux traditionnels se jouant avec des palets.<\/p>\n\n\n\n<p><strong><u>Les r\u00e8gles du jeu<\/u>&nbsp;:<\/strong><\/p>\n\n\n\n<p>Rapidit\u00e9, concentration et&#8230; souplesse sont les ma\u00eetres mots de ce jeu ! A l&rsquo;aide d&rsquo;un \u00e9lastique, d\u00e9barrassez-vous de vos palets en les faisant glisser chez votre adversaire par un trou creus\u00e9 dans la planche m\u00e9diane. Alors : \u00ab\u00a0\u00e0 vos palets, pr\u00eats, glissez !\u00a0\u00bb<\/p>\n\n\n\n<div class=\"wp-block-image\"><figure class=\"aligncenter size-full is-resized\"><img loading=\"lazy\" decoding=\"async\" src=\"http:\/\/leconservatoiredujeu.fr\/wp-content\/uploads\/2022\/05\/passe-trappe.jpg\" alt=\"\" class=\"wp-image-13000\" width=\"448\" height=\"275\" srcset=\"https:\/\/leconservatoiredujeu.fr\/wp-content\/uploads\/2022\/05\/passe-trappe.jpg 488w, https:\/\/leconservatoiredujeu.fr\/wp-content\/uploads\/2022\/05\/passe-trappe-300x184.jpg 300w\" sizes=\"(max-width: 448px) 100vw, 448px\" \/><\/figure><\/div>\n\n\n\n<p class=\"has-text-align-right\">Le Conservatoire du Jeu &#8211; Mai 2022<\/p>\n","protected":false},"excerpt":{"rendered":"<p>Historique&nbsp;: Les jeux traditionnels se sont modifi\u00e9s au fil du temps, au gr\u00e9 des voyages et ont donn\u00e9 lieu \u00e0 de nombreuses variantes. Ils ont \u00e9galement inspir\u00e9 les cr\u00e9ateurs dans leurs inventions de jeux nouveaux&#8230; L&rsquo;origine de la table \u00e0 &hellip; <a href=\"https:\/\/leconservatoiredujeu.fr\/index.php\/passe-trappe\/\">Continuer la lecture <span class=\"meta-nav\">&rarr;<\/span><\/a><\/p>\n","protected":false},"author":3,"featured_media":0,"parent":0,"menu_order":0,"comment_status":"closed","ping_status":"closed","template":"","meta":{"footnotes":""},"_links":{"self":[{"href":"https:\/\/leconservatoiredujeu.fr\/index.php\/wp-json\/wp\/v2\/pages\/12998"}],"collection":[{"href":"https:\/\/leconservatoiredujeu.fr\/index.php\/wp-json\/wp\/v2\/pages"}],"about":[{"href":"https:\/\/leconservatoiredujeu.fr\/index.php\/wp-json\/wp\/v2\/types\/page"}],"author":[{"embeddable":true,"href":"https:\/\/leconservatoiredujeu.fr\/index.php\/wp-json\/wp\/v2\/users\/3"}],"replies":[{"embeddable":true,"href":"https:\/\/leconservatoiredujeu.fr\/index.php\/wp-json\/wp\/v2\/comments?post=12998"}],"version-history":[{"count":1,"href":"https:\/\/leconservatoiredujeu.fr\/index.php\/wp-json\/wp\/v2\/pages\/12998\/revisions"}],"predecessor-version":[{"id":13001,"href":"https:\/\/leconservatoiredujeu.fr\/index.php\/wp-json\/wp\/v2\/pages\/12998\/revisions\/13001"}],"wp:attachment":[{"href":"https:\/\/leconservatoiredujeu.fr\/index.php\/wp-json\/wp\/v2\/media?parent=12998"}],"curies":[{"name":"wp","href":"https:\/\/api.w.org\/{rel}","templated":true}]}}