{"id":12820,"date":"2022-04-01T14:53:10","date_gmt":"2022-04-01T12:53:10","guid":{"rendered":"http:\/\/leconservatoiredujeu.fr\/?page_id=12820"},"modified":"2022-04-01T14:53:10","modified_gmt":"2022-04-01T12:53:10","slug":"xbox-series-x-accesoires","status":"publish","type":"page","link":"https:\/\/leconservatoiredujeu.fr\/index.php\/xbox-series-x-accesoires\/","title":{"rendered":"Xbox Series X &#8211; Accesoires"},"content":{"rendered":"\n<p><strong><u>Manette<\/u>&nbsp;:<\/strong><\/p>\n\n\n\n<div class=\"wp-block-image\"><figure class=\"aligncenter size-large is-resized\"><img loading=\"lazy\" decoding=\"async\" src=\"http:\/\/leconservatoiredujeu.fr\/wp-content\/uploads\/2022\/04\/manettes-1024x443.jpg\" alt=\"\" class=\"wp-image-12821\" width=\"481\" height=\"207\" srcset=\"https:\/\/leconservatoiredujeu.fr\/wp-content\/uploads\/2022\/04\/manettes-1024x443.jpg 1024w, https:\/\/leconservatoiredujeu.fr\/wp-content\/uploads\/2022\/04\/manettes-300x130.jpg 300w, https:\/\/leconservatoiredujeu.fr\/wp-content\/uploads\/2022\/04\/manettes-768x332.jpg 768w, https:\/\/leconservatoiredujeu.fr\/wp-content\/uploads\/2022\/04\/manettes-1536x665.jpg 1536w, https:\/\/leconservatoiredujeu.fr\/wp-content\/uploads\/2022\/04\/manettes-500x216.jpg 500w, https:\/\/leconservatoiredujeu.fr\/wp-content\/uploads\/2022\/04\/manettes.jpg 1920w\" sizes=\"(max-width: 481px) 100vw, 481px\" \/><\/figure><\/div>\n\n\n\n<p><strong><u>Manette adaptative<\/u>&nbsp;:<\/strong><\/p>\n\n\n\n<div class=\"wp-block-image\"><figure class=\"aligncenter size-large is-resized\"><img loading=\"lazy\" decoding=\"async\" src=\"http:\/\/leconservatoiredujeu.fr\/wp-content\/uploads\/2022\/04\/manette-adaptative-1024x576.jpg\" alt=\"\" class=\"wp-image-12822\" width=\"428\" height=\"240\" srcset=\"https:\/\/leconservatoiredujeu.fr\/wp-content\/uploads\/2022\/04\/manette-adaptative-1024x576.jpg 1024w, https:\/\/leconservatoiredujeu.fr\/wp-content\/uploads\/2022\/04\/manette-adaptative-300x169.jpg 300w, https:\/\/leconservatoiredujeu.fr\/wp-content\/uploads\/2022\/04\/manette-adaptative-768x432.jpg 768w, https:\/\/leconservatoiredujeu.fr\/wp-content\/uploads\/2022\/04\/manette-adaptative-500x281.jpg 500w, https:\/\/leconservatoiredujeu.fr\/wp-content\/uploads\/2022\/04\/manette-adaptative.jpg 1350w\" sizes=\"(max-width: 428px) 100vw, 428px\" \/><\/figure><\/div>\n\n\n\n<p>Cr\u00e9ez une exp\u00e9rience de manette personnalis\u00e9e \u00e0 votre image. Con\u00e7ue principalement pour r\u00e9pondre aux besoins des joueurs \u00e0 mobilit\u00e9 r\u00e9duite, la manette Xbox Adaptive est munie de grands boutons programmables, et se connecte \u00e0 des commutateurs, des boutons, des fixations et des joysticks externes pour rendre le jeu plus accessible.<\/p>\n\n\n\n<p><strong><u>Double chargeur<\/u>&nbsp;:<\/strong><\/p>\n\n\n\n<div class=\"wp-block-image\"><figure class=\"aligncenter size-full is-resized\"><img loading=\"lazy\" decoding=\"async\" src=\"http:\/\/leconservatoiredujeu.fr\/wp-content\/uploads\/2022\/04\/Double-chargeur.jpg\" alt=\"\" class=\"wp-image-12823\" width=\"345\" height=\"306\"\/><\/figure><\/div>\n\n\n\n<p>Ayez toujours deux manettes Xbox Series X charg\u00e9es avec cette double station d\u2019accueil puissante. Le design compact permet d\u2019\u00e9conomiser de l\u2019espace autour de votre console.<\/p>\n\n\n\n<p><strong><u>VelocityOne<\/u>&nbsp;:<\/strong><\/p>\n\n\n\n<div class=\"wp-block-image\"><figure class=\"aligncenter size-full is-resized\"><img loading=\"lazy\" decoding=\"async\" src=\"http:\/\/leconservatoiredujeu.fr\/wp-content\/uploads\/2022\/04\/Velocity.jpg\" alt=\"\" class=\"wp-image-12824\" width=\"450\" height=\"302\"\/><\/figure><\/div>\n\n\n\n<p>D\u00e9velopp\u00e9 par les meilleurs ing\u00e9nieurs a\u00e9ronautiques et pilotes du monde, le syst\u00e8me de contr\u00f4le universel VelocityOne offre une authentique exp\u00e9rience de vol immersive. B\u00e9n\u00e9ficiez de tout le temps de vol dont vous avez besoin avec un volant de commande r\u00e9aliste et fid\u00e8le, une manette quadrant modulaire, un \u00e9cran de gestion de vol et des commandes de la direction int\u00e9gr\u00e9es. Configuration facile avec une simple connexion USB pour les Xbox Series X.<\/p>\n\n\n\n<p><strong><u>Ecouteurs sans fil<\/u>&nbsp;:<\/strong><\/p>\n\n\n\n<div class=\"wp-block-image\"><figure class=\"aligncenter size-large is-resized\"><img loading=\"lazy\" decoding=\"async\" src=\"http:\/\/leconservatoiredujeu.fr\/wp-content\/uploads\/2022\/04\/Xbox-series-X-ecouteus-1024x1024.jpg\" alt=\"\" class=\"wp-image-12825\" width=\"338\" height=\"343\"\/><\/figure><\/div>\n\n\n\n<p>Faites l\u2019exp\u00e9rience du son comme vous le souhaitez gr\u00e2ce \u00e0 cette paire d\u2019\u00e9couteurs v\u00e9ritablement sans fil dot\u00e9e du son certifi\u00e9 THX et d\u2019une suppression du bruit pour une \u00e9coute parfaite et sans interruption.<\/p>\n\n\n\n<p><strong><u>Kit de personnalisation<\/u>&nbsp;:<\/strong><\/p>\n\n\n\n<div class=\"wp-block-image\"><figure class=\"aligncenter size-full\"><img loading=\"lazy\" decoding=\"async\" width=\"300\" height=\"300\" src=\"http:\/\/leconservatoiredujeu.fr\/wp-content\/uploads\/2022\/04\/kit-de-personnalisation.jpg\" alt=\"\" class=\"wp-image-12826\" srcset=\"https:\/\/leconservatoiredujeu.fr\/wp-content\/uploads\/2022\/04\/kit-de-personnalisation.jpg 300w, https:\/\/leconservatoiredujeu.fr\/wp-content\/uploads\/2022\/04\/kit-de-personnalisation-150x150.jpg 150w\" sizes=\"(max-width: 300px) 100vw, 300px\" \/><\/figure><\/div>\n\n\n\n<p>Donnez une touche de couleur \u00e0 votre manette Xbox gr\u00e2ce aux pi\u00e8ces personnalis\u00e9es incluses dans ce kit. Les 13 pi\u00e8ces sont livr\u00e9es dans un \u00e9tui de transport robuste de qualit\u00e9 sup\u00e9rieure pour une organisation facile.<\/p>\n\n\n\n<p><strong><u>Casque<\/u>&nbsp;:<\/strong><\/p>\n\n\n\n<div class=\"wp-block-image\"><figure class=\"aligncenter size-full is-resized\"><img loading=\"lazy\" decoding=\"async\" src=\"http:\/\/leconservatoiredujeu.fr\/wp-content\/uploads\/2022\/04\/casque.jpg\" alt=\"\" class=\"wp-image-12827\" width=\"463\" height=\"465\" srcset=\"https:\/\/leconservatoiredujeu.fr\/wp-content\/uploads\/2022\/04\/casque-300x300.jpg 300w, https:\/\/leconservatoiredujeu.fr\/wp-content\/uploads\/2022\/04\/casque-150x150.jpg 150w\" sizes=\"(max-width: 463px) 100vw, 463px\" \/><\/figure><\/div>\n\n\n\n<p>Jouez de fa\u00e7on puissante et pr\u00e9cise avec le casque st\u00e9r\u00e9o Xbox qui permet d&rsquo;avoir des conversations claires ainsi qu\u2019une prise en charge du son cristallin et offre un design l\u00e9ger et confortable.<\/p>\n\n\n\n<p><strong><u>Source<\/u>&nbsp;:<\/strong> Microsoft.com<\/p>\n\n\n\n<p class=\"has-text-align-right\">Le Conservatoire du Jeu \u2013 Mars 2022<\/p>\n","protected":false},"excerpt":{"rendered":"<p>Manette&nbsp;: Manette adaptative&nbsp;: Cr\u00e9ez une exp\u00e9rience de manette personnalis\u00e9e \u00e0 votre image. Con\u00e7ue principalement pour r\u00e9pondre aux besoins des joueurs \u00e0 mobilit\u00e9 r\u00e9duite, la manette Xbox Adaptive est munie de grands boutons programmables, et se connecte \u00e0 des commutateurs, des &hellip; <a href=\"https:\/\/leconservatoiredujeu.fr\/index.php\/xbox-series-x-accesoires\/\">Continuer la lecture <span class=\"meta-nav\">&rarr;<\/span><\/a><\/p>\n","protected":false},"author":3,"featured_media":12828,"parent":0,"menu_order":0,"comment_status":"closed","ping_status":"closed","template":"","meta":{"footnotes":""},"_links":{"self":[{"href":"https:\/\/leconservatoiredujeu.fr\/index.php\/wp-json\/wp\/v2\/pages\/12820"}],"collection":[{"href":"https:\/\/leconservatoiredujeu.fr\/index.php\/wp-json\/wp\/v2\/pages"}],"about":[{"href":"https:\/\/leconservatoiredujeu.fr\/index.php\/wp-json\/wp\/v2\/types\/page"}],"author":[{"embeddable":true,"href":"https:\/\/leconservatoiredujeu.fr\/index.php\/wp-json\/wp\/v2\/users\/3"}],"replies":[{"embeddable":true,"href":"https:\/\/leconservatoiredujeu.fr\/index.php\/wp-json\/wp\/v2\/comments?post=12820"}],"version-history":[{"count":1,"href":"https:\/\/leconservatoiredujeu.fr\/index.php\/wp-json\/wp\/v2\/pages\/12820\/revisions"}],"predecessor-version":[{"id":12829,"href":"https:\/\/leconservatoiredujeu.fr\/index.php\/wp-json\/wp\/v2\/pages\/12820\/revisions\/12829"}],"wp:featuredmedia":[{"embeddable":true,"href":"https:\/\/leconservatoiredujeu.fr\/index.php\/wp-json\/wp\/v2\/media\/12828"}],"wp:attachment":[{"href":"https:\/\/leconservatoiredujeu.fr\/index.php\/wp-json\/wp\/v2\/media?parent=12820"}],"curies":[{"name":"wp","href":"https:\/\/api.w.org\/{rel}","templated":true}]}}