{"id":12808,"date":"2022-03-31T17:39:49","date_gmt":"2022-03-31T15:39:49","guid":{"rendered":"http:\/\/leconservatoiredujeu.fr\/?page_id=12808"},"modified":"2022-03-31T17:39:49","modified_gmt":"2022-03-31T15:39:49","slug":"xbox-one-accessoires","status":"publish","type":"page","link":"https:\/\/leconservatoiredujeu.fr\/index.php\/xbox-one-accessoires\/","title":{"rendered":"Xbox One &#8211; Accessoires"},"content":{"rendered":"\n<p><strong><u>Manettes<\/u>&nbsp;:<\/strong><\/p>\n\n\n\n<div class=\"wp-block-image\"><figure class=\"aligncenter size-large is-resized\"><img loading=\"lazy\" decoding=\"async\" src=\"http:\/\/leconservatoiredujeu.fr\/wp-content\/uploads\/2022\/03\/manette-xbox-one-1-1024x576.jpg\" alt=\"\" class=\"wp-image-12809\" width=\"414\" height=\"234\" srcset=\"https:\/\/leconservatoiredujeu.fr\/wp-content\/uploads\/2022\/03\/manette-xbox-one-1-1024x576.jpg 1024w, https:\/\/leconservatoiredujeu.fr\/wp-content\/uploads\/2022\/03\/manette-xbox-one-1-300x169.jpg 300w, https:\/\/leconservatoiredujeu.fr\/wp-content\/uploads\/2022\/03\/manette-xbox-one-1-768x432.jpg 768w, https:\/\/leconservatoiredujeu.fr\/wp-content\/uploads\/2022\/03\/manette-xbox-one-1-500x281.jpg 500w, https:\/\/leconservatoiredujeu.fr\/wp-content\/uploads\/2022\/03\/manette-xbox-one-1.jpg 1350w\" sizes=\"(max-width: 414px) 100vw, 414px\" \/><\/figure><\/div>\n\n\n\n<p>La manette est assez similaire \u00e0 celle de la Xbox 360, bien qu&rsquo;elle adopte un design plus sobre et moins arrondi, avec un dos plus plat. Le compartiment pour les deux piles est int\u00e9gr\u00e9 \u00e0 la manette, offrant une plus grande surface pour positionner ses doigts. Les deux g\u00e2chettes sont \u00e9quip\u00e9es de vibration, elles peuvent vibrer ind\u00e9pendamment de la manette et l&rsquo;une de l&rsquo;autre. Microsoft a annonc\u00e9 que les deux sticks analogiques et la croix directionnelle ont gagn\u00e9 en sensibilit\u00e9 et en pr\u00e9cision. Huit manettes peuvent \u00eatre connect\u00e9es simultan\u00e9ment<\/p>\n\n\n\n<p><strong><u>Double chargeur<\/u>&nbsp;:<\/strong><\/p>\n\n\n\n<div class=\"wp-block-image\"><figure class=\"aligncenter size-full is-resized\"><img loading=\"lazy\" decoding=\"async\" src=\"http:\/\/leconservatoiredujeu.fr\/wp-content\/uploads\/2022\/03\/double-chargeur-1.jpg\" alt=\"\" class=\"wp-image-12810\" width=\"393\" height=\"207\" srcset=\"https:\/\/leconservatoiredujeu.fr\/wp-content\/uploads\/2022\/03\/double-chargeur-1.jpg 730w, https:\/\/leconservatoiredujeu.fr\/wp-content\/uploads\/2022\/03\/double-chargeur-1-300x158.jpg 300w, https:\/\/leconservatoiredujeu.fr\/wp-content\/uploads\/2022\/03\/double-chargeur-1-500x263.jpg 500w\" sizes=\"(max-width: 393px) 100vw, 393px\" \/><\/figure><\/div>\n\n\n\n<p>Le principe est tr\u00e8s simple : il suffit de poser votre manette sur ce dock, afin de la recharger. Notez \u00e9galement que la technologie utilis\u00e9e par ce produit est tr\u00e8s int\u00e9ressante puisqu\u2019elle permet une charge rapide, et sur deux manettes en simultan\u00e9 ! Ce socle de recharge permet de recharger les contr\u00f4leurs sans fil, et est livr\u00e9 avec 2 batteries rechargeables.<\/p>\n\n\n\n<p><strong><u>Kinect 2<\/u>&nbsp;:<\/strong><\/p>\n\n\n\n<div class=\"wp-block-image\"><figure class=\"aligncenter size-large is-resized\"><img loading=\"lazy\" decoding=\"async\" src=\"http:\/\/leconservatoiredujeu.fr\/wp-content\/uploads\/2022\/03\/Kinect-2-1024x575.jpg\" alt=\"\" class=\"wp-image-12811\" width=\"450\" height=\"253\" srcset=\"https:\/\/leconservatoiredujeu.fr\/wp-content\/uploads\/2022\/03\/Kinect-2-1024x575.jpg 1024w, https:\/\/leconservatoiredujeu.fr\/wp-content\/uploads\/2022\/03\/Kinect-2-300x169.jpg 300w, https:\/\/leconservatoiredujeu.fr\/wp-content\/uploads\/2022\/03\/Kinect-2-768x431.jpg 768w, https:\/\/leconservatoiredujeu.fr\/wp-content\/uploads\/2022\/03\/Kinect-2-500x281.jpg 500w, https:\/\/leconservatoiredujeu.fr\/wp-content\/uploads\/2022\/03\/Kinect-2.jpg 1280w\" sizes=\"(max-width: 450px) 100vw, 450px\" \/><\/figure><\/div>\n\n\n\n<p>Au d\u00e9part inclus dans chaque pack de la console, le p\u00e9riph\u00e9rique Kinect 2 est commercialis\u00e9 s\u00e9par\u00e9ment \u00e0 partir d&rsquo;octobre 2014 apr\u00e8s l&rsquo;annonce d&rsquo;un mod\u00e8le de la Xbox One vendu sans Kinect. Le p\u00e9riph\u00e9rique devait \u00e0 l&rsquo;origine \u00eatre connect\u00e9 en permanence pour que la Xbox One puisse fonctionner, mais \u00e0 la suite des protestations des joueurs, Microsoft se ravise et ne rend pas le p\u00e9riph\u00e9rique obligatoire. Cette nouvelle version dot\u00e9e d&rsquo;une cam\u00e9ra de 1080p, peut g\u00e9rer 2 Go de donn\u00e9es chaque seconde. Multit\u00e2che, il permet \u00e0 l&rsquo;utilisateur de commander vocalement plusieurs applications fonctionnant en m\u00eame temps (t\u00e9l\u00e9vision, vid\u00e9o, Internet, Skype\u2026). On peut demander \u00e0 la console de s&rsquo;allumer vocalement en disant \u00ab Xbox D\u00e9marrez \u00bb. Avec le futur syst\u00e8me d&rsquo;exploitation de la Xbox One bas\u00e9 sur Windows 10, quelques mois apr\u00e8s sa sortie arrivera Cortana qui comprendra les commandes vocales.<\/p>\n\n\n\n<p>Le p\u00e9riph\u00e9rique est capable de distinguer les doigts du joueur. Microsoft annonce que la pr\u00e9cision est trois fois plus fid\u00e8le que sur son premier mod\u00e8le. Six personnes peuvent \u00eatre d\u00e9tect\u00e9es simultan\u00e9ment. La console peut identifier les joueurs par le biais d&rsquo;une reconnaissance faciale et d\u00e9terminer qui tient quelle manette, elle permet aussi de savoir si le joueur regarde l&rsquo;\u00e9cran ou s&rsquo;il parle.<\/p>\n\n\n\n<p><strong><u>Adaptateur Kinect<\/u>&nbsp;:<\/strong><\/p>\n\n\n\n<div class=\"wp-block-image\"><figure class=\"aligncenter size-full is-resized\"><img loading=\"lazy\" decoding=\"async\" src=\"http:\/\/leconservatoiredujeu.fr\/wp-content\/uploads\/2022\/03\/adaptateur-kinect.jpg\" alt=\"\" class=\"wp-image-12812\" width=\"353\" height=\"359\"\/><\/figure><\/div>\n\n\n\n<p>C\u2019est le kit de connectivit\u00e9 pour le capteur Kinect, pr\u00e9sent sur la Xbox One, afin de l\u2019utiliser sur votre ordinateur \u00e9quip\u00e9 de Windows ! Vous pourrez exploiter les riches fonctionnalit\u00e9s de Kinect pour les jeux, sciences, projets multim\u00e9dias et tout un tas d\u2019autres domaines avec cet adaptateur. R\u00e9volutionnaire, vous aurez acc\u00e8s \u00e0 la r\u00e9solution full HD 1080p propos\u00e9e par l\u2019appareil, sans perte d\u2019image.<\/p>\n\n\n\n<p><strong><u>T\u00e9l\u00e9commande m\u00e9dia<\/u>&nbsp;:<\/strong><\/p>\n\n\n\n<div class=\"wp-block-image\"><figure class=\"aligncenter size-full\"><img loading=\"lazy\" decoding=\"async\" width=\"730\" height=\"251\" src=\"http:\/\/leconservatoiredujeu.fr\/wp-content\/uploads\/2022\/03\/telecommande-media.jpg\" alt=\"\" class=\"wp-image-12813\" srcset=\"https:\/\/leconservatoiredujeu.fr\/wp-content\/uploads\/2022\/03\/telecommande-media.jpg 730w, https:\/\/leconservatoiredujeu.fr\/wp-content\/uploads\/2022\/03\/telecommande-media-300x103.jpg 300w, https:\/\/leconservatoiredujeu.fr\/wp-content\/uploads\/2022\/03\/telecommande-media-500x172.jpg 500w\" sizes=\"(max-width: 730px) 100vw, 730px\" \/><\/figure><\/div>\n\n\n\n<p>Offrez-vous de quoi contr\u00f4ler compl\u00e8tement la Xbox One par le Bluetooth ! Totalement compatible avec les applications, comme Netflix ou Youtube pr\u00e9sentes sur votre Xbox, vous pourrez transformer votre machine en v\u00e9ritable service de streaming si tel est votre souhait.<\/p>\n\n\n\n<p><strong><u>Couverture anti-Poussi\u00e8re<\/u>&nbsp;:<\/strong><\/p>\n\n\n\n<div class=\"wp-block-image\"><figure class=\"aligncenter size-full is-resized\"><img loading=\"lazy\" decoding=\"async\" src=\"http:\/\/leconservatoiredujeu.fr\/wp-content\/uploads\/2022\/03\/couverture-anti-poussiere.jpg\" alt=\"\" class=\"wp-image-12814\" width=\"365\" height=\"372\"\/><\/figure><\/div>\n\n\n\n<p>Il s\u2019agit l\u00e0 d\u2019un produit professionnel con\u00e7u pour ne pas faire chauffer votre console, tout en lui permettant de se mettre \u00e0 l\u2019abri de la poussi\u00e8re, qui endommage votre produit. Il permet \u00e9galement de pr\u00e9venir des rayons ultraviolets, des chocs l\u00e9gers, des \u00e9claboussures ou encore des poils d\u2019animaux.<\/p>\n\n\n\n<p><strong><u>Volant Logitech<\/u>&nbsp;:<\/strong><\/p>\n\n\n\n<div class=\"wp-block-image\"><figure class=\"aligncenter size-full is-resized\"><img loading=\"lazy\" decoding=\"async\" src=\"http:\/\/leconservatoiredujeu.fr\/wp-content\/uploads\/2022\/03\/volant-logitech.jpg\" alt=\"\" class=\"wp-image-12815\" width=\"369\" height=\"285\"\/><\/figure><\/div>\n\n\n\n<p>Con\u00e7u pour le long terme, ce volant vous immergera dans une toute nouvelle exp\u00e9rience innovante pour vos jeux de courses. Les commandes de jeu prendront une nouvelle dimension et vous aurez \u00e9galement acc\u00e8s \u00e0 deux moteurs. Logitech est un gage de qualit\u00e9 et ce volant (G920) a re\u00e7u l\u2019\u00e9loge de la critique.<\/p>\n\n\n\n<p><strong><u>Casque<\/u>\u00a0:<\/strong><\/p>\n\n\n\n<div class=\"wp-block-image\"><figure class=\"aligncenter size-full is-resized\"><img loading=\"lazy\" decoding=\"async\" src=\"http:\/\/leconservatoiredujeu.fr\/wp-content\/uploads\/2022\/03\/Capture.jpg\" alt=\"\" class=\"wp-image-12816\" width=\"310\" height=\"314\"\/><\/figure><\/div>\n\n\n\n<p>De tr\u00e8s bonne qualit\u00e9, vous pourrez obtenir un son puissant et profond afin de mieux cibler &amp; rep\u00e9rer vos ennemis en jeu. Le microphone, de bonne facture est r\u00e9glable et dispose d\u2019une fonction permettant de supprimer le bruit autour de vous pour une meilleure communication avec vos \u00e9quipiers.<\/p>\n\n\n\n<p><strong><u>Source<\/u>&nbsp;:<\/strong> Wikip\u00e9dia, dailygeekshow.com<\/p>\n\n\n\n<p class=\"has-text-align-right\">Le Conservatoire du Jeu \u2013 Mars 2022<\/p>\n","protected":false},"excerpt":{"rendered":"<p>Manettes&nbsp;: La manette est assez similaire \u00e0 celle de la Xbox 360, bien qu&rsquo;elle adopte un design plus sobre et moins arrondi, avec un dos plus plat. Le compartiment pour les deux piles est int\u00e9gr\u00e9 \u00e0 la manette, offrant une &hellip; <a href=\"https:\/\/leconservatoiredujeu.fr\/index.php\/xbox-one-accessoires\/\">Continuer la lecture <span class=\"meta-nav\">&rarr;<\/span><\/a><\/p>\n","protected":false},"author":3,"featured_media":12818,"parent":0,"menu_order":0,"comment_status":"closed","ping_status":"closed","template":"","meta":{"footnotes":""},"_links":{"self":[{"href":"https:\/\/leconservatoiredujeu.fr\/index.php\/wp-json\/wp\/v2\/pages\/12808"}],"collection":[{"href":"https:\/\/leconservatoiredujeu.fr\/index.php\/wp-json\/wp\/v2\/pages"}],"about":[{"href":"https:\/\/leconservatoiredujeu.fr\/index.php\/wp-json\/wp\/v2\/types\/page"}],"author":[{"embeddable":true,"href":"https:\/\/leconservatoiredujeu.fr\/index.php\/wp-json\/wp\/v2\/users\/3"}],"replies":[{"embeddable":true,"href":"https:\/\/leconservatoiredujeu.fr\/index.php\/wp-json\/wp\/v2\/comments?post=12808"}],"version-history":[{"count":1,"href":"https:\/\/leconservatoiredujeu.fr\/index.php\/wp-json\/wp\/v2\/pages\/12808\/revisions"}],"predecessor-version":[{"id":12817,"href":"https:\/\/leconservatoiredujeu.fr\/index.php\/wp-json\/wp\/v2\/pages\/12808\/revisions\/12817"}],"wp:featuredmedia":[{"embeddable":true,"href":"https:\/\/leconservatoiredujeu.fr\/index.php\/wp-json\/wp\/v2\/media\/12818"}],"wp:attachment":[{"href":"https:\/\/leconservatoiredujeu.fr\/index.php\/wp-json\/wp\/v2\/media?parent=12808"}],"curies":[{"name":"wp","href":"https:\/\/api.w.org\/{rel}","templated":true}]}}