{"id":11595,"date":"2020-08-26T18:01:05","date_gmt":"2020-08-26T16:01:05","guid":{"rendered":"http:\/\/leconservatoiredujeu.fr\/?page_id=11595"},"modified":"2022-03-30T15:43:34","modified_gmt":"2022-03-30T13:43:34","slug":"sony-psp-accessoires","status":"publish","type":"page","link":"https:\/\/leconservatoiredujeu.fr\/index.php\/sony-psp-accessoires\/","title":{"rendered":"Sony &#8211; PSP &#8211; Accessoires"},"content":{"rendered":"\n<p class=\"has-text-align-left\"><strong><span style=\"text-decoration: underline;\">GPS<\/span><\/strong> <strong>:<\/strong><\/p>\n\n\n\n<div class=\"wp-block-image is-style-default\"><figure class=\"aligncenter size-large\"><img loading=\"lazy\" decoding=\"async\" width=\"284\" height=\"301\" src=\"http:\/\/leconservatoiredujeu.fr\/wp-content\/uploads\/2020\/08\/GPS-1.jpg\" alt=\"\" class=\"wp-image-11912\"\/><\/figure><\/div>\n\n\n\n<p>Un r\u00e9cepteur GPS, se branchant sur ce port et requ\u00e9rant un UMD sp\u00e9cifique, est rapidement sorti pour le march\u00e9 japonais. En France, le module GPS est sorti le 2 juillet 2008, via trois packs dont le prix varie en fonction des accessoires fournis dans le pack.<\/p>\n\n\n\n<p>Fin 2007,&nbsp;<a href=\"http:\/\/leconservatoiredujeu.fr\/index.php\/sony\/\">Sony&nbsp;<\/a>a officialis\u00e9 la sortie du r\u00e9cepteur GPS sur PSP en Europe avec l\u2019annonce de la disponibilit\u00e9 pour d\u00e9but 2008 de l\u2019UMD Go!Explore. Des accessoires in\u00e9dits pour un usage automobile seront propos\u00e9s. Ce syst\u00e8me est pr\u00e9vu pour fonctionner avec certains jeux&nbsp;<\/p>\n\n\n\n<p class=\"has-white-color has-text-color\">Ligne<\/p>\n\n\n\n<p class=\"has-text-align-left\"><strong><span style=\"text-decoration: underline;\">Tuner TV<\/span> :<\/strong><\/p>\n\n\n\n<div class=\"wp-block-image is-style-default\"><figure class=\"aligncenter size-large\"><img loading=\"lazy\" decoding=\"async\" width=\"400\" height=\"213\" src=\"http:\/\/leconservatoiredujeu.fr\/wp-content\/uploads\/2020\/08\/Tuner-TV.jpg\" alt=\"\" class=\"wp-image-11915\" srcset=\"https:\/\/leconservatoiredujeu.fr\/wp-content\/uploads\/2020\/08\/Tuner-TV.jpg 400w, https:\/\/leconservatoiredujeu.fr\/wp-content\/uploads\/2020\/08\/Tuner-TV-300x160.jpg 300w\" sizes=\"(max-width: 400px) 100vw, 400px\" \/><\/figure><\/div>\n\n\n\n<p>Un tuner, permettant de capter une cha\u00eene d\u2019\u00e9missions hertziennes, a \u00e9t\u00e9 commercialis\u00e9 au Japon. Il se branche, comme l\u2019appareil photo et le GPS, sur le haut de la PSP.<\/p>\n\n\n\n<p>Cet adaptateur n\u2019est jamais sorti dans le reste du monde pour des raisons autant techniques que l\u00e9gislatifs (par exemple fiscaux ou probl\u00e8mes de perceptions de droits t\u00e9l\u00e9vis\u00e9s).<\/p>\n\n\n\n<p class=\"has-white-color has-text-color\">Ligne<\/p>\n\n\n\n<p class=\"has-text-align-left\"><strong><span style=\"text-decoration: underline;\">Appareil photo<\/span><\/strong> :<\/p>\n\n\n\n<div class=\"wp-block-image is-style-default\"><figure class=\"aligncenter size-medium\"><img loading=\"lazy\" decoding=\"async\" width=\"300\" height=\"207\" src=\"http:\/\/leconservatoiredujeu.fr\/wp-content\/uploads\/2020\/08\/Photo-1-300x207.jpg\" alt=\"\" class=\"wp-image-11917\" srcset=\"https:\/\/leconservatoiredujeu.fr\/wp-content\/uploads\/2020\/08\/Photo-1-300x207.jpg 300w, https:\/\/leconservatoiredujeu.fr\/wp-content\/uploads\/2020\/08\/Photo-1-434x300.jpg 434w, https:\/\/leconservatoiredujeu.fr\/wp-content\/uploads\/2020\/08\/Photo-1.jpg 498w\" sizes=\"(max-width: 300px) 100vw, 300px\" \/><\/figure><\/div>\n\n\n\n<p>Une cam\u00e9ra num\u00e9rique, la Go!Cam, sp\u00e9cialement con\u00e7ue pour la PSP, est disponible depuis le 16 mai 2007, accompagn\u00e9e d\u2019un logiciel nomm\u00e9 Go! Edit qui permet de retoucher les photos. Elle permet de prendre des photos mais aussi de filmer avec un objectif de 1,3 m\u00e9gapixel et d\u2019un enregistreur audio. Pour la faire fonctionner, vous devez disposer de la version 3.00 minimum. Elle est vendue avec une petite boite de protection. La cam\u00e9ra se connecte sur le port USB de la PSP et se visse afin d\u2019\u00e9viter un d\u00e9branchement accidentel.<\/p>\n\n\n\n<p class=\"has-white-color has-text-color\">Ligne<\/p>\n\n\n\n<p class=\"has-text-align-left\"><span style=\"text-decoration: underline;\"><strong>Enceinte<\/strong><\/span><strong> :<\/strong><\/p>\n\n\n\n<div class=\"wp-block-image is-style-default\"><figure class=\"aligncenter size-large\"><img loading=\"lazy\" decoding=\"async\" width=\"400\" height=\"300\" src=\"http:\/\/leconservatoiredujeu.fr\/wp-content\/uploads\/2020\/08\/Enceinte-2.jpg\" alt=\"\" class=\"wp-image-11919\" srcset=\"https:\/\/leconservatoiredujeu.fr\/wp-content\/uploads\/2020\/08\/Enceinte-2.jpg 400w, https:\/\/leconservatoiredujeu.fr\/wp-content\/uploads\/2020\/08\/Enceinte-2-300x225.jpg 300w\" sizes=\"(max-width: 400px) 100vw, 400px\" \/><\/figure><\/div>\n\n\n\n<p>Un syst\u00e8me d\u2019enceintes auxquelles sont int\u00e9gr\u00e9es un support est \u00e9galement commercialis\u00e9 par Logitech. D\u2019environ deux fois la taille de la console, l\u2019ensemble a pour but de permettre de transformer la console en mini-cha\u00eene. Elle est vendue avec une boite de protection, deux c\u00e2bles de connexion (un petit et un long) et un c\u00e2ble d\u2019alimentation. On peut \u00e9galement utiliser n\u2019importe quel type de mini-enceintes amplifi\u00e9es.<\/p>\n\n\n\n<p class=\"has-white-color has-text-color\">Ligne<\/p>\n\n\n\n<p class=\"has-text-align-left\"><strong><span style=\"text-decoration: underline;\">Autocollants<\/span> :<\/strong><\/p>\n\n\n\n<div class=\"wp-block-image is-style-default\"><figure class=\"aligncenter size-large\"><img loading=\"lazy\" decoding=\"async\" width=\"340\" height=\"340\" src=\"http:\/\/leconservatoiredujeu.fr\/wp-content\/uploads\/2020\/08\/AUTOCOLLANT.jpg\" alt=\"\" class=\"wp-image-11920\" srcset=\"https:\/\/leconservatoiredujeu.fr\/wp-content\/uploads\/2020\/08\/AUTOCOLLANT.jpg 340w, https:\/\/leconservatoiredujeu.fr\/wp-content\/uploads\/2020\/08\/AUTOCOLLANT-300x300.jpg 300w, https:\/\/leconservatoiredujeu.fr\/wp-content\/uploads\/2020\/08\/AUTOCOLLANT-150x150.jpg 150w\" sizes=\"(max-width: 340px) 100vw, 340px\" \/><\/figure><\/div>\n\n\n\n<p class=\"has-white-color has-text-color\">Ligne<\/p>\n\n\n\n<p class=\"has-text-align-left\"><strong><span style=\"text-decoration: underline;\">Batterie Pandora<\/span> :<\/strong><\/p>\n\n\n\n<div class=\"wp-block-image is-style-default\"><figure class=\"aligncenter size-medium\"><img loading=\"lazy\" decoding=\"async\" width=\"300\" height=\"300\" src=\"http:\/\/leconservatoiredujeu.fr\/wp-content\/uploads\/2020\/08\/BAT-300x300.jpeg\" alt=\"\" class=\"wp-image-11921\" srcset=\"https:\/\/leconservatoiredujeu.fr\/wp-content\/uploads\/2020\/08\/BAT-300x300.jpeg 300w, https:\/\/leconservatoiredujeu.fr\/wp-content\/uploads\/2020\/08\/BAT-150x150.jpeg 150w, https:\/\/leconservatoiredujeu.fr\/wp-content\/uploads\/2020\/08\/BAT.jpeg 500w\" sizes=\"(max-width: 300px) 100vw, 300px\" \/><\/figure><\/div>\n\n\n\n<p>Une batterie Pandora est une batterie de PSP standard, modifi\u00e9e de telle sorte qu&rsquo;elle met votre PSP en mode \u00ab service \u00bb. Une fois en mode service, votre PSP est \u00ab hackable \u00bb plus facilement.<\/p>\n\n\n\n<p>Une batterie Pandora seule est cependant inefficace. Pour hacker une PSP, il faut aussi utiliser une Magic memorystick&nbsp;<\/p>\n\n\n\n<p class=\"has-white-color has-text-color\">Ligne<\/p>\n\n\n\n<p class=\"has-text-align-left\"><strong><span style=\"text-decoration: underline;\">Support pare-brise<\/span><\/strong> <strong>:<\/strong><\/p>\n\n\n\n<div class=\"wp-block-image is-style-default\"><figure class=\"aligncenter size-large\"><img loading=\"lazy\" decoding=\"async\" width=\"355\" height=\"278\" src=\"http:\/\/leconservatoiredujeu.fr\/wp-content\/uploads\/2020\/08\/SUPPORT.jpg\" alt=\"\" class=\"wp-image-11923\" srcset=\"https:\/\/leconservatoiredujeu.fr\/wp-content\/uploads\/2020\/08\/SUPPORT.jpg 355w, https:\/\/leconservatoiredujeu.fr\/wp-content\/uploads\/2020\/08\/SUPPORT-300x235.jpg 300w\" sizes=\"(max-width: 355px) 100vw, 355px\" \/><\/figure><\/div>\n\n\n\n<p class=\"has-white-color has-text-color\">Ligne<\/p>\n\n\n\n<p class=\"has-text-align-left\"><strong><span style=\"text-decoration: underline;\">Adaptateur allume-cigare<\/span> :<\/strong><\/p>\n\n\n\n<div class=\"wp-block-image is-style-default\"><figure class=\"aligncenter size-medium\"><img loading=\"lazy\" decoding=\"async\" width=\"300\" height=\"300\" src=\"http:\/\/leconservatoiredujeu.fr\/wp-content\/uploads\/2020\/08\/ADAPTATEUR-300x300.jpg\" alt=\"\" class=\"wp-image-11924\" srcset=\"https:\/\/leconservatoiredujeu.fr\/wp-content\/uploads\/2020\/08\/ADAPTATEUR-300x300.jpg 300w, https:\/\/leconservatoiredujeu.fr\/wp-content\/uploads\/2020\/08\/ADAPTATEUR-150x150.jpg 150w, https:\/\/leconservatoiredujeu.fr\/wp-content\/uploads\/2020\/08\/ADAPTATEUR.jpg 700w\" sizes=\"(max-width: 300px) 100vw, 300px\" \/><\/figure><\/div>\n\n\n\n<p class=\"has-white-color has-text-color\">Ligne<\/p>\n\n\n\n<p class=\"has-text-align-left\"><strong><span style=\"text-decoration: underline;\">\u00c9couteurs st\u00e9r\u00e9o \u00e0 t\u00e9l\u00e9commande<\/span><\/strong> <strong>:<\/strong><\/p>\n\n\n\n<div class=\"wp-block-image is-style-default\"><figure class=\"aligncenter size-medium\"><img loading=\"lazy\" decoding=\"async\" width=\"300\" height=\"300\" src=\"http:\/\/leconservatoiredujeu.fr\/wp-content\/uploads\/2020\/08\/ECOUTEUR-1-300x300.jpg\" alt=\"\" class=\"wp-image-11927\" srcset=\"https:\/\/leconservatoiredujeu.fr\/wp-content\/uploads\/2020\/08\/ECOUTEUR-1-300x300.jpg 300w, https:\/\/leconservatoiredujeu.fr\/wp-content\/uploads\/2020\/08\/ECOUTEUR-1-150x150.jpg 150w, https:\/\/leconservatoiredujeu.fr\/wp-content\/uploads\/2020\/08\/ECOUTEUR-1.jpg 400w\" sizes=\"(max-width: 300px) 100vw, 300px\" \/><\/figure><\/div>\n\n\n\n<p class=\"has-white-color has-text-color\">Ligne<\/p>\n\n\n\n<p class=\"has-text-align-left\"><strong><span style=\"text-decoration: underline;\">Protection d&rsquo;\u00e9cran<\/span> :<\/strong><\/p>\n\n\n\n<div class=\"wp-block-image is-style-default\"><figure class=\"aligncenter size-medium\"><img loading=\"lazy\" decoding=\"async\" width=\"300\" height=\"300\" src=\"http:\/\/leconservatoiredujeu.fr\/wp-content\/uploads\/2020\/08\/PROTECT-4-300x300.jpg\" alt=\"\" class=\"wp-image-11929\" srcset=\"https:\/\/leconservatoiredujeu.fr\/wp-content\/uploads\/2020\/08\/PROTECT-4-300x300.jpg 300w, https:\/\/leconservatoiredujeu.fr\/wp-content\/uploads\/2020\/08\/PROTECT-4-150x150.jpg 150w, https:\/\/leconservatoiredujeu.fr\/wp-content\/uploads\/2020\/08\/PROTECT-4-768x768.jpg 768w, https:\/\/leconservatoiredujeu.fr\/wp-content\/uploads\/2020\/08\/PROTECT-4.jpg 800w\" sizes=\"(max-width: 300px) 100vw, 300px\" \/><\/figure><\/div>\n\n\n\n<p class=\"has-white-color has-text-color\">Ligne<\/p>\n\n\n\n<p class=\"has-text-align-left\"><strong><span style=\"text-decoration: underline;\">Housse<\/span><\/strong> <strong>:<\/strong><\/p>\n\n\n\n<div class=\"wp-block-image is-style-default\"><figure class=\"aligncenter size-medium\"><img loading=\"lazy\" decoding=\"async\" width=\"300\" height=\"176\" src=\"http:\/\/leconservatoiredujeu.fr\/wp-content\/uploads\/2020\/08\/HOUSSE-1-300x176.jpg\" alt=\"\" class=\"wp-image-11930\" srcset=\"https:\/\/leconservatoiredujeu.fr\/wp-content\/uploads\/2020\/08\/HOUSSE-1-300x176.jpg 300w, https:\/\/leconservatoiredujeu.fr\/wp-content\/uploads\/2020\/08\/HOUSSE-1.jpg 486w\" sizes=\"(max-width: 300px) 100vw, 300px\" \/><\/figure><\/div>\n\n\n\n<p class=\"has-white-color has-text-color\">Ligne<\/p>\n\n\n\n<p class=\"has-text-align-left\"><strong><span style=\"text-decoration: underline;\">Dragonne<\/span> :<\/strong><\/p>\n\n\n\n<div class=\"wp-block-image is-style-default\"><figure class=\"aligncenter size-medium\"><img loading=\"lazy\" decoding=\"async\" width=\"300\" height=\"300\" src=\"http:\/\/leconservatoiredujeu.fr\/wp-content\/uploads\/2020\/08\/D-300x300.jpg\" alt=\"\" class=\"wp-image-11931\" srcset=\"https:\/\/leconservatoiredujeu.fr\/wp-content\/uploads\/2020\/08\/D-300x300.jpg 300w, https:\/\/leconservatoiredujeu.fr\/wp-content\/uploads\/2020\/08\/D-150x150.jpg 150w, https:\/\/leconservatoiredujeu.fr\/wp-content\/uploads\/2020\/08\/D.jpg 679w\" sizes=\"(max-width: 300px) 100vw, 300px\" \/><\/figure><\/div>\n\n\n\n<p class=\"has-white-color has-text-color\">Ligne<\/p>\n\n\n\n<p class=\"has-text-align-left\"><strong><span style=\"text-decoration: underline;\">Support<\/span> :<\/strong><\/p>\n\n\n\n<div class=\"wp-block-image is-style-default\"><figure class=\"aligncenter size-large\"><img loading=\"lazy\" decoding=\"async\" width=\"300\" height=\"225\" src=\"http:\/\/leconservatoiredujeu.fr\/wp-content\/uploads\/2020\/08\/SUPPORT-1.jpg\" alt=\"\" class=\"wp-image-11933\"\/><\/figure><\/div>\n\n\n\n<p class=\"has-white-color has-text-color\">Ligne<\/p>\n\n\n\n<p class=\"has-text-align-left\"><strong><span style=\"text-decoration: underline;\">Remplacement UMD<\/span><\/strong> <strong>:<\/strong><\/p>\n\n\n\n<div class=\"wp-block-image is-style-default\"><figure class=\"aligncenter size-medium\"><img loading=\"lazy\" decoding=\"async\" width=\"300\" height=\"300\" src=\"http:\/\/leconservatoiredujeu.fr\/wp-content\/uploads\/2020\/09\/STOCK-300x300.jpg\" alt=\"\" class=\"wp-image-11936\" srcset=\"https:\/\/leconservatoiredujeu.fr\/wp-content\/uploads\/2020\/09\/STOCK-300x300.jpg 300w, https:\/\/leconservatoiredujeu.fr\/wp-content\/uploads\/2020\/09\/STOCK-150x150.jpg 150w, https:\/\/leconservatoiredujeu.fr\/wp-content\/uploads\/2020\/09\/STOCK-768x768.jpg 768w, https:\/\/leconservatoiredujeu.fr\/wp-content\/uploads\/2020\/09\/STOCK.jpg 800w\" sizes=\"(max-width: 300px) 100vw, 300px\" \/><\/figure><\/div>\n\n\n\n<p class=\"has-white-color has-text-color\">Ligne<\/p>\n\n\n\n<p class=\"has-text-align-right\">Le Conservatoire du Jeu &#8211; Mars 2022<\/p>\n","protected":false},"excerpt":{"rendered":"<p>GPS : Un r\u00e9cepteur GPS, se branchant sur ce port et requ\u00e9rant un UMD sp\u00e9cifique, est rapidement sorti pour le march\u00e9 japonais. En France, le module GPS est sorti le 2 juillet 2008, via trois packs dont le prix varie &hellip; <a href=\"https:\/\/leconservatoiredujeu.fr\/index.php\/sony-psp-accessoires\/\">Continuer la lecture <span class=\"meta-nav\">&rarr;<\/span><\/a><\/p>\n","protected":false},"author":1,"featured_media":11920,"parent":0,"menu_order":0,"comment_status":"closed","ping_status":"closed","template":"","meta":{"footnotes":""},"_links":{"self":[{"href":"https:\/\/leconservatoiredujeu.fr\/index.php\/wp-json\/wp\/v2\/pages\/11595"}],"collection":[{"href":"https:\/\/leconservatoiredujeu.fr\/index.php\/wp-json\/wp\/v2\/pages"}],"about":[{"href":"https:\/\/leconservatoiredujeu.fr\/index.php\/wp-json\/wp\/v2\/types\/page"}],"author":[{"embeddable":true,"href":"https:\/\/leconservatoiredujeu.fr\/index.php\/wp-json\/wp\/v2\/users\/1"}],"replies":[{"embeddable":true,"href":"https:\/\/leconservatoiredujeu.fr\/index.php\/wp-json\/wp\/v2\/comments?post=11595"}],"version-history":[{"count":10,"href":"https:\/\/leconservatoiredujeu.fr\/index.php\/wp-json\/wp\/v2\/pages\/11595\/revisions"}],"predecessor-version":[{"id":12769,"href":"https:\/\/leconservatoiredujeu.fr\/index.php\/wp-json\/wp\/v2\/pages\/11595\/revisions\/12769"}],"wp:featuredmedia":[{"embeddable":true,"href":"https:\/\/leconservatoiredujeu.fr\/index.php\/wp-json\/wp\/v2\/media\/11920"}],"wp:attachment":[{"href":"https:\/\/leconservatoiredujeu.fr\/index.php\/wp-json\/wp\/v2\/media?parent=11595"}],"curies":[{"name":"wp","href":"https:\/\/api.w.org\/{rel}","templated":true}]}}