{"id":11584,"date":"2020-08-26T17:56:11","date_gmt":"2020-08-26T15:56:11","guid":{"rendered":"http:\/\/leconservatoiredujeu.fr\/?page_id=11584"},"modified":"2022-03-17T16:10:46","modified_gmt":"2022-03-17T15:10:46","slug":"sony-playstation-2-accessoires","status":"publish","type":"page","link":"https:\/\/leconservatoiredujeu.fr\/index.php\/sony-playstation-2-accessoires\/","title":{"rendered":"Sony &#8211; Playstation 2 &#8211; Accessoires"},"content":{"rendered":"\n<p class=\"has-text-align-left\"><strong><span style=\"text-decoration: underline;\">Manette<\/span><\/strong> :<\/p>\n\n\n\n<figure class=\"wp-block-gallery aligncenter columns-2 is-cropped wp-block-gallery-1 is-layout-flex wp-block-gallery-is-layout-flex\"><ul class=\"blocks-gallery-grid\"><li class=\"blocks-gallery-item\"><figure><img loading=\"lazy\" decoding=\"async\" width=\"300\" height=\"300\" src=\"http:\/\/leconservatoiredujeu.fr\/wp-content\/uploads\/2022\/03\/MANETTE-4-300x300-1.jpg\" alt=\"\" data-id=\"12704\" data-link=\"http:\/\/leconservatoiredujeu.fr\/index.php\/sony-playstation-2-accessoires\/manette-4-300x300-1\/\" class=\"wp-image-12704\" srcset=\"https:\/\/leconservatoiredujeu.fr\/wp-content\/uploads\/2022\/03\/MANETTE-4-300x300-1.jpg 300w, https:\/\/leconservatoiredujeu.fr\/wp-content\/uploads\/2022\/03\/MANETTE-4-300x300-1-150x150.jpg 150w\" sizes=\"(max-width: 300px) 100vw, 300px\" \/><\/figure><\/li><li class=\"blocks-gallery-item\"><figure><img loading=\"lazy\" decoding=\"async\" width=\"398\" height=\"413\" src=\"http:\/\/leconservatoiredujeu.fr\/wp-content\/uploads\/2022\/03\/manette-ps2.jpg\" alt=\"\" data-id=\"12705\" data-full-url=\"http:\/\/leconservatoiredujeu.fr\/wp-content\/uploads\/2022\/03\/manette-ps2.jpg\" data-link=\"http:\/\/leconservatoiredujeu.fr\/index.php\/sony-playstation-2-accessoires\/manette-ps2\/\" class=\"wp-image-12705\" srcset=\"https:\/\/leconservatoiredujeu.fr\/wp-content\/uploads\/2022\/03\/manette-ps2.jpg 398w, https:\/\/leconservatoiredujeu.fr\/wp-content\/uploads\/2022\/03\/manette-ps2-289x300.jpg 289w\" sizes=\"(max-width: 398px) 100vw, 398px\" \/><\/figure><\/li><\/ul><\/figure>\n\n\n\n<p>Le DualShock 2 est apparue en mars\u00a02000\u00a0avec la\u00a0<a href=\"http:\/\/leconservatoiredujeu.fr\/index.php\/playstation-2\/\" data-type=\"URL\" data-id=\"http:\/\/leconservatoiredujeu.fr\/index.php\/playstation-2\/\">PlayStation 2<\/a>. Il constitue une \u00e9volution de la DualShock dont elle reprend l&rsquo;ergonomie g\u00e9n\u00e9rale. Ses sticks analogiques et ses boutons proposent des degr\u00e9s de sensibilit\u00e9 plus importants. Il est aussi plus l\u00e9ger et a \u00e9t\u00e9 initialement propos\u00e9 dans la couleur noire. La manette est compatible avec la premi\u00e8re <a href=\"http:\/\/leconservatoiredujeu.fr\/index.php\/playstation\/\" data-type=\"URL\" data-id=\"http:\/\/leconservatoiredujeu.fr\/index.php\/playstation\/\">PlayStation<\/a> ainsi qu&rsquo;avec la <a href=\"http:\/\/leconservatoiredujeu.fr\/index.php\/playstation-3\/\" data-type=\"URL\" data-id=\"http:\/\/leconservatoiredujeu.fr\/index.php\/playstation-3\/\">PlayStation 3 <\/a>(via un adaptateur).<\/p>\n\n\n\n<p class=\"has-white-color has-text-color\">Ligne<\/p>\n\n\n\n<p class=\"has-text-align-left\"><strong><span style=\"text-decoration: underline;\">Carte m\u00e9moire<\/span><\/strong> :<\/p>\n\n\n\n<div class=\"wp-block-image is-style-default\"><figure class=\"aligncenter size-medium\"><img loading=\"lazy\" decoding=\"async\" width=\"300\" height=\"283\" src=\"http:\/\/leconservatoiredujeu.fr\/wp-content\/uploads\/2020\/08\/MEMOIRE-300x283.jpg\" alt=\"\" class=\"wp-image-11810\" srcset=\"https:\/\/leconservatoiredujeu.fr\/wp-content\/uploads\/2020\/08\/MEMOIRE-300x283.jpg 300w, https:\/\/leconservatoiredujeu.fr\/wp-content\/uploads\/2020\/08\/MEMOIRE-318x300.jpg 318w, https:\/\/leconservatoiredujeu.fr\/wp-content\/uploads\/2020\/08\/MEMOIRE.jpg 500w\" sizes=\"(max-width: 300px) 100vw, 300px\" \/><\/figure><\/div>\n\n\n\n<p>\u00a0L<span class=\"has-inline-color has-black-color\">a\u00a0carte m\u00e9moire\u00a0Memory Card\u00a0(8 MB), int\u00e8gre la technologie\u00a0MagicGate<\/span>.<\/p>\n\n\n\n<p class=\"has-white-color has-text-color\">Ligne<\/p>\n\n\n\n<p class=\"has-text-align-left\"><strong><span style=\"text-decoration: underline;\">T\u00e9l\u00e9commande<\/span><\/strong> :<\/p>\n\n\n\n<figure class=\"wp-block-gallery columns-2 is-cropped wp-block-gallery-2 is-layout-flex wp-block-gallery-is-layout-flex\"><ul class=\"blocks-gallery-grid\"><li class=\"blocks-gallery-item\"><figure><img loading=\"lazy\" decoding=\"async\" width=\"300\" height=\"300\" src=\"http:\/\/leconservatoiredujeu.fr\/wp-content\/uploads\/2022\/03\/TELECOMMANDE.jpg\" alt=\"\" data-id=\"12706\" data-link=\"http:\/\/leconservatoiredujeu.fr\/index.php\/sony-playstation-2-accessoires\/telecommande-3\/\" class=\"wp-image-12706\" srcset=\"https:\/\/leconservatoiredujeu.fr\/wp-content\/uploads\/2022\/03\/TELECOMMANDE.jpg 300w, https:\/\/leconservatoiredujeu.fr\/wp-content\/uploads\/2022\/03\/TELECOMMANDE-150x150.jpg 150w\" sizes=\"(max-width: 300px) 100vw, 300px\" \/><\/figure><\/li><li class=\"blocks-gallery-item\"><figure><img loading=\"lazy\" decoding=\"async\" width=\"210\" height=\"300\" src=\"http:\/\/leconservatoiredujeu.fr\/wp-content\/uploads\/2022\/03\/retro-telecommande-dvd-pour-console-ps2-officiel-sony-playstation-2.jpg\" alt=\"\" data-id=\"12707\" data-full-url=\"http:\/\/leconservatoiredujeu.fr\/wp-content\/uploads\/2022\/03\/retro-telecommande-dvd-pour-console-ps2-officiel-sony-playstation-2.jpg\" data-link=\"http:\/\/leconservatoiredujeu.fr\/index.php\/sony-playstation-2-accessoires\/retro-telecommande-dvd-pour-console-ps2-officiel-sony-playstation-2\/\" class=\"wp-image-12707\"\/><\/figure><\/li><\/ul><\/figure>\n\n\n\n<p>La t\u00e9l\u00e9commande (particuli\u00e8rement utile lors de l&rsquo;utilisation de la console pour voir un film sur DVD) La commande \u00e0 distance comprend un t\u00e9l\u00e9commande pour DVD Sony (Modifi\u00e9 de mani\u00e8re appropri\u00e9e avec quelques touches plus) et un r\u00e9cepteur infrarouge pour \u00eatre connect\u00e9 \u00e0 la console pour la r\u00e9ception du signal. l&rsquo;inconv\u00e9nient de Vista c\u00e2ble et peu familiers avec le gamepad que certains ont, la t\u00e9l\u00e9commande rend la console d&rsquo;un lecteur DVD en vigueur.<\/p>\n\n\n\n<p class=\"has-white-color has-text-color\">Ligne<\/p>\n\n\n\n<p class=\"has-text-align-left\"><strong><span style=\"text-decoration: underline;\">Adaptateur r\u00e9seau<\/span><\/strong> :<\/p>\n\n\n\n<div class=\"wp-block-image is-style-default\"><figure class=\"aligncenter size-medium is-resized\"><img loading=\"lazy\" decoding=\"async\" src=\"http:\/\/leconservatoiredujeu.fr\/wp-content\/uploads\/2020\/08\/ADAP-300x198.jpg\" alt=\"\" class=\"wp-image-11812\" width=\"410\" height=\"269\"\/><\/figure><\/div>\n\n\n\n<p><span class=\"has-inline-color has-black-color\">Le\u00a0Network Adapter\u00a0(adaptateur r\u00e9seau Ethernet \/ modem) pour <a href=\"http:\/\/leconservatoiredujeu.fr\/index.php\/playstation-2\/\" data-type=\"URL\" data-id=\"http:\/\/leconservatoiredujeu.fr\/index.php\/playstation-2\/\">PS2<\/a> qui sera utilis\u00e9 pour jouer\u00a0online. Avec la possibilit\u00e9 de recevoir gratuitement un exemplaire de\u00a0Twisted Metal : Black Online, ainsi que les d\u00e9mos jouables de\u00a0Frequency\u00a0et\u00a0Madden NFL 2003<\/span> pour l&rsquo;achat d&rsquo;un adaptateur r\u00e9seau.<\/p>\n\n\n\n<p class=\"has-white-color has-text-color\">Ligne<\/p>\n\n\n\n<p class=\"has-text-align-left\"><strong><span style=\"text-decoration: underline;\">Micro-casque Headset<\/span><\/strong> :<\/p>\n\n\n\n<div class=\"wp-block-image is-style-default\"><figure class=\"aligncenter size-large\"><img loading=\"lazy\" decoding=\"async\" width=\"300\" height=\"225\" src=\"http:\/\/leconservatoiredujeu.fr\/wp-content\/uploads\/2020\/08\/HEAD.jpg\" alt=\"\" class=\"wp-image-11813\"\/><\/figure><\/div>\n\n\n\n<p>Un\u00a0micro-casque\u00a0est un \u00e9quipement int\u00e9grant un\u00a0microphone\u00a0et un\u00a0casque audio\u00a0dans un m\u00eame appareil, utilis\u00e9 en informatique, en radiot\u00e9l\u00e9phonie et studio d&rsquo;enregistrement.<\/p>\n\n\n\n<p class=\"has-white-color has-text-color\">Ligne<\/p>\n\n\n\n<p class=\"has-text-align-left\"><strong><span style=\"text-decoration: underline;\">Micro SingStar<\/span><\/strong> :<\/p>\n\n\n\n<div class=\"wp-block-image is-style-default\"><figure class=\"aligncenter size-medium\"><img loading=\"lazy\" decoding=\"async\" width=\"300\" height=\"199\" src=\"http:\/\/leconservatoiredujeu.fr\/wp-content\/uploads\/2020\/08\/MIC-1-300x199.jpg\" alt=\"\" class=\"wp-image-11814\" srcset=\"https:\/\/leconservatoiredujeu.fr\/wp-content\/uploads\/2020\/08\/MIC-1-300x199.jpg 300w, https:\/\/leconservatoiredujeu.fr\/wp-content\/uploads\/2020\/08\/MIC-1-1024x680.jpg 1024w, https:\/\/leconservatoiredujeu.fr\/wp-content\/uploads\/2020\/08\/MIC-1-768x510.jpg 768w, https:\/\/leconservatoiredujeu.fr\/wp-content\/uploads\/2020\/08\/MIC-1-452x300.jpg 452w, https:\/\/leconservatoiredujeu.fr\/wp-content\/uploads\/2020\/08\/MIC-1.jpg 1500w\" sizes=\"(max-width: 300px) 100vw, 300px\" \/><\/figure><\/div>\n\n\n\n<p>Un karaok\u00e9 en jeu vid\u00e9o, en faisant s&rsquo;affronter deux adversaires. Les joueurs chantent le titre, o\u00f9 les paroles et la musique d\u00e9filent \u00e0 l&rsquo;\u00e9cran, avec souvent une vid\u00e9o en arri\u00e8re-plan. Le but chanter le plus juste dans les micros.<\/p>\n\n\n\n<p class=\"has-white-color has-text-color\">Ligne<\/p>\n\n\n\n<p class=\"has-text-align-left\"><strong><span style=\"text-decoration: underline;\">Guitare du jeu \u00ab\u00a0Guitar Hero\u00a0\u00bb<\/span><\/strong> :<\/p>\n\n\n\n<div class=\"wp-block-image is-style-default\"><figure class=\"aligncenter size-medium is-resized\"><img loading=\"lazy\" decoding=\"async\" src=\"http:\/\/leconservatoiredujeu.fr\/wp-content\/uploads\/2020\/08\/GUITARE-2-300x192.jpg\" alt=\"\" class=\"wp-image-11815\" width=\"451\" height=\"287\" srcset=\"https:\/\/leconservatoiredujeu.fr\/wp-content\/uploads\/2020\/08\/GUITARE-2-300x192.jpg 300w, https:\/\/leconservatoiredujeu.fr\/wp-content\/uploads\/2020\/08\/GUITARE-2-469x300.jpg 469w\" sizes=\"(max-width: 451px) 100vw, 451px\" \/><\/figure><\/div>\n\n\n\n<p>Le joueur dirige un guitariste et doit parvenir \u00e0 jouer des chansons de rock avec le moins de fausses notes possible. Il est possible de jouer avec une guitare d\u00e9di\u00e9e au jeu, ou \u00e0 la manette.<\/p>\n\n\n\n<p class=\"has-white-color has-text-color\">Ligne<\/p>\n\n\n\n<p class=\"has-text-align-left\"><span style=\"text-decoration: underline;\"><strong>Volant<\/strong><\/span> :<\/p>\n\n\n\n<div class=\"wp-block-image is-style-default\"><figure class=\"aligncenter size-medium\"><img loading=\"lazy\" decoding=\"async\" width=\"300\" height=\"233\" src=\"http:\/\/leconservatoiredujeu.fr\/wp-content\/uploads\/2020\/08\/V-300x233.jpg\" alt=\"\" class=\"wp-image-11816\" srcset=\"https:\/\/leconservatoiredujeu.fr\/wp-content\/uploads\/2020\/08\/V-300x233.jpg 300w, https:\/\/leconservatoiredujeu.fr\/wp-content\/uploads\/2020\/08\/V-387x300.jpg 387w, https:\/\/leconservatoiredujeu.fr\/wp-content\/uploads\/2020\/08\/V.jpg 516w\" sizes=\"(max-width: 300px) 100vw, 300px\" \/><\/figure><\/div>\n\n\n\n<p class=\"has-white-color has-text-color\">Ligne<\/p>\n\n\n\n<p class=\"has-text-align-left\"><strong><span style=\"text-decoration: underline;\">Pistolet G-Con2<\/span><\/strong> :<\/p>\n\n\n\n<div class=\"wp-block-image is-style-default\"><figure class=\"aligncenter size-medium\"><img loading=\"lazy\" decoding=\"async\" width=\"295\" height=\"300\" src=\"http:\/\/leconservatoiredujeu.fr\/wp-content\/uploads\/2020\/08\/G-CON-295x300.jpg\" alt=\"\" class=\"wp-image-11817\" srcset=\"https:\/\/leconservatoiredujeu.fr\/wp-content\/uploads\/2020\/08\/G-CON-295x300.jpg 295w, https:\/\/leconservatoiredujeu.fr\/wp-content\/uploads\/2020\/08\/G-CON.jpg 500w\" sizes=\"(max-width: 295px) 100vw, 295px\" \/><\/figure><\/div>\n\n\n\n<p class=\"has-white-color has-text-color\">Ligne<\/p>\n\n\n\n<p class=\"has-text-align-center\"><strong><span style=\"text-decoration: underline;\">Clavier-contr\u00f4leur NetPlay Controller<\/span><\/strong><\/p>\n\n\n\n<div class=\"wp-block-image is-style-default\"><figure class=\"aligncenter size-large\"><img loading=\"lazy\" decoding=\"async\" width=\"340\" height=\"263\" src=\"http:\/\/leconservatoiredujeu.fr\/wp-content\/uploads\/2020\/08\/NETPLAY.jpg\" alt=\"\" class=\"wp-image-11818\" srcset=\"https:\/\/leconservatoiredujeu.fr\/wp-content\/uploads\/2020\/08\/NETPLAY.jpg 340w, https:\/\/leconservatoiredujeu.fr\/wp-content\/uploads\/2020\/08\/NETPLAY-300x232.jpg 300w\" sizes=\"(max-width: 340px) 100vw, 340px\" \/><\/figure><\/div>\n\n\n\n<p>Clavier de r\u00e9f\u00e9rence et officiel de la <a href=\"http:\/\/leconservatoiredujeu.fr\/index.php\/playstation-2\/\" data-type=\"URL\" data-id=\"http:\/\/leconservatoiredujeu.fr\/index.php\/playstation-2\/\">Playstation 2<\/a>. Il s&rsquo;agit d&rsquo;un clavier entour\u00e9 de chaque c\u00f4t\u00e9 des boutons de la manette, sa croix directionnelle et ses joysticks. Beaucoup utilis\u00e9 par les joueurs en ligne.<\/p>\n\n\n\n<p class=\"has-white-color has-text-color\">Ligne<\/p>\n\n\n\n<p class=\"has-text-align-left\"><strong><span style=\"text-decoration: underline;\">Multitap<\/span><\/strong> :<\/p>\n\n\n\n<figure class=\"wp-block-gallery columns-2 is-cropped wp-block-gallery-3 is-layout-flex wp-block-gallery-is-layout-flex\"><ul class=\"blocks-gallery-grid\"><li class=\"blocks-gallery-item\"><figure><img loading=\"lazy\" decoding=\"async\" width=\"266\" height=\"270\" src=\"http:\/\/leconservatoiredujeu.fr\/wp-content\/uploads\/2022\/03\/MULTI-1.jpg\" alt=\"\" data-id=\"12708\" data-link=\"http:\/\/leconservatoiredujeu.fr\/index.php\/sony-playstation-2-accessoires\/multi-1-2\/\" class=\"wp-image-12708\"\/><\/figure><\/li><li class=\"blocks-gallery-item\"><figure><img loading=\"lazy\" decoding=\"async\" width=\"350\" height=\"350\" src=\"http:\/\/leconservatoiredujeu.fr\/wp-content\/uploads\/2022\/03\/multitap.jpg\" alt=\"\" data-id=\"12709\" data-full-url=\"http:\/\/leconservatoiredujeu.fr\/wp-content\/uploads\/2022\/03\/multitap.jpg\" data-link=\"http:\/\/leconservatoiredujeu.fr\/index.php\/sony-playstation-2-accessoires\/multitap\/\" class=\"wp-image-12709\" srcset=\"https:\/\/leconservatoiredujeu.fr\/wp-content\/uploads\/2022\/03\/multitap.jpg 350w, https:\/\/leconservatoiredujeu.fr\/wp-content\/uploads\/2022\/03\/multitap-300x300.jpg 300w, https:\/\/leconservatoiredujeu.fr\/wp-content\/uploads\/2022\/03\/multitap-150x150.jpg 150w\" sizes=\"(max-width: 350px) 100vw, 350px\" \/><\/figure><\/li><\/ul><\/figure>\n\n\n\n<p>Le\u00a0PlayStation Multitap\u00a0est un adaptateur p\u00e9riph\u00e9rique\u00a0permettant de connecter jusqu&rsquo;\u00e0 4\u00a0manettes de jeu. Ins\u00e9rable dans l&rsquo;une des deux fentes pour manettes de la console, deux Multitap peuvent \u00eatre connect\u00e9s en m\u00eame temps afin de regrouper jusqu&rsquo;\u00e0 8 manettes.<\/p>\n\n\n\n<p class=\"has-white-color has-text-color\">Ligne<\/p>\n\n\n\n<p class=\"has-text-align-left\"><span style=\"text-decoration: underline;\"><strong>C\u00e2bles AV analogique<\/strong><\/span> :<\/p>\n\n\n\n<div class=\"wp-block-image is-style-default\"><figure class=\"aligncenter size-medium\"><img loading=\"lazy\" decoding=\"async\" width=\"300\" height=\"300\" src=\"http:\/\/leconservatoiredujeu.fr\/wp-content\/uploads\/2020\/08\/CABLE-1-300x300.jpg\" alt=\"\" class=\"wp-image-11821\" srcset=\"https:\/\/leconservatoiredujeu.fr\/wp-content\/uploads\/2020\/08\/CABLE-1-300x300.jpg 300w, https:\/\/leconservatoiredujeu.fr\/wp-content\/uploads\/2020\/08\/CABLE-1-150x150.jpg 150w, https:\/\/leconservatoiredujeu.fr\/wp-content\/uploads\/2020\/08\/CABLE-1.jpg 500w\" sizes=\"(max-width: 300px) 100vw, 300px\" \/><\/figure><\/div>\n\n\n\n<p class=\"has-white-color has-text-color\">Ligne<\/p>\n\n\n\n<p class=\"has-text-align-left\"><strong><span style=\"text-decoration: underline;\">Kit Linux<\/span><\/strong> :<\/p>\n\n\n\n<div class=\"wp-block-image is-style-default\"><figure class=\"aligncenter size-full is-resized\"><img loading=\"lazy\" decoding=\"async\" src=\"http:\/\/leconservatoiredujeu.fr\/wp-content\/uploads\/2022\/03\/linux_kit.jpg\" alt=\"\" class=\"wp-image-12710\" width=\"413\" height=\"334\"\/><\/figure><\/div>\n\n\n\n<p>Linux pour<a href=\"http:\/\/leconservatoiredujeu.fr\/index.php\/playstation-2\/\" data-type=\"URL\" data-id=\"http:\/\/leconservatoiredujeu.fr\/index.php\/playstation-2\/\"> PlayStation 2<\/a>\u00a0est le nom d&rsquo;un kit produit par\u00a0<a href=\"http:\/\/leconservatoiredujeu.fr\/index.php\/sony\/\" data-type=\"URL\" data-id=\"http:\/\/leconservatoiredujeu.fr\/index.php\/sony\/\">Sony Computer Entertainment<\/a>\u00a0en 2002 pour permettre aux joueurs de la\u00a0<a href=\"http:\/\/leconservatoiredujeu.fr\/index.php\/playstation-2\/\" data-type=\"URL\" data-id=\"http:\/\/leconservatoiredujeu.fr\/index.php\/playstation-2\/\">PlayStation 2<\/a>\u00a0d&rsquo;utiliser cette console de jeu comme un\u00a0PC<sup><a href=\"https:\/\/fr.wikipedia.org\/wiki\/Linux_pour_PlayStation_2#cite_note-ZDN-1\">1<\/a><\/sup>. Il contient un\u00a0syst\u00e8me d&rsquo;exploitation\u00a0qui est bas\u00e9 sur\u00a0Linux, un ensemble\u00a0clavier-souris\u00a0USB, un adaptateur\u00a0VGA, un adaptateur r\u00e9seau PlayStation 2 (ethernet\u00a0seulement) et un\u00a0disque dur\u00a0de 40\u00a0Go.<\/p>\n\n\n\n<p class=\"has-white-color has-text-color\">Ligne<\/p>\n\n\n\n<p class=\"has-text-align-left\"><span style=\"text-decoration: underline;\"><strong>Socle<\/strong><\/span> :<\/p>\n\n\n\n<div class=\"wp-block-image is-style-default\"><figure class=\"aligncenter size-large\"><img loading=\"lazy\" decoding=\"async\" width=\"349\" height=\"249\" src=\"http:\/\/leconservatoiredujeu.fr\/wp-content\/uploads\/2020\/08\/SOCLE.jpg\" alt=\"\" class=\"wp-image-11824\" srcset=\"https:\/\/leconservatoiredujeu.fr\/wp-content\/uploads\/2020\/08\/SOCLE.jpg 349w, https:\/\/leconservatoiredujeu.fr\/wp-content\/uploads\/2020\/08\/SOCLE-300x214.jpg 300w\" sizes=\"(max-width: 349px) 100vw, 349px\" \/><\/figure><\/div>\n\n\n\n<p>Socle qui servait a tenir la console droite en vertical<\/p>\n\n\n\n<p class=\"has-white-color has-text-color\">Ligne<\/p>\n\n\n\n<p class=\"has-text-align-left\"><strong><span style=\"text-decoration: underline;\">EyeToy<\/span><\/strong> :<\/p>\n\n\n\n<div class=\"wp-block-image is-style-default\"><figure class=\"aligncenter size-large\"><img loading=\"lazy\" decoding=\"async\" width=\"400\" height=\"268\" src=\"http:\/\/leconservatoiredujeu.fr\/wp-content\/uploads\/2020\/08\/EYE-3.jpg\" alt=\"\" class=\"wp-image-11825\" srcset=\"https:\/\/leconservatoiredujeu.fr\/wp-content\/uploads\/2020\/08\/EYE-3.jpg 400w, https:\/\/leconservatoiredujeu.fr\/wp-content\/uploads\/2020\/08\/EYE-3-300x201.jpg 300w\" sizes=\"(max-width: 400px) 100vw, 400px\" \/><\/figure><\/div>\n\n\n\n<p>L&rsquo;<strong>EyeToy<\/strong>\u00a0est une\u00a0cam\u00e9ra\u00a0commercialis\u00e9e par\u00a0<a href=\"http:\/\/leconservatoiredujeu.fr\/index.php\/sony\/\" data-type=\"URL\" data-id=\"http:\/\/leconservatoiredujeu.fr\/index.php\/sony\/\">Sony<\/a>\u00a0en 2003 et utilis\u00e9e dans le\u00a0jeu vid\u00e9o\u00a0comme mode de contr\u00f4le\u00a0<em>via<\/em>\u00a0la reconnaissance de mouvement. Elle est principalement fabriqu\u00e9e par\u00a0Logitech, m\u00eame si de nouvelles versions sont d\u00e9velopp\u00e9es par\u00a0Nam Tai. Elle est utilis\u00e9e sur la console\u00a0<a href=\"http:\/\/leconservatoiredujeu.fr\/index.php\/playstation-2\/\" data-type=\"URL\" data-id=\"http:\/\/leconservatoiredujeu.fr\/index.php\/playstation-2\/\">PlayStation 2<\/a><\/p>\n\n\n\n<p class=\"has-text-align-left\"><strong><span style=\"text-decoration: underline;\">Source <\/span>: <\/strong>Wikip\u00e9dia<\/p>\n\n\n\n<p class=\"has-text-align-right\">Le Conservatoire du Jeu &#8211; Mars 2022<\/p>\n","protected":false},"excerpt":{"rendered":"<p>Manette : Le DualShock 2 est apparue en mars\u00a02000\u00a0avec la\u00a0PlayStation 2. Il constitue une \u00e9volution de la DualShock dont elle reprend l&rsquo;ergonomie g\u00e9n\u00e9rale. Ses sticks analogiques et ses boutons proposent des degr\u00e9s de sensibilit\u00e9 plus importants. Il est aussi plus &hellip; <a href=\"https:\/\/leconservatoiredujeu.fr\/index.php\/sony-playstation-2-accessoires\/\">Continuer la lecture <span class=\"meta-nav\">&rarr;<\/span><\/a><\/p>\n","protected":false},"author":1,"featured_media":0,"parent":0,"menu_order":0,"comment_status":"closed","ping_status":"closed","template":"","meta":{"footnotes":""},"_links":{"self":[{"href":"https:\/\/leconservatoiredujeu.fr\/index.php\/wp-json\/wp\/v2\/pages\/11584"}],"collection":[{"href":"https:\/\/leconservatoiredujeu.fr\/index.php\/wp-json\/wp\/v2\/pages"}],"about":[{"href":"https:\/\/leconservatoiredujeu.fr\/index.php\/wp-json\/wp\/v2\/types\/page"}],"author":[{"embeddable":true,"href":"https:\/\/leconservatoiredujeu.fr\/index.php\/wp-json\/wp\/v2\/users\/1"}],"replies":[{"embeddable":true,"href":"https:\/\/leconservatoiredujeu.fr\/index.php\/wp-json\/wp\/v2\/comments?post=11584"}],"version-history":[{"count":5,"href":"https:\/\/leconservatoiredujeu.fr\/index.php\/wp-json\/wp\/v2\/pages\/11584\/revisions"}],"predecessor-version":[{"id":12712,"href":"https:\/\/leconservatoiredujeu.fr\/index.php\/wp-json\/wp\/v2\/pages\/11584\/revisions\/12712"}],"wp:attachment":[{"href":"https:\/\/leconservatoiredujeu.fr\/index.php\/wp-json\/wp\/v2\/media?parent=11584"}],"curies":[{"name":"wp","href":"https:\/\/api.w.org\/{rel}","templated":true}]}}