{"id":11581,"date":"2020-08-26T17:53:53","date_gmt":"2020-08-26T15:53:53","guid":{"rendered":"http:\/\/leconservatoiredujeu.fr\/?page_id=11581"},"modified":"2022-03-15T11:38:04","modified_gmt":"2022-03-15T10:38:04","slug":"sony-playstation-1-accessoires","status":"publish","type":"page","link":"https:\/\/leconservatoiredujeu.fr\/index.php\/sony-playstation-1-accessoires\/","title":{"rendered":"Sony &#8211; Playstation 1 &#8211; Accessoires"},"content":{"rendered":"\n<p class=\"has-text-align-center\"><strong><span style=\"text-decoration: underline;\">Carte M\u00e9moire<\/span><\/strong><\/p>\n\n\n\n<div class=\"wp-block-image is-style-default\"><figure class=\"aligncenter size-large\"><img loading=\"lazy\" decoding=\"async\" width=\"300\" height=\"300\" src=\"http:\/\/leconservatoiredujeu.fr\/wp-content\/uploads\/2020\/08\/CARTE-MEMOIRE.jpg\" alt=\"\" class=\"wp-image-11790\" srcset=\"https:\/\/leconservatoiredujeu.fr\/wp-content\/uploads\/2020\/08\/CARTE-MEMOIRE.jpg 300w, https:\/\/leconservatoiredujeu.fr\/wp-content\/uploads\/2020\/08\/CARTE-MEMOIRE-150x150.jpg 150w\" sizes=\"(max-width: 300px) 100vw, 300px\" \/><\/figure><\/div>\n\n\n\n<p class=\"has-white-color has-text-color\">Ligne<\/p>\n\n\n\n<p class=\"has-text-align-center\"><strong><span style=\"text-decoration: underline;\">Manette Playstation<\/span><\/strong><\/p>\n\n\n\n<div class=\"wp-block-image is-style-default\"><figure class=\"aligncenter size-medium\"><img loading=\"lazy\" decoding=\"async\" width=\"300\" height=\"235\" src=\"http:\/\/leconservatoiredujeu.fr\/wp-content\/uploads\/2020\/08\/MAN-300x235.jpg\" alt=\"\" class=\"wp-image-11791\" srcset=\"https:\/\/leconservatoiredujeu.fr\/wp-content\/uploads\/2020\/08\/MAN-300x235.jpg 300w, https:\/\/leconservatoiredujeu.fr\/wp-content\/uploads\/2020\/08\/MAN-383x300.jpg 383w, https:\/\/leconservatoiredujeu.fr\/wp-content\/uploads\/2020\/08\/MAN.jpg 600w\" sizes=\"(max-width: 300px) 100vw, 300px\" \/><\/figure><\/div>\n\n\n\n<p>Sortie en 1994, la Sony\u00a0<a href=\"http:\/\/leconservatoiredujeu.fr\/index.php\/playstation\/\" data-type=\"URL\" data-id=\"http:\/\/leconservatoiredujeu.fr\/index.php\/playstation\/\">PlayStation<\/a>\u00a0sort avec une premi\u00e8re manette (standard). L&rsquo;originalit\u00e9 vient de sa forme, encore plus ergonomique que les pr\u00e9d\u00e9cesseurs mais aussi les noms des boutons principaux. Depuis le d\u00e9but les boutons \u00e9taient soit d\u00e9sign\u00e9 par des lettres, soit par des chiffres. La PlayStation met en place un syst\u00e8me de symbole, avec Croix, Rond, Carr\u00e9, et Triangle. Elle poss\u00e8de aussi quatre boutons de tranche R1\/R2\/L1\/L2                         .\u00c0 cette nouvelle manette, Sony r\u00e9pondra par deux r\u00e9visions, une premi\u00e8re en\u00a0avril 1997\u00a0avec la sortie de la\u00a0DualAnalog\u00a0Controller rajoutant deux sticks analogiques \u00e0 la manette, puis en\u00a0novembre 1997\u00a0avec la\u00a0DualShock\u00a0rajoutant les vibrations. Cette derni\u00e8re sera la r\u00e9f\u00e9rence des futures manettes de la gamme PlayStation.<\/p>\n\n\n\n<p class=\"has-white-color has-text-color\">Ligne<\/p>\n\n\n\n<p class=\"has-text-align-center\"><strong><span style=\"text-decoration: underline;\">Rallonge Manette<\/span><\/strong><\/p>\n\n\n\n<div class=\"wp-block-image is-style-default\"><figure class=\"aligncenter size-medium\"><img loading=\"lazy\" decoding=\"async\" width=\"300\" height=\"199\" src=\"http:\/\/leconservatoiredujeu.fr\/wp-content\/uploads\/2020\/08\/RALLONGE-300x199.jpg\" alt=\"\" class=\"wp-image-11792\" srcset=\"https:\/\/leconservatoiredujeu.fr\/wp-content\/uploads\/2020\/08\/RALLONGE-300x199.jpg 300w, https:\/\/leconservatoiredujeu.fr\/wp-content\/uploads\/2020\/08\/RALLONGE-453x300.jpg 453w, https:\/\/leconservatoiredujeu.fr\/wp-content\/uploads\/2020\/08\/RALLONGE.jpg 679w\" sizes=\"(max-width: 300px) 100vw, 300px\" \/><\/figure><\/div>\n\n\n\n<p class=\"has-white-color has-text-color\">Ligne<\/p>\n\n\n\n<p class=\"has-text-align-center\"><strong><span style=\"text-decoration: underline;\">Multita<\/span>p<\/strong><\/p>\n\n\n\n<div class=\"wp-block-image is-style-default\"><figure class=\"aligncenter size-medium\"><img loading=\"lazy\" decoding=\"async\" width=\"300\" height=\"163\" src=\"http:\/\/leconservatoiredujeu.fr\/wp-content\/uploads\/2020\/08\/MULTI-300x163.jpg\" alt=\"\" class=\"wp-image-11793\" srcset=\"https:\/\/leconservatoiredujeu.fr\/wp-content\/uploads\/2020\/08\/MULTI-300x163.jpg 300w, https:\/\/leconservatoiredujeu.fr\/wp-content\/uploads\/2020\/08\/MULTI-1024x557.jpg 1024w, https:\/\/leconservatoiredujeu.fr\/wp-content\/uploads\/2020\/08\/MULTI-768x418.jpg 768w, https:\/\/leconservatoiredujeu.fr\/wp-content\/uploads\/2020\/08\/MULTI-1536x836.jpg 1536w, https:\/\/leconservatoiredujeu.fr\/wp-content\/uploads\/2020\/08\/MULTI-2048x1115.jpg 2048w, https:\/\/leconservatoiredujeu.fr\/wp-content\/uploads\/2020\/08\/MULTI-500x272.jpg 500w\" sizes=\"(max-width: 300px) 100vw, 300px\" \/><\/figure><\/div>\n\n\n\n<p>Le\u00a0PlayStation Multitap\u00a0est un adaptateur p\u00e9riph\u00e9rique pour la console\u00a0<a href=\"http:\/\/leconservatoiredujeu.fr\/index.php\/playstation\/\" data-type=\"URL\" data-id=\"http:\/\/leconservatoiredujeu.fr\/index.php\/playstation\/\">PlayStation<\/a>\u00a0permettant de connecter jusqu&rsquo;\u00e0 4\u00a0manettes de jeu. Ins\u00e9rable dans l&rsquo;une des deux fentes pour manettes de la console, deux Multitap peuvent \u00eatre connect\u00e9s en m\u00eame temps afin de regrouper jusqu&rsquo;\u00e0 8 manettes. Il existe deux mod\u00e8les de deux couleurs diff\u00e9rentes (les gris et les blancs) qui sont tous deux compatibles avec la PlayStation et  le premier mod\u00e8le de la\u00a0<a href=\"http:\/\/leconservatoiredujeu.fr\/index.php\/playstation-2\/\" data-type=\"URL\" data-id=\"http:\/\/leconservatoiredujeu.fr\/index.php\/playstation-2\/\">PlayStation 2.<\/a><\/p>\n\n\n\n<p class=\"has-white-color has-text-color\">Ligne<\/p>\n\n\n\n<p class=\"has-text-align-center\"><strong><span style=\"text-decoration: underline;\">Volant Mad Catz<\/span><\/strong><\/p>\n\n\n\n<div class=\"wp-block-image is-style-default\"><figure class=\"aligncenter size-large\"><img loading=\"lazy\" decoding=\"async\" width=\"300\" height=\"300\" src=\"http:\/\/leconservatoiredujeu.fr\/wp-content\/uploads\/2020\/08\/VOLANT-2.jpg\" alt=\"\" class=\"wp-image-11799\" srcset=\"https:\/\/leconservatoiredujeu.fr\/wp-content\/uploads\/2020\/08\/VOLANT-2.jpg 300w, https:\/\/leconservatoiredujeu.fr\/wp-content\/uploads\/2020\/08\/VOLANT-2-150x150.jpg 150w\" sizes=\"(max-width: 300px) 100vw, 300px\" \/><\/figure><\/div>\n\n\n\n<p class=\"has-white-color has-text-color\">Ligne<\/p>\n\n\n\n<p class=\"has-text-align-center\"><strong><span style=\"text-decoration: underline;\">Analog Joystick<\/span><\/strong><\/p>\n\n\n\n<div class=\"wp-block-image is-style-default\"><figure class=\"aligncenter size-large\"><img loading=\"lazy\" decoding=\"async\" width=\"400\" height=\"300\" src=\"http:\/\/leconservatoiredujeu.fr\/wp-content\/uploads\/2020\/08\/STICK-2.jpg\" alt=\"\" class=\"wp-image-11801\" srcset=\"https:\/\/leconservatoiredujeu.fr\/wp-content\/uploads\/2020\/08\/STICK-2.jpg 400w, https:\/\/leconservatoiredujeu.fr\/wp-content\/uploads\/2020\/08\/STICK-2-300x225.jpg 300w\" sizes=\"(max-width: 400px) 100vw, 400px\" \/><\/figure><\/div>\n\n\n\n<p>Cette manette comporte un mode in\u00e9dit qui a aussi disparu dans les autres manettes : le mode Flightstick. En effet, le tout premier accessoire analogique de <a href=\"http:\/\/leconservatoiredujeu.fr\/index.php\/sony\/\" data-type=\"URL\" data-id=\"http:\/\/leconservatoiredujeu.fr\/index.php\/sony\/\">Sony<\/a> est le PlayStation Analog Joystick (SCPH-1110) qui permettait de jouer \u00e0 des jeux comme Colony Wars. En raison de sa taille imposante et de son prix (70$), Sony a d\u00e9cid\u00e9 d\u2019\u00e9muler ce joystick dans sa Dual Analog.<\/p>\n\n\n\n<p class=\"has-white-color has-text-color\">Ligne<\/p>\n\n\n\n<p class=\"has-text-align-center\"><span style=\"text-decoration: underline;\"><strong>House \/ Coque de protection pour manette<\/strong><\/span><\/p>\n\n\n\n<div class=\"wp-block-image is-style-default\"><figure class=\"aligncenter size-medium\"><img loading=\"lazy\" decoding=\"async\" width=\"300\" height=\"300\" src=\"http:\/\/leconservatoiredujeu.fr\/wp-content\/uploads\/2020\/08\/HOUSSE-300x300.jpg\" alt=\"\" class=\"wp-image-11802\" srcset=\"https:\/\/leconservatoiredujeu.fr\/wp-content\/uploads\/2020\/08\/HOUSSE-300x300.jpg 300w, https:\/\/leconservatoiredujeu.fr\/wp-content\/uploads\/2020\/08\/HOUSSE-150x150.jpg 150w, https:\/\/leconservatoiredujeu.fr\/wp-content\/uploads\/2020\/08\/HOUSSE-768x768.jpg 768w, https:\/\/leconservatoiredujeu.fr\/wp-content\/uploads\/2020\/08\/HOUSSE.jpg 800w\" sizes=\"(max-width: 300px) 100vw, 300px\" \/><\/figure><\/div>\n\n\n\n<p class=\"has-white-color has-text-color\">Ligne<\/p>\n\n\n\n<p class=\"has-text-align-center\"><strong><span style=\"text-decoration: underline;\">Pistolet G-Con45<\/span><\/strong><\/p>\n\n\n\n<figure class=\"wp-block-gallery columns-2 is-cropped wp-block-gallery-1 is-layout-flex wp-block-gallery-is-layout-flex\"><ul class=\"blocks-gallery-grid\"><li class=\"blocks-gallery-item\"><figure><img loading=\"lazy\" decoding=\"async\" width=\"428\" height=\"316\" src=\"http:\/\/leconservatoiredujeu.fr\/wp-content\/uploads\/2020\/08\/P1.jpg\" alt=\"\" data-id=\"11803\" data-full-url=\"http:\/\/leconservatoiredujeu.fr\/wp-content\/uploads\/2020\/08\/P1.jpg\" data-link=\"http:\/\/leconservatoiredujeu.fr\/index.php\/sony-playstation-1-accessoires\/p1\/\" class=\"wp-image-11803\" srcset=\"https:\/\/leconservatoiredujeu.fr\/wp-content\/uploads\/2020\/08\/P1.jpg 428w, https:\/\/leconservatoiredujeu.fr\/wp-content\/uploads\/2020\/08\/P1-300x221.jpg 300w, https:\/\/leconservatoiredujeu.fr\/wp-content\/uploads\/2020\/08\/P1-406x300.jpg 406w\" sizes=\"(max-width: 428px) 100vw, 428px\" \/><\/figure><\/li><li class=\"blocks-gallery-item\"><figure><img loading=\"lazy\" decoding=\"async\" width=\"679\" height=\"571\" src=\"http:\/\/leconservatoiredujeu.fr\/wp-content\/uploads\/2020\/08\/P2.jpg\" alt=\"\" data-id=\"11804\" data-full-url=\"http:\/\/leconservatoiredujeu.fr\/wp-content\/uploads\/2020\/08\/P2.jpg\" data-link=\"http:\/\/leconservatoiredujeu.fr\/index.php\/sony-playstation-1-accessoires\/p2\/\" class=\"wp-image-11804\" srcset=\"https:\/\/leconservatoiredujeu.fr\/wp-content\/uploads\/2020\/08\/P2.jpg 679w, https:\/\/leconservatoiredujeu.fr\/wp-content\/uploads\/2020\/08\/P2-300x252.jpg 300w, https:\/\/leconservatoiredujeu.fr\/wp-content\/uploads\/2020\/08\/P2-357x300.jpg 357w\" sizes=\"(max-width: 679px) 100vw, 679px\" \/><\/figure><\/li><\/ul><\/figure>\n\n\n\n<p>Cet accessoire en forme de pistolet permettait de jouer \u00e0 des jeux de tirs sur rails.               Appel\u00e9 GunCon au japon pour Gun Controller, il arriva en Europe sous le nom de G-CON 45 en bundle avec le jeu Time Crisis.<\/p>\n\n\n\n<p>Ce n&rsquo;est pas le premier pistolet officiel sur la console de <a href=\"http:\/\/leconservatoiredujeu.fr\/index.php\/sony\/\" data-type=\"URL\" data-id=\"http:\/\/leconservatoiredujeu.fr\/index.php\/sony\/\">Sony<\/a> puisqu&rsquo;il \u00e9tait pr\u00e9c\u00e9d\u00e9 du \u00ab\u00a0Justifier\u00a0\u00bb de Konami, en Europe on le conna\u00eet sous le nom d&rsquo;Hyper Blaster. Si beaucoup pensent que l&rsquo;unique bundle sur <a href=\"http:\/\/leconservatoiredujeu.fr\/index.php\/playstation\/\" data-type=\"URL\" data-id=\"http:\/\/leconservatoiredujeu.fr\/index.php\/playstation\/\">Playstation 1<\/a> proposant le pistolet \u00e9tait celui avec time crisis c&rsquo;est une erreur, 5 packs ont \u00e9t\u00e9 distribu\u00e9s en Europe par Namco.<\/p>\n\n\n\n<p class=\"has-white-color has-text-color\">Ligne<\/p>\n\n\n\n<p class=\"has-text-align-center\"><strong><span style=\"text-decoration: underline;\">Light Gun<\/span><\/strong><\/p>\n\n\n\n<div class=\"wp-block-image is-style-default\"><figure class=\"aligncenter size-medium\"><img loading=\"lazy\" decoding=\"async\" width=\"300\" height=\"200\" src=\"http:\/\/leconservatoiredujeu.fr\/wp-content\/uploads\/2020\/08\/LIGHT-300x200.jpg\" alt=\"\" class=\"wp-image-11805\" srcset=\"https:\/\/leconservatoiredujeu.fr\/wp-content\/uploads\/2020\/08\/LIGHT-300x200.jpg 300w, https:\/\/leconservatoiredujeu.fr\/wp-content\/uploads\/2020\/08\/LIGHT-450x300.jpg 450w, https:\/\/leconservatoiredujeu.fr\/wp-content\/uploads\/2020\/08\/LIGHT.jpg 750w\" sizes=\"(max-width: 300px) 100vw, 300px\" \/><\/figure><\/div>\n\n\n\n<p id=\"tw-target-text\">La version PlayStation du pistolet l\u00e9ger vendu sous le nom d&rsquo;Hyper Blaster au Japon et en Europe est de couleur verte (le mod\u00e8le japonais \u00e9tant noir).<\/p>\n\n\n\n<p class=\"has-text-align-center\"><strong><span style=\"text-decoration: underline;\">Table de DJ Gemini<\/span><\/strong><\/p>\n\n\n\n<div class=\"wp-block-image\"><figure class=\"aligncenter size-full\"><img loading=\"lazy\" decoding=\"async\" width=\"500\" height=\"397\" src=\"http:\/\/leconservatoiredujeu.fr\/wp-content\/uploads\/2022\/03\/Gemini-PS1.jpg\" alt=\"\" class=\"wp-image-12686\" srcset=\"https:\/\/leconservatoiredujeu.fr\/wp-content\/uploads\/2022\/03\/Gemini-PS1.jpg 500w, https:\/\/leconservatoiredujeu.fr\/wp-content\/uploads\/2022\/03\/Gemini-PS1-300x238.jpg 300w, https:\/\/leconservatoiredujeu.fr\/wp-content\/uploads\/2022\/03\/Gemini-PS1-378x300.jpg 378w\" sizes=\"(max-width: 500px) 100vw, 500px\" \/><\/figure><\/div>\n\n\n\n<p><strong><span style=\"text-decoration: underline;\">Source <\/span>: <\/strong>Wikip\u00e9dia<\/p>\n\n\n\n<p class=\"has-text-align-right\">Le Conservatoire du Jeu &#8211; Mars 2022<\/p>\n","protected":false},"excerpt":{"rendered":"<p>Carte M\u00e9moire Ligne Manette Playstation Sortie en 1994, la Sony\u00a0PlayStation\u00a0sort avec une premi\u00e8re manette (standard). L&rsquo;originalit\u00e9 vient de sa forme, encore plus ergonomique que les pr\u00e9d\u00e9cesseurs mais aussi les noms des boutons principaux. Depuis le d\u00e9but les boutons \u00e9taient soit &hellip; <a href=\"https:\/\/leconservatoiredujeu.fr\/index.php\/sony-playstation-1-accessoires\/\">Continuer la lecture <span class=\"meta-nav\">&rarr;<\/span><\/a><\/p>\n","protected":false},"author":1,"featured_media":0,"parent":0,"menu_order":0,"comment_status":"closed","ping_status":"closed","template":"","meta":{"footnotes":""},"_links":{"self":[{"href":"https:\/\/leconservatoiredujeu.fr\/index.php\/wp-json\/wp\/v2\/pages\/11581"}],"collection":[{"href":"https:\/\/leconservatoiredujeu.fr\/index.php\/wp-json\/wp\/v2\/pages"}],"about":[{"href":"https:\/\/leconservatoiredujeu.fr\/index.php\/wp-json\/wp\/v2\/types\/page"}],"author":[{"embeddable":true,"href":"https:\/\/leconservatoiredujeu.fr\/index.php\/wp-json\/wp\/v2\/users\/1"}],"replies":[{"embeddable":true,"href":"https:\/\/leconservatoiredujeu.fr\/index.php\/wp-json\/wp\/v2\/comments?post=11581"}],"version-history":[{"count":8,"href":"https:\/\/leconservatoiredujeu.fr\/index.php\/wp-json\/wp\/v2\/pages\/11581\/revisions"}],"predecessor-version":[{"id":12687,"href":"https:\/\/leconservatoiredujeu.fr\/index.php\/wp-json\/wp\/v2\/pages\/11581\/revisions\/12687"}],"wp:attachment":[{"href":"https:\/\/leconservatoiredujeu.fr\/index.php\/wp-json\/wp\/v2\/media?parent=11581"}],"curies":[{"name":"wp","href":"https:\/\/api.w.org\/{rel}","templated":true}]}}