{"id":11388,"date":"2020-08-24T15:41:54","date_gmt":"2020-08-24T13:41:54","guid":{"rendered":"http:\/\/leconservatoiredujeu.fr\/?page_id=11388"},"modified":"2022-04-06T16:11:39","modified_gmt":"2022-04-06T14:11:39","slug":"game-gear","status":"publish","type":"page","link":"https:\/\/leconservatoiredujeu.fr\/index.php\/game-gear\/","title":{"rendered":"Game Gear"},"content":{"rendered":"\n<div class=\"wp-block-image is-style-default\"><figure class=\"aligncenter size-large\"><img loading=\"lazy\" decoding=\"async\" width=\"600\" height=\"200\" src=\"http:\/\/leconservatoiredujeu.fr\/wp-content\/uploads\/2020\/08\/LOGO-7.jpg\" alt=\"\" class=\"wp-image-11389\" srcset=\"https:\/\/leconservatoiredujeu.fr\/wp-content\/uploads\/2020\/08\/LOGO-7.jpg 600w, https:\/\/leconservatoiredujeu.fr\/wp-content\/uploads\/2020\/08\/LOGO-7-300x100.jpg 300w, https:\/\/leconservatoiredujeu.fr\/wp-content\/uploads\/2020\/08\/LOGO-7-500x167.jpg 500w\" sizes=\"(max-width: 600px) 100vw, 600px\" \/><\/figure><\/div>\n\n\n\n<p>La Game Gear (\u30b2\u30fc\u30e0\u30ae\u30a2, G\u0113mu gia) est une console de jeux vid\u00e9o portable en couleur, sortie en 1990 et produite par <a href=\"http:\/\/leconservatoiredujeu.fr\/index.php\/sega\/\">Sega <\/a>afin de concurrencer la <a href=\"http:\/\/leconservatoiredujeu.fr\/index.php\/game-boy\/\">Game Boy<\/a> de <a href=\"http:\/\/leconservatoiredujeu.fr\/index.php\/nintendo\/\">Nintendo <\/a>apparue une ann\u00e9e plus t\u00f4t.<\/p>\n\n\n\n<p class=\"has-white-color has-text-color\">Ligne<\/p>\n\n\n\n<h2 class=\"wp-block-heading\"><span style=\"text-decoration: underline;\">Caract\u00e9ristiques et accueil du public<\/span><\/h2>\n\n\n\n<p>Au niveau mat\u00e9riel, la Game Gear se rapproche tant de sa grande s\u0153ur la <a href=\"http:\/\/leconservatoiredujeu.fr\/index.php\/master-system\/\">Master System<\/a> (dont elle est l\u2019adaptation en console portable avec quelques diff\u00e9rences), que sa ludoth\u00e8que est compos\u00e9e en grande partie de conversions de jeux faits pour cette derni\u00e8re avec pour seule diff\u00e9rence notable la r\u00e9solution, plus faible afin d\u2019\u00eatre adapt\u00e9e \u00e0 l\u2019\u00e9cran de la console portable.<\/p>\n\n\n\n<div class=\"wp-block-image is-style-default\"><figure class=\"aligncenter size-large\"><img loading=\"lazy\" decoding=\"async\" width=\"1024\" height=\"555\" src=\"http:\/\/leconservatoiredujeu.fr\/wp-content\/uploads\/2020\/08\/1-Portable.jpg\" alt=\"\" class=\"wp-image-11390\" srcset=\"https:\/\/leconservatoiredujeu.fr\/wp-content\/uploads\/2020\/08\/1-Portable.jpg 1024w, https:\/\/leconservatoiredujeu.fr\/wp-content\/uploads\/2020\/08\/1-Portable-300x163.jpg 300w, https:\/\/leconservatoiredujeu.fr\/wp-content\/uploads\/2020\/08\/1-Portable-768x416.jpg 768w, https:\/\/leconservatoiredujeu.fr\/wp-content\/uploads\/2020\/08\/1-Portable-500x271.jpg 500w\" sizes=\"(max-width: 1024px) 100vw, 1024px\" \/><\/figure><\/div>\n\n\n\n<p>Le Master Gear Converter permet d\u2019utiliser les cartouches de <a href=\"http:\/\/leconservatoiredujeu.fr\/index.php\/master-system\/\">Master System<\/a> directement sur Game Gear sans qu\u2019il ne soit n\u00e9cessaire d\u2019\u00e9muler le mat\u00e9riel de la console de salon.<\/p>\n\n\n\n<p>La Game Gear n\u2019a jamais remport\u00e9 le succ\u00e8s escompt\u00e9, entre autres \u00e0 cause de quelques d\u00e9fauts importants&nbsp;:<\/p>\n\n\n\n<ul><li>autonomie faible&nbsp;: 6 piles LR6 permettent 4 heures d\u2019utilisation&nbsp;;<\/li><li>fragilit\u00e9 du connecteur AC&nbsp;;<\/li><li>prix qui \u00e9tait presque le double de celui de la <a href=\"http:\/\/leconservatoiredujeu.fr\/index.php\/game-boy\/\">Game Boy<\/a>, justifi\u00e9 par l\u2019\u00e9cran couleur r\u00e9tro-\u00e9clair\u00e9&nbsp;; il faudra attendre 1998 pour que <a href=\"http:\/\/leconservatoiredujeu.fr\/index.php\/nintendo\/\">Nintendo <\/a>sorte une console couleur, la<a href=\"http:\/\/leconservatoiredujeu.fr\/index.php\/game-boy-color\/\"> Game Boy Color<\/a>, et 2003 pour une console portable couleur r\u00e9tro-\u00e9clair\u00e9e, la <a href=\"http:\/\/leconservatoiredujeu.fr\/index.php\/game-boy-advance\/\">Game Boy Advance SP<\/a>&nbsp;;<\/li><li>composants de la machine vieillissant tr\u00e8s mal, notamment les condensateurs qui perdent de leur capacit\u00e9, provoquant une perte du son et de la luminosit\u00e9 de l\u2019\u00e9cran.<\/li><\/ul>\n\n\n\n<p>En 2001, Majesco relance la production en acqu\u00e9rant les droits de fabrication aupr\u00e8s de <a href=\"http:\/\/leconservatoiredujeu.fr\/index.php\/sega\/\">Sega&nbsp;<\/a>; cette version n\u2019est cependant pas compatible avec certains accessoires. En 2006, Mediatronic lance la Pocket Gear, une r\u00e9\u00e9dition compacte sans cartouches de la console avec une vingtaine de jeux Game Gear et<a href=\"http:\/\/leconservatoiredujeu.fr\/index.php\/master-system\/\"> Master System<\/a> inclus. At games rach\u00e8te aussi les droits pour cr\u00e9er une petite console de 30 jeux incluant Sonic Chaos.<\/p>\n\n\n\n<div class=\"wp-block-image is-style-default\"><figure class=\"aligncenter size-large\"><img loading=\"lazy\" decoding=\"async\" width=\"700\" height=\"490\" src=\"http:\/\/leconservatoiredujeu.fr\/wp-content\/uploads\/2020\/08\/2-Chaos.jpg\" alt=\"\" class=\"wp-image-11391\" srcset=\"https:\/\/leconservatoiredujeu.fr\/wp-content\/uploads\/2020\/08\/2-Chaos.jpg 700w, https:\/\/leconservatoiredujeu.fr\/wp-content\/uploads\/2020\/08\/2-Chaos-300x210.jpg 300w, https:\/\/leconservatoiredujeu.fr\/wp-content\/uploads\/2020\/08\/2-Chaos-429x300.jpg 429w\" sizes=\"(max-width: 700px) 100vw, 700px\" \/><\/figure><\/div>\n\n\n\n<p>Le 3 juin 2020, <a href=\"http:\/\/leconservatoiredujeu.fr\/index.php\/sega\/\">Sega <\/a>a annonc\u00e9 la Game Gear Micro, une mise \u00e0 jour de la console originale d\u00e9clin\u00e9e en quatre versions et coloris, \u00e0 savoir gris, jaune, bleu et rouge. Chaque coloris de machine dispose de quatre jeux chacun.<\/p>\n\n\n\n<p class=\"has-white-color has-text-color\">Ligne<\/p>\n\n\n\n<h2 class=\"wp-block-heading\"><span style=\"text-decoration: underline;\">Caract\u00e9ristiques techniques<\/span><\/h2>\n\n\n\n<ul><li><em>CPU&nbsp;<\/em>: Z80 cadenc\u00e9 \u00e0 3,58&nbsp;MHz<\/li><li><em>RAM&nbsp;<\/em>: 8 Ko<\/li><li><em>RAM Vid\u00e9o&nbsp;<\/em>: 16 Ko<\/li><li><em>Affichage&nbsp;<\/em>: 160\u00d7144 pixels. Deux palettes de 16 couleurs, parmi 4096<\/li><li><em>Sprites&nbsp;<\/em>: 16 au total. 8 maximum par ligne, en 8\u00d78 ou 8\u00d716 pixels<\/li><li><em>Ecran&nbsp;<\/em>: LCD couleur r\u00e9tro\u00e9clair\u00e9 de 8,3&nbsp;cm de diagonale<\/li><li><em>Son&nbsp;<\/em>: 3 signaux carr\u00e9s + 1 g\u00e9n\u00e9rateur de bruit. Haut-parleur mono ou sortie st\u00e9r\u00e9o sur prise casque.<\/li><li><em>Alimentation&nbsp;<\/em>: 6 piles AA LR6 de 1.5V r\u00e9parties dans 2 compartiments ou adaptateur secteur 9&nbsp;volts.<\/li><li><em>P\u00e9riph\u00e9riques&nbsp;<\/em>: la Game Gear peut lire les cartouches <a href=\"http:\/\/leconservatoiredujeu.fr\/index.php\/master-system\/\">Master System<\/a> par le biais d\u2019un adaptateur, ainsi que diffuser les cha\u00eenes hertziennes analogiques via le TV Tuner.<\/li><\/ul>\n\n\n\n<div class=\"wp-block-image is-style-default\"><figure class=\"aligncenter size-large\"><img loading=\"lazy\" decoding=\"async\" width=\"800\" height=\"455\" src=\"http:\/\/leconservatoiredujeu.fr\/wp-content\/uploads\/2020\/08\/3-TV-TUNER.jpg\" alt=\"\" class=\"wp-image-11392\" srcset=\"https:\/\/leconservatoiredujeu.fr\/wp-content\/uploads\/2020\/08\/3-TV-TUNER.jpg 800w, https:\/\/leconservatoiredujeu.fr\/wp-content\/uploads\/2020\/08\/3-TV-TUNER-300x171.jpg 300w, https:\/\/leconservatoiredujeu.fr\/wp-content\/uploads\/2020\/08\/3-TV-TUNER-768x437.jpg 768w, https:\/\/leconservatoiredujeu.fr\/wp-content\/uploads\/2020\/08\/3-TV-TUNER-500x284.jpg 500w\" sizes=\"(max-width: 800px) 100vw, 800px\" \/><\/figure><\/div>\n\n\n\n<p class=\"has-white-color has-text-color\">Ligne<\/p>\n\n\n\n<h2 class=\"wp-block-heading\"><span style=\"text-decoration: underline;\">Quelques jeux propos\u00e9s sur Game Gear<\/span><\/h2>\n\n\n\n<ul><li>Arena (1995)<\/li><li>Ast\u00e9rix and the Secret Mission (1993)<\/li><li>Jurassic Park (1993)<\/li><li>Mortal Kombat 3 (1996)<\/li><li>Prince of Persia (1992)<\/li><li>Robocop 3 (1993)<\/li><li>Sonic Blast (1996)<\/li><li>Star Wars (1993)<\/li><li>X-Men (1993)<\/li><li>Hook (1994)<\/li><\/ul>\n\n\n\n<figure class=\"wp-block-gallery columns-2 is-cropped wp-block-gallery-1 is-layout-flex wp-block-gallery-is-layout-flex\"><ul class=\"blocks-gallery-grid\"><li class=\"blocks-gallery-item\"><figure><img loading=\"lazy\" decoding=\"async\" width=\"708\" height=\"998\" src=\"http:\/\/leconservatoiredujeu.fr\/wp-content\/uploads\/2020\/08\/4-JEU.jpg\" alt=\"\" data-id=\"11393\" data-full-url=\"http:\/\/leconservatoiredujeu.fr\/wp-content\/uploads\/2020\/08\/4-JEU.jpg\" data-link=\"http:\/\/leconservatoiredujeu.fr\/?attachment_id=11393\" class=\"wp-image-11393\" srcset=\"https:\/\/leconservatoiredujeu.fr\/wp-content\/uploads\/2020\/08\/4-JEU.jpg 708w, https:\/\/leconservatoiredujeu.fr\/wp-content\/uploads\/2020\/08\/4-JEU-213x300.jpg 213w\" sizes=\"(max-width: 708px) 100vw, 708px\" \/><\/figure><\/li><li class=\"blocks-gallery-item\"><figure><img loading=\"lazy\" decoding=\"async\" width=\"729\" height=\"1024\" src=\"http:\/\/leconservatoiredujeu.fr\/wp-content\/uploads\/2020\/08\/5-JEU.jpg\" alt=\"\" data-id=\"11394\" data-full-url=\"http:\/\/leconservatoiredujeu.fr\/wp-content\/uploads\/2020\/08\/5-JEU.jpg\" data-link=\"http:\/\/leconservatoiredujeu.fr\/?attachment_id=11394\" class=\"wp-image-11394\" srcset=\"https:\/\/leconservatoiredujeu.fr\/wp-content\/uploads\/2020\/08\/5-JEU.jpg 729w, https:\/\/leconservatoiredujeu.fr\/wp-content\/uploads\/2020\/08\/5-JEU-214x300.jpg 214w\" sizes=\"(max-width: 729px) 100vw, 729px\" \/><\/figure><\/li><\/ul><\/figure>\n\n\n\n<p>Pour voir tous les jeux disponibles sur Game Gear, cliquez <em><strong><a href=\"https:\/\/fr.wikipedia.org\/wiki\/Liste_de_jeux_Game_Gear\">ici<\/a><\/strong><\/em><\/p>\n\n\n\n<p class=\"has-white-color has-text-color\">Ligne<\/p>\n\n\n\n<p class=\"has-text-align-left\"><strong><span style=\"text-decoration: underline;\">Source :<\/span><\/strong> Wikip\u00e9dia<\/p>\n\n\n\n<p class=\"has-text-align-right\">Le Conservatoire du Jeu \u2013 Avril 2022<\/p>\n","protected":false},"excerpt":{"rendered":"<p>La Game Gear (\u30b2\u30fc\u30e0\u30ae\u30a2, G\u0113mu gia) est une console de jeux vid\u00e9o portable en couleur, sortie en 1990 et produite par Sega afin de concurrencer la Game Boy de Nintendo apparue une ann\u00e9e plus t\u00f4t. Ligne Caract\u00e9ristiques et accueil du &hellip; <a href=\"https:\/\/leconservatoiredujeu.fr\/index.php\/game-gear\/\">Continuer la lecture <span class=\"meta-nav\">&rarr;<\/span><\/a><\/p>\n","protected":false},"author":3,"featured_media":11390,"parent":0,"menu_order":0,"comment_status":"closed","ping_status":"closed","template":"","meta":{"footnotes":""},"_links":{"self":[{"href":"https:\/\/leconservatoiredujeu.fr\/index.php\/wp-json\/wp\/v2\/pages\/11388"}],"collection":[{"href":"https:\/\/leconservatoiredujeu.fr\/index.php\/wp-json\/wp\/v2\/pages"}],"about":[{"href":"https:\/\/leconservatoiredujeu.fr\/index.php\/wp-json\/wp\/v2\/types\/page"}],"author":[{"embeddable":true,"href":"https:\/\/leconservatoiredujeu.fr\/index.php\/wp-json\/wp\/v2\/users\/3"}],"replies":[{"embeddable":true,"href":"https:\/\/leconservatoiredujeu.fr\/index.php\/wp-json\/wp\/v2\/comments?post=11388"}],"version-history":[{"count":3,"href":"https:\/\/leconservatoiredujeu.fr\/index.php\/wp-json\/wp\/v2\/pages\/11388\/revisions"}],"predecessor-version":[{"id":12839,"href":"https:\/\/leconservatoiredujeu.fr\/index.php\/wp-json\/wp\/v2\/pages\/11388\/revisions\/12839"}],"wp:featuredmedia":[{"embeddable":true,"href":"https:\/\/leconservatoiredujeu.fr\/index.php\/wp-json\/wp\/v2\/media\/11390"}],"wp:attachment":[{"href":"https:\/\/leconservatoiredujeu.fr\/index.php\/wp-json\/wp\/v2\/media?parent=11388"}],"curies":[{"name":"wp","href":"https:\/\/api.w.org\/{rel}","templated":true}]}}