{"id":11255,"date":"2020-08-21T12:38:22","date_gmt":"2020-08-21T10:38:22","guid":{"rendered":"http:\/\/leconservatoiredujeu.fr\/?page_id=11255"},"modified":"2022-03-31T15:12:11","modified_gmt":"2022-03-31T13:12:11","slug":"xbox-series-x","status":"publish","type":"page","link":"https:\/\/leconservatoiredujeu.fr\/index.php\/xbox-series-x\/","title":{"rendered":"Xbox Series X"},"content":{"rendered":"\n<div class=\"wp-block-image is-style-default\"><figure class=\"aligncenter size-large\"><img loading=\"lazy\" decoding=\"async\" width=\"1024\" height=\"576\" src=\"http:\/\/leconservatoiredujeu.fr\/wp-content\/uploads\/2020\/08\/X-1024x576.jpg\" alt=\"\" class=\"wp-image-11256\" srcset=\"https:\/\/leconservatoiredujeu.fr\/wp-content\/uploads\/2020\/08\/X-1024x576.jpg 1024w, https:\/\/leconservatoiredujeu.fr\/wp-content\/uploads\/2020\/08\/X-300x169.jpg 300w, https:\/\/leconservatoiredujeu.fr\/wp-content\/uploads\/2020\/08\/X-768x432.jpg 768w, https:\/\/leconservatoiredujeu.fr\/wp-content\/uploads\/2020\/08\/X-1536x864.jpg 1536w, https:\/\/leconservatoiredujeu.fr\/wp-content\/uploads\/2020\/08\/X-500x281.jpg 500w, https:\/\/leconservatoiredujeu.fr\/wp-content\/uploads\/2020\/08\/X.jpg 1920w\" sizes=\"(max-width: 1024px) 100vw, 1024px\" \/><\/figure><\/div>\n\n\n\n<p>La Xbox Series X, (elle fut annonc\u00e9e lors de l&rsquo;E3 2019 sous le nom de Project Scarlett) est la nouvelle console de jeux vid\u00e9o en d\u00e9veloppement annonc\u00e9e par <a href=\"http:\/\/leconservatoiredujeu.fr\/index.php\/microsoft\/\">Microsoft <\/a>lors de l&rsquo;E3 2019, dont la sortie est pr\u00e9vue pour novembre 2020.<\/p>\n\n\n\n<p>D\u00e9voil\u00e9e sous le nom provisoire de \u00ab Project Scarlett \u00bb, elle int\u00e8gre un processeur personnalis\u00e9 bas\u00e9 sur l&rsquo;architecture AMD Zen 2 (en) et la technologie Navi (Radeon), le ray tracing qui permet un affichage et une diffusion beaucoup plus r\u00e9aliste de la lumi\u00e8re dans un environnement 3D, l&rsquo;affichage \u00e0 120 images par seconde et une r\u00e9solution jusqu&rsquo;\u00e0 8K, un stockage SSD de nouvelle g\u00e9n\u00e9ration, une RAM type GDDR6. La console est annonc\u00e9e optimis\u00e9e pour le jeu, et sera quatre fois plus puissante qu&rsquo;une <a href=\"http:\/\/leconservatoiredujeu.fr\/index.php\/xbox-one\/\">Xbox One X<\/a>. L&rsquo;\u00e9quipe qui a con\u00e7u cette derni\u00e8re est en l&rsquo;occurrence responsable du d\u00e9veloppement de la Xbox Series X. Tous les accessoires de la gamme <a href=\"http:\/\/leconservatoiredujeu.fr\/index.php\/xbox\/\">Xbox <\/a>commercialis\u00e9s pour toutes les pr\u00e9c\u00e9dentes consoles sont \u00e9galement compatibles avec la Scarlett. La console comporte un lecteur de disque optique. La Xbox One, console pr\u00e9d\u00e9cesseur de la Series X.<\/p>\n\n\n\n<p>Le nom et le design finals de la console sont d\u00e9voil\u00e9s par Phil Spencer le 12 d\u00e9cembre 2019 lors de la c\u00e9r\u00e9monie annuelle des Game Awards. La sortie est annonc\u00e9e pour les f\u00eates de fin d&rsquo;ann\u00e9e 2020. Le jeu Halo Infinite est annonc\u00e9 pour accompagner la sortie de la console avant d&rsquo;\u00eatre report\u00e9 \u00e0 2021. Microsoft affirme la r\u00e9trocompatibilit\u00e9 avec la totalit\u00e9 des catalogues de jeux de toutes les pr\u00e9c\u00e9dentes consoles de la gamme <a href=\"http:\/\/leconservatoiredujeu.fr\/index.php\/xbox\/\">Xbox<\/a>. Les accessoires de jeux pour <a href=\"http:\/\/leconservatoiredujeu.fr\/index.php\/xbox-one\/\">Xbox One<\/a> pourront \u00e9galement \u00eatre r\u00e9trocompatibles.<\/p>\n\n\n\n<div class=\"wp-block-image is-style-default\"><figure class=\"aligncenter size-large\"><img loading=\"lazy\" decoding=\"async\" width=\"1019\" height=\"1024\" src=\"http:\/\/leconservatoiredujeu.fr\/wp-content\/uploads\/2020\/08\/XXX-1019x1024.jpg\" alt=\"\" class=\"wp-image-11275\" srcset=\"https:\/\/leconservatoiredujeu.fr\/wp-content\/uploads\/2020\/08\/XXX-1019x1024.jpg 1019w, https:\/\/leconservatoiredujeu.fr\/wp-content\/uploads\/2020\/08\/XXX-300x300.jpg 300w, https:\/\/leconservatoiredujeu.fr\/wp-content\/uploads\/2020\/08\/XXX-150x150.jpg 150w, https:\/\/leconservatoiredujeu.fr\/wp-content\/uploads\/2020\/08\/XXX-768x772.jpg 768w, https:\/\/leconservatoiredujeu.fr\/wp-content\/uploads\/2020\/08\/XXX-299x300.jpg 299w, https:\/\/leconservatoiredujeu.fr\/wp-content\/uploads\/2020\/08\/XXX.jpg 1083w\" sizes=\"(max-width: 1019px) 100vw, 1019px\" \/><\/figure><\/div>\n\n\n\n<p>En ao\u00fbt 2020 <a href=\"http:\/\/leconservatoiredujeu.fr\/index.php\/microsoft\/\">Microsoft <\/a>annonce la sortie de la Xbox Series X pour novembre 2020.<\/p>\n\n\n\n<p class=\"has-white-color has-text-color\">Ligne<\/p>\n\n\n\n<h2 class=\"wp-block-heading\"><span style=\"text-decoration: underline;\">D\u00e9veloppement<\/span> :<\/h2>\n\n\n\n<p>Quelques jours avant l&rsquo;E3 2019, des rumeurs insistantes indiquaient que <a href=\"http:\/\/leconservatoiredujeu.fr\/index.php\/microsoft\/\">Microsoft <\/a>allait annoncer la sortie d&rsquo;une nouvelle console, succ\u00e9dant \u00e0 la <a href=\"http:\/\/leconservatoiredujeu.fr\/index.php\/xbox-one\/\">Xbox One X<\/a>. Le nom de Scarlett avait d\u00e9j\u00e0 volontairement fuit\u00e9 la veille de l&rsquo;annonce, le 8 juin 2019. Selon GameSpot, les projets connus sous les noms de code \u00ab Anaconda \u00bb et \u00ab Lockhart \u00bb pourraient correspondre aux mod\u00e8les de d\u00e9clinaison de la Xbox One pour la prochaine g\u00e9n\u00e9ration de console, la S et la X. L&rsquo;\u00e9quipe qui a con\u00e7u la Xbox One X est elle m\u00eame responsable du d\u00e9veloppement de la Xbox Series X.<\/p>\n\n\n\n<p class=\"has-white-color has-text-color\">Ligne<\/p>\n\n\n\n<h2 class=\"wp-block-heading\"><span style=\"text-decoration: underline;\">Manette<\/span> :<\/h2>\n\n\n\n<p>L&rsquo;\u00e9quipe charg\u00e9e de concevoir la manette de la Series X promet \u00ab&nbsp;une nouvelle g\u00e9n\u00e9ration offrant plus d&rsquo;ergonomie, une meilleure connectivit\u00e9 entre les appareils, la possibilit\u00e9 de partager ses exploits et une latence r\u00e9duite&nbsp;\u00bb. Le nouveau design de la croix directionnelle vise \u00e0 \u00eatre plus accessible, avec des angles calcul\u00e9s pour une meilleure ergonomie et \u00ab&nbsp;un aspect arrondi qui permet de laisser le pouce reposer en son centre&nbsp;\u00bb.<\/p>\n\n\n\n<div class=\"wp-block-image is-style-default\"><figure class=\"aligncenter size-large\"><img loading=\"lazy\" decoding=\"async\" width=\"480\" height=\"368\" src=\"http:\/\/leconservatoiredujeu.fr\/wp-content\/uploads\/2020\/08\/MA.jpg\" alt=\"\" class=\"wp-image-11276\" srcset=\"https:\/\/leconservatoiredujeu.fr\/wp-content\/uploads\/2020\/08\/MA.jpg 480w, https:\/\/leconservatoiredujeu.fr\/wp-content\/uploads\/2020\/08\/MA-300x230.jpg 300w, https:\/\/leconservatoiredujeu.fr\/wp-content\/uploads\/2020\/08\/MA-391x300.jpg 391w\" sizes=\"(max-width: 480px) 100vw, 480px\" \/><\/figure><\/div>\n\n\n\n<p class=\"has-white-color has-text-color\">Ligne<\/p>\n\n\n\n<h2 class=\"wp-block-heading\"><span style=\"text-decoration: underline;\">Architecture mat\u00e9rielle<\/span> :<\/h2>\n\n\n\n<p>D\u00e9tails techniques d\u00e9voil\u00e9s sur la console au 16 mars 2020 :<\/p>\n\n\n\n<figure class=\"wp-block-table\"><table><tbody><tr><th>Microprocesseur<\/th><td>8 C\u0153urs cadenc\u00e9s \u00e0 3,8 GHz (3,6 GHz avec technologie SMT) CPU Custom Zen 2<\/td><\/tr><tr><th>Processeur graphique<\/th><td>12 Tflops, 52 CUs \u00e0 1,825 GHz Custom RDNA 2 GPU<\/td><\/tr><tr><th>Taille du <em>die<\/em><\/th><td>360,45&nbsp;mm<sup>2<\/sup><\/td><\/tr><tr><th>Processus de gravure<\/th><td>7 nm Enhanced<\/td><\/tr><tr><th>M\u00e9moire vive<\/th><td>16 GB GDDR6 w\/ 320b bus<\/td><\/tr><tr><th>Bande passante de la m\u00e9moire<\/th><td>10 GB \u00e0 560 GB\/s, 6 GB \u00e0 336 GB\/s<\/td><\/tr><tr><th>Stockage interne<\/th><td>1 TB Custom NVME SSD<\/td><\/tr><tr><th>Op\u00e9rations d\u2019entr\u00e9e et de sortie par seconde<\/th><td>2,4 GB\/s (direct), 4,8 GB\/s (compress\u00e9, avec d\u00e9compression mat\u00e9rielle)<\/td><\/tr><tr><th>Stockage suppl\u00e9mentaire<\/th><td>Carte d\u20191 TB (correspondant au stockage interne)<\/td><\/tr><tr><th>Stockage externe<\/th><td>Compatibilit\u00e9 avec les disques durs externes en USB 3.2<\/td><\/tr><tr><th>Lecteur optique<\/th><td>4K UHD compatible Blu-Ray<\/td><\/tr><tr><th>Performance vis\u00e9e<\/th><td>4K \u00e0 60 images par seconde, potentiellement jusqu\u2019\u00e0 120 FPS<\/td><\/tr><\/tbody><\/table><\/figure>\n\n\n\n<p>Elle devrait \u00e9galement proposer les fonctionnalit\u00e9s suivantes&nbsp;:<\/p>\n\n\n\n<ul><li>support du <em>ray tracing<\/em> mat\u00e9riel avec le VRS&nbsp;;<\/li><li>r\u00e9solution 8K, fr\u00e9quence d&rsquo;affichage de 120&nbsp;images par seconde&nbsp;;<\/li><li>r\u00e9trocompatibilit\u00e9 de tous les jeux de la gamme <a href=\"http:\/\/leconservatoiredujeu.fr\/index.php\/xbox-one\/\">Xbox <\/a>toutes consoles confondues&nbsp;;<\/li><li>r\u00e9trocompatibilit\u00e9 de tous les accessoires de la gamme Xbox toutes consoles confondues&nbsp;;<\/li><li>support physique pour les jeux.<\/li><\/ul>\n\n\n\n<p>La m\u00e9moire de la Xbox Series X ne sera pas utilis\u00e9e enti\u00e8rement dans les jeux. Sur les 16 Go au total, les jeux disposeront de 13,5 Go \u2014 10 Go de m\u00e9moire optimale du GPU et 3,5 Go de m\u00e9moire standard, tandis que les 2,5 Go restants sont r\u00e9serv\u00e9s au syst\u00e8me d&rsquo;exploitation14.<\/p>\n\n\n\n<p>Les autres fonctionnalit\u00e9s cl\u00e9s de la Xbox Series X comportent un ombrage \u00e0 taux variable (Variable Rate Shading), qui permet aux d\u00e9veloppeurs de choisir la quantit\u00e9 de GPU utilis\u00e9e pour des effets sp\u00e9cifiques, pour obtenir des fr\u00e9quences d&rsquo;images stables \u00e0 haute r\u00e9solution sans trop de sacrifices sur la qualit\u00e9 de l&rsquo;image. Il est \u00e9galement promis le ray tracing g\u00e9r\u00e9 au niveau HardWare, qui devrait permettre un \u00e9clairage dans les jeux plus r\u00e9aliste et naturel.<\/p>\n\n\n\n<div class=\"wp-block-image is-style-default\"><figure class=\"aligncenter size-large\"><img loading=\"lazy\" decoding=\"async\" width=\"1024\" height=\"501\" src=\"http:\/\/leconservatoiredujeu.fr\/wp-content\/uploads\/2020\/08\/VARIABLE-1024x501.png\" alt=\"\" class=\"wp-image-11277\" srcset=\"https:\/\/leconservatoiredujeu.fr\/wp-content\/uploads\/2020\/08\/VARIABLE-1024x501.png 1024w, https:\/\/leconservatoiredujeu.fr\/wp-content\/uploads\/2020\/08\/VARIABLE-300x147.png 300w, https:\/\/leconservatoiredujeu.fr\/wp-content\/uploads\/2020\/08\/VARIABLE-768x376.png 768w, https:\/\/leconservatoiredujeu.fr\/wp-content\/uploads\/2020\/08\/VARIABLE-500x245.png 500w, https:\/\/leconservatoiredujeu.fr\/wp-content\/uploads\/2020\/08\/VARIABLE.png 1357w\" sizes=\"(max-width: 1024px) 100vw, 1024px\" \/><\/figure><\/div>\n\n\n\n<p>La Xbox Series X, inclut la prise en charge du taux de rafra\u00eechissement variable, ce qui signifie que la console peut modifier le taux de rafra\u00eechissement \u00e0 la vol\u00e9e en fonction du type de t\u00e9l\u00e9viseur ou de moniteur connect\u00e9 (cela signifie que la prise en charge des moniteurs G-Sync et FreeSync peut \u00eatre possible). La Series X offrira la technologie d&rsquo;ombrage \u00e0 taux variable de Microsoft, qui am\u00e9liore les performances de rendu sans sacrifier la qualit\u00e9 d&rsquo;image.<\/p>\n\n\n\n<p>Avec des fonctionnalit\u00e9s telles que le mode de faible latence automatique et l&rsquo;entr\u00e9e de latence dynamique, la Series X devrait offrir des entr\u00e9es plus r\u00e9actives que les consoles <a href=\"http:\/\/leconservatoiredujeu.fr\/index.php\/xbox-one\/\">Xbox <\/a>pr\u00e9c\u00e9dentes (input lag moins \u00e9lev\u00e9), ce qui est essentiel pour les jeux comp\u00e9titifs.<\/p>\n\n\n\n<p>\u00c9tant donn\u00e9 que la console est dot\u00e9e d&rsquo;un SSD, les jeux se chargeront plus rapidement et les d\u00e9placements rapides dans le jeu devraient \u00eatre instantan\u00e9s.La console comprend \u00e9galement un r\u00e9sum\u00e9 rapide, qui permet de suspendre plusieurs sessions de jeu et de les reprendre au m\u00eame endroit. Ainsi, par exemple, il devrait \u00eatre possible d&rsquo;\u00eatre simultan\u00e9ment au milieu de session des jeux Halo, Gears of War et Forza, et de ne pas avoir \u00e0 fermer les jeux pour changer de session.<\/p>\n\n\n\n<figure class=\"wp-block-gallery columns-3 is-cropped wp-block-gallery-1 is-layout-flex wp-block-gallery-is-layout-flex\"><ul class=\"blocks-gallery-grid\"><li class=\"blocks-gallery-item\"><figure><img loading=\"lazy\" decoding=\"async\" width=\"791\" height=\"1000\" src=\"http:\/\/leconservatoiredujeu.fr\/wp-content\/uploads\/2020\/08\/FORZA.jpg\" alt=\"\" data-id=\"11271\" data-link=\"http:\/\/leconservatoiredujeu.fr\/index.php\/xbox-series-x\/forza\/\" class=\"wp-image-11271\" srcset=\"https:\/\/leconservatoiredujeu.fr\/wp-content\/uploads\/2020\/08\/FORZA.jpg 791w, https:\/\/leconservatoiredujeu.fr\/wp-content\/uploads\/2020\/08\/FORZA-237x300.jpg 237w, https:\/\/leconservatoiredujeu.fr\/wp-content\/uploads\/2020\/08\/FORZA-768x971.jpg 768w\" sizes=\"(max-width: 791px) 100vw, 791px\" \/><\/figure><\/li><li class=\"blocks-gallery-item\"><figure><img loading=\"lazy\" decoding=\"async\" width=\"800\" height=\"1008\" src=\"http:\/\/leconservatoiredujeu.fr\/wp-content\/uploads\/2020\/08\/WAR.jpg\" alt=\"\" data-id=\"11273\" data-link=\"http:\/\/leconservatoiredujeu.fr\/index.php\/xbox-series-x\/war\/\" class=\"wp-image-11273\" srcset=\"https:\/\/leconservatoiredujeu.fr\/wp-content\/uploads\/2020\/08\/WAR.jpg 800w, https:\/\/leconservatoiredujeu.fr\/wp-content\/uploads\/2020\/08\/WAR-238x300.jpg 238w, https:\/\/leconservatoiredujeu.fr\/wp-content\/uploads\/2020\/08\/WAR-768x968.jpg 768w\" sizes=\"(max-width: 800px) 100vw, 800px\" \/><\/figure><\/li><li class=\"blocks-gallery-item\"><figure><img loading=\"lazy\" decoding=\"async\" width=\"342\" height=\"441\" src=\"http:\/\/leconservatoiredujeu.fr\/wp-content\/uploads\/2020\/08\/HALO2.jpg\" alt=\"\" data-id=\"11274\" data-full-url=\"http:\/\/leconservatoiredujeu.fr\/wp-content\/uploads\/2020\/08\/HALO2.jpg\" data-link=\"http:\/\/leconservatoiredujeu.fr\/index.php\/xbox-series-x\/halo2\/\" class=\"wp-image-11274\" srcset=\"https:\/\/leconservatoiredujeu.fr\/wp-content\/uploads\/2020\/08\/HALO2.jpg 342w, https:\/\/leconservatoiredujeu.fr\/wp-content\/uploads\/2020\/08\/HALO2-233x300.jpg 233w\" sizes=\"(max-width: 342px) 100vw, 342px\" \/><\/figure><\/li><\/ul><\/figure>\n\n\n\n<p>La nouvelle Xbox Velocity Architecture permet aux jeux <a href=\"http:\/\/leconservatoiredujeu.fr\/index.php\/xbox-one\/\">Xbox<\/a>, <a href=\"http:\/\/leconservatoiredujeu.fr\/index.php\/xbox-360\/\">Xbox 360<\/a> et <a href=\"http:\/\/leconservatoiredujeu.fr\/index.php\/xbox-one\/\">Xbox One<\/a> r\u00e9trocompatibles de b\u00e9n\u00e9ficier d\u2019une fr\u00e9quence d\u2019images plus constante, de temps de chargement plus rapides, d\u2019une r\u00e9solution plus \u00e9lev\u00e9e et d\u2019une fid\u00e9lit\u00e9 visuelle am\u00e9lior\u00e9e y compris HDR automatis\u00e9 pour les jeux plus anciens sur la gamme des consoles Xbox et ce sans qu\u2019aucun d\u00e9veloppeur ne doive intervenir15.<\/p>\n\n\n\n<p>Enfin, <a href=\"http:\/\/leconservatoiredujeu.fr\/index.php\/microsoft\/\">Microsoft <\/a>parle d&rsquo;un mode de distribution intelligent des jeux (Smart Delivery). Ainsi, si la version <a href=\"http:\/\/leconservatoiredujeu.fr\/index.php\/xbox-one\/\">Xbox One<\/a> d&rsquo;un jeu est lanc\u00e9e sur une Xbox One, une Xbox One X ou la Xbox Series X, le jeu devrait avoir le meilleur rendu possible. Les jeux compatibles Smart Delivery s&rsquo;adaptent \u00e0 la puissance de la plate-forme et en tirent le meilleur possible. Tous les jeux qui sortiront des Xbox Game Studios seront compatibles avec cette fonctionnalit\u00e9, les d\u00e9veloppeurs tiers ou partenaires y auront acc\u00e8s et seront fortement incit\u00e9s \u00e0 le proposer sur leurs titres. Les trois premiers jeux annonc\u00e9s sont Cyberpunk 2077, Halo Infinite et Gears 5 ; les joueurs Xbox One pourront profiter gratuitement d&rsquo;une version am\u00e9lior\u00e9e de ces jeux sur Xbox Series X quand elle sera disponible.<\/p>\n\n\n\n<div class=\"wp-block-image is-style-default\"><figure class=\"aligncenter size-large\"><img loading=\"lazy\" decoding=\"async\" width=\"963\" height=\"521\" src=\"http:\/\/leconservatoiredujeu.fr\/wp-content\/uploads\/2020\/08\/SMART.jpg\" alt=\"\" class=\"wp-image-11270\" srcset=\"https:\/\/leconservatoiredujeu.fr\/wp-content\/uploads\/2020\/08\/SMART.jpg 963w, https:\/\/leconservatoiredujeu.fr\/wp-content\/uploads\/2020\/08\/SMART-300x162.jpg 300w, https:\/\/leconservatoiredujeu.fr\/wp-content\/uploads\/2020\/08\/SMART-768x416.jpg 768w, https:\/\/leconservatoiredujeu.fr\/wp-content\/uploads\/2020\/08\/SMART-500x271.jpg 500w\" sizes=\"(max-width: 963px) 100vw, 963px\" \/><\/figure><\/div>\n\n\n\n<p class=\"has-white-color has-text-color\">Ligne<\/p>\n\n\n\n<h2 class=\"wp-block-heading\"><span style=\"text-decoration: underline;\">Jeux<\/span> :<\/h2>\n\n\n\n<p>Quelques jeux ont \u00e9t\u00e9 officiellement annonc\u00e9s au cours du premier trimestre 2020 :<\/p>\n\n\n\n<ul><li>Senua&rsquo;s Saga: Hellblade II<\/li><li>Halo Infinite<\/li><li>Everwild<\/li><li>Outriders<\/li><li>Watch Dogs: Legion<\/li><li>Gods &amp; Monsters<\/li><li>Tom Clancy&rsquo;s Rainbow Six: Quarantine<\/li><li>The Lord of the Rings: Gollum<\/li><li>Starfield<\/li><li>Dying Light 2<\/li><li>Grand Theft Auto V<\/li><\/ul>\n\n\n\n<div class=\"wp-block-image is-style-default\"><figure class=\"aligncenter size-large\"><img loading=\"lazy\" decoding=\"async\" width=\"425\" height=\"538\" src=\"http:\/\/leconservatoiredujeu.fr\/wp-content\/uploads\/2020\/08\/DOGS-1.jpg\" alt=\"\" class=\"wp-image-11268\" srcset=\"https:\/\/leconservatoiredujeu.fr\/wp-content\/uploads\/2020\/08\/DOGS-1.jpg 425w, https:\/\/leconservatoiredujeu.fr\/wp-content\/uploads\/2020\/08\/DOGS-1-237x300.jpg 237w\" sizes=\"(max-width: 425px) 100vw, 425px\" \/><\/figure><\/div>\n\n\n\n<p class=\"has-white-color has-text-color\">Ligne<\/p>\n\n\n\n<p>Le 7 mai 2020, <a href=\"http:\/\/leconservatoiredujeu.fr\/index.php\/xbox\/\">Xbox <\/a>pr\u00e9sente officiellement les premiers jeux d&rsquo;\u00e9diteurs tiers lors d&rsquo;un Inside Xbox d\u00e9di\u00e9 \u00e0 la Xbox Series X. Lors de cette \u00e9mission, le constructeur d\u00e9voile treize jeux pr\u00e9vus sur la console, dont certains en exclusivit\u00e9 :<\/p>\n\n\n\n<ul><li>Assassin&rsquo;s Creed Valhalla<\/li><li>Bright Memory : Infinite<\/li><li>Call of the Sea<\/li><li>Chorus<\/li><li>DiRT 5<\/li><li>Madden NFL 21<\/li><li>Scarlett Nexus<\/li><li>Scorn<\/li><li>Second Extinction<\/li><li>The Ascent<\/li><li>The Medium<\/li><li>Vampire: The Masquerade &#8211; Bloodlines 2<\/li><li>Yakuza: Like a Dragon<\/li><\/ul>\n\n\n\n<figure class=\"wp-block-gallery columns-2 is-cropped wp-block-gallery-2 is-layout-flex wp-block-gallery-is-layout-flex\"><ul class=\"blocks-gallery-grid\"><li class=\"blocks-gallery-item\"><figure><img loading=\"lazy\" decoding=\"async\" width=\"385\" height=\"498\" src=\"http:\/\/leconservatoiredujeu.fr\/wp-content\/uploads\/2020\/08\/DIRT.jpg\" alt=\"\" data-id=\"11266\" data-full-url=\"http:\/\/leconservatoiredujeu.fr\/wp-content\/uploads\/2020\/08\/DIRT.jpg\" data-link=\"http:\/\/leconservatoiredujeu.fr\/index.php\/xbox-series-x\/dirt\/\" class=\"wp-image-11266\" srcset=\"https:\/\/leconservatoiredujeu.fr\/wp-content\/uploads\/2020\/08\/DIRT.jpg 385w, https:\/\/leconservatoiredujeu.fr\/wp-content\/uploads\/2020\/08\/DIRT-232x300.jpg 232w\" sizes=\"(max-width: 385px) 100vw, 385px\" \/><\/figure><\/li><li class=\"blocks-gallery-item\"><figure><img loading=\"lazy\" decoding=\"async\" width=\"569\" height=\"721\" src=\"http:\/\/leconservatoiredujeu.fr\/wp-content\/uploads\/2020\/08\/VIKING.jpg\" alt=\"\" data-id=\"11267\" data-full-url=\"http:\/\/leconservatoiredujeu.fr\/wp-content\/uploads\/2020\/08\/VIKING.jpg\" data-link=\"http:\/\/leconservatoiredujeu.fr\/index.php\/xbox-series-x\/viking\/\" class=\"wp-image-11267\" srcset=\"https:\/\/leconservatoiredujeu.fr\/wp-content\/uploads\/2020\/08\/VIKING.jpg 569w, https:\/\/leconservatoiredujeu.fr\/wp-content\/uploads\/2020\/08\/VIKING-237x300.jpg 237w\" sizes=\"(max-width: 569px) 100vw, 569px\" \/><\/figure><\/li><\/ul><\/figure>\n\n\n\n<p class=\"has-white-color has-text-color\">Ligne<\/p>\n\n\n\n<p>Le 23 juillet 2020, <a href=\"http:\/\/leconservatoiredujeu.fr\/index.php\/microsoft\/\">Microsoft <\/a>pr\u00e9sente les premiers jeux AAA de sa console lors de son \u00e9v\u00e9nement Xbox Games Showcase. Tous les jeux de cette pr\u00e9sentations seront disponibles sur le service Xbox GamePass d\u00e8s leurs lancement.<\/p>\n\n\n\n<p>Halo Infinite<br>State of Decay 3<br>Forza Motorsport<br>Everwild<br>Tell me why<br>Ori and the Will of the Wisps (Xbox Series X avec 120fps)<br>Grounded<br>Avowed<br>Dusk Falls<br>Psychonauts 2<br>Destiny 2 (Xbox Series X)<br>Stalker 2<br>Warhammer Darktide<br>Tetris Effect Connected<br>The Gunk<br>The Medium<br>Phantasy Star Online 2: New Genesis<br>CrossfireX<br>Fable<\/p>\n\n\n\n<div class=\"wp-block-image is-style-default\"><figure class=\"aligncenter size-large\"><img loading=\"lazy\" decoding=\"async\" width=\"1024\" height=\"576\" src=\"http:\/\/leconservatoiredujeu.fr\/wp-content\/uploads\/2020\/08\/HALO-1024x576.jpg\" alt=\"\" class=\"wp-image-11265\" srcset=\"https:\/\/leconservatoiredujeu.fr\/wp-content\/uploads\/2020\/08\/HALO-1024x576.jpg 1024w, https:\/\/leconservatoiredujeu.fr\/wp-content\/uploads\/2020\/08\/HALO-300x169.jpg 300w, https:\/\/leconservatoiredujeu.fr\/wp-content\/uploads\/2020\/08\/HALO-768x432.jpg 768w, https:\/\/leconservatoiredujeu.fr\/wp-content\/uploads\/2020\/08\/HALO-1536x864.jpg 1536w, https:\/\/leconservatoiredujeu.fr\/wp-content\/uploads\/2020\/08\/HALO-2048x1152.jpg 2048w, https:\/\/leconservatoiredujeu.fr\/wp-content\/uploads\/2020\/08\/HALO-500x281.jpg 500w\" sizes=\"(max-width: 1024px) 100vw, 1024px\" \/><\/figure><\/div>\n\n\n\n<p class=\"has-white-color has-text-color\">Ligne<\/p>\n\n\n\n<p class=\"has-text-align-left\"><strong><span style=\"text-decoration: underline;\">Source <\/span>:<\/strong> Wikip\u00e9dia<\/p>\n\n\n\n<p class=\"has-text-align-right\">Le Conservatoire du Jeu &#8211; Mars 2022<\/p>\n","protected":false},"excerpt":{"rendered":"<p>La Xbox Series X, (elle fut annonc\u00e9e lors de l&rsquo;E3 2019 sous le nom de Project Scarlett) est la nouvelle console de jeux vid\u00e9o en d\u00e9veloppement annonc\u00e9e par Microsoft lors de l&rsquo;E3 2019, dont la sortie est pr\u00e9vue pour novembre &hellip; <a href=\"https:\/\/leconservatoiredujeu.fr\/index.php\/xbox-series-x\/\">Continuer la lecture <span class=\"meta-nav\">&rarr;<\/span><\/a><\/p>\n","protected":false},"author":3,"featured_media":11285,"parent":0,"menu_order":0,"comment_status":"closed","ping_status":"closed","template":"","meta":{"footnotes":""},"_links":{"self":[{"href":"https:\/\/leconservatoiredujeu.fr\/index.php\/wp-json\/wp\/v2\/pages\/11255"}],"collection":[{"href":"https:\/\/leconservatoiredujeu.fr\/index.php\/wp-json\/wp\/v2\/pages"}],"about":[{"href":"https:\/\/leconservatoiredujeu.fr\/index.php\/wp-json\/wp\/v2\/types\/page"}],"author":[{"embeddable":true,"href":"https:\/\/leconservatoiredujeu.fr\/index.php\/wp-json\/wp\/v2\/users\/3"}],"replies":[{"embeddable":true,"href":"https:\/\/leconservatoiredujeu.fr\/index.php\/wp-json\/wp\/v2\/comments?post=11255"}],"version-history":[{"count":10,"href":"https:\/\/leconservatoiredujeu.fr\/index.php\/wp-json\/wp\/v2\/pages\/11255\/revisions"}],"predecessor-version":[{"id":12788,"href":"https:\/\/leconservatoiredujeu.fr\/index.php\/wp-json\/wp\/v2\/pages\/11255\/revisions\/12788"}],"wp:featuredmedia":[{"embeddable":true,"href":"https:\/\/leconservatoiredujeu.fr\/index.php\/wp-json\/wp\/v2\/media\/11285"}],"wp:attachment":[{"href":"https:\/\/leconservatoiredujeu.fr\/index.php\/wp-json\/wp\/v2\/media?parent=11255"}],"curies":[{"name":"wp","href":"https:\/\/api.w.org\/{rel}","templated":true}]}}